{"id":11135,"date":"2023-01-10T04:38:32","date_gmt":"2023-01-10T07:38:32","guid":{"rendered":"https:\/\/cursos.talentup.cl\/?post_type=product&#038;p=11135"},"modified":"2024-02-07T23:36:22","modified_gmt":"2024-02-08T02:36:22","slug":"super-tierra-para-cultivos-como-negocio","status":"publish","type":"product","link":"https:\/\/cursos.talentup.cl\/?product=super-tierra-para-cultivos-como-negocio","title":{"rendered":"SUPER TIERRA PARA CULTIVOS COMO NEGOCIO"},"content":{"rendered":"<p>\u00bfQuieres aprender a hacer S\u00daPER TIERRA para maximizar el cultivo de cualquier planta ORG\u00c1NICAMENTE?<\/p>\n<p>Con el MasterClass SUPER TIERRA PARA CULTIVOS COMO NEGOCIO, formular\u00e1s y producir\u00e1s super tierra para cultivar todo tipo de plantas. <\/p>\n<p>\u00bfQU\u00c9 VAS A LOGRAR?<\/p>\n<p>Aprender\u00e1s a entender la tierra como un organismo viviente, como la tierra interact\u00faa con las plantas y que hace \u201csuper\u201d a la super tierra.<\/p>\n<p>Revisaremos juntos y de una manera sencilla la composici\u00f3n de la super tierra desde su base, macroelementos, microelementos y elementos funcionales.<\/p>\n<p>Te brindaremos consejos b\u00e1sicos antes de iniciar tu negocio de jardiner\u00eda y venta de super tierra.<\/p>\n<p>Materializamos todo lo aprendido para rentabilizarlo, revisaremos c\u00f3mo iniciar y c\u00f3mo desarrollar un producto final.<\/p>\n<p>Revisaremos juntos todo el material descargable y como utilizar los programas y calculadoras de Excel que te brindamos como apoyo para que puedas formular, desarrollar y ponerles precio a tus productos.<\/p>\n<p>Acceder\u00e1s al certificado avalado por Hotmart y Seminarios Online.<\/p>\n<p>\u00bfC\u00d3MO LO VAS A LOGRAR?<\/p>\n<p>A trav\u00e9s del siguiente contenido, estructurado paso a paso:<\/p>\n<p>M\u00d3DULO NO.1 ELABORACI\u00d3N DE SUPER TIERRA PARA CULTIVOS COMO MODELO DE NEGOCIO<\/p>\n<p>Introducci\u00f3n. \u2013 Conoce a tu profesor, revisi\u00f3n del curso y justificaci\u00f3n de inversi\u00f3n.<br \/>\nNo.1 te\u00f3rico \u2013 Comprendiendo a la tierra como un elemento vivo.<br \/>\nNo.2 te\u00f3rico \u2013 Composici\u00f3n de la super tierra.<br \/>\nNo.3 te\u00f3rico &#8211; Consejos antes de empezar.<br \/>\nNo.4 te\u00f3rico \u2013 Rentabiliza lo aprendido y emprende un negocio.<\/p>\n<p>M\u00d3DULO NO.2 PARTE PR\u00c1CTICA DE LA ELABORACI\u00d3N DE SUPER TIERRA PARA CULTIVOS COMO MODELO DE NEGOCIO<\/p>\n<p>Formulaci\u00f3n de tierra.<br \/>\nIntegraci\u00f3n de ingredientes.<br \/>\nMezclado y aireado.<br \/>\nTierra lista.<br \/>\nC\u00e1lculo de costos y precios.<\/p>\n<p>M\u00d3DULO NO.3 MATERIAL ADICIONAL Y COMPLEMENTARIO (BONOS)<\/p>\n<p>Video comparativo super tierra vs tierra convencional.<br \/>\nPrograma de Excel \u201cFormulador de tierra, c\u00e1lculo de costos y determinaci\u00f3n de precios.<br \/>\nPDF \u201cOMRI recursos para solicitantes\u201d.<br \/>\nExcel \u201cLista de materiales NPK\u201d.<\/p>\n<p>M\u00d3DULO NO.4 VIDEO RESPUESTAS A PREGUNTAS FRECUENTES<\/p>\n<p>\u00bfSe puede usar piedra volc\u00e1nica en vez de perlita?<br \/>\n\u00bfPuedo certificarme como org\u00e1nico?<br \/>\n\u00bfSe puede utilizar en plantas cannabis autoflorales?<\/p>\n<p>ACERCA DEL PRODUCTOR<\/p>\n<p>Desarrollado por CARLOS A. GARC\u00cdA, M\u00e9dico Veterinario con Maestr\u00eda en Ciencias en la Universidad de James Cook Australia. Apasionado profesional con m\u00e1s de 10 a\u00f1os de experiencia en producci\u00f3n agr\u00edcola y pecuaria.<\/p>\n<p>Ha trabajado para instituciones enfocadas en agronegocios y producci\u00f3n animal, actualmente se desempe\u00f1a como asesor t\u00e9cnico de proyectos del sector agr\u00edcola y pecuario. Adem\u00e1s, cuenta con 3 proyectos de emprendimiento, desarrollando productos para uso veterinario, agr\u00edcola y nutricional (humano y animal).<\/p>\n<p>Cre\u00f3 este curso pensando en aquellas personas que viven dificultades econ\u00f3micas derivadas por la pandemia de COVID \u2013 19, buscando ayudar a la gente a emprender negocios agr\u00edcolas sencillos de ejecutar, pero con gran potencial de crecimiento y rentables. Aprovechando la fuerte corriente econ\u00f3mica de cultivo en casa, el cultivo de productos naturales y org\u00e1nicos producidos localmente.<\/p>\n","protected":false},"excerpt":{"rendered":"<p>\u00bfQuieres aprender a hacer S\u00daPER TIERRA para maximizar el cultivo de cualquier planta ORG\u00c1NICAMENTE?<\/p>\n<p>Con el MasterClass SUPER TIERRA PARA CULTIVOS COMO NEGOCIO, formular\u00e1s y producir\u00e1s super tierra para cultivar todo tipo de plantas. <\/p>\n","protected":false},"featured_media":3115,"template":"","meta":{"_joinchat":[]},"product_brand":[],"product_cat":[315,344],"product_tag":[],"class_list":{"0":"post-11135","1":"product","2":"type-product","3":"status-publish","4":"has-post-thumbnail","6":"product_cat-animales-y-plantas","7":"product_cat-todos","9":"first","10":"instock","11":"sale","12":"shipping-taxable","13":"product-type-external"},"_links":{"self":[{"href":"https:\/\/cursos.talentup.cl\/index.php?rest_route=\/wp\/v2\/product\/11135","targetHints":{"allow":["GET"]}}],"collection":[{"href":"https:\/\/cursos.talentup.cl\/index.php?rest_route=\/wp\/v2\/product"}],"about":[{"href":"https:\/\/cursos.talentup.cl\/index.php?rest_route=\/wp\/v2\/types\/product"}],"version-history":[{"count":4,"href":"https:\/\/cursos.talentup.cl\/index.php?rest_route=\/wp\/v2\/product\/11135\/revisions"}],"predecessor-version":[{"id":15907,"href":"https:\/\/cursos.talentup.cl\/index.php?rest_route=\/wp\/v2\/product\/11135\/revisions\/15907"}],"wp:featuredmedia":[{"embeddable":true,"href":"https:\/\/cursos.talentup.cl\/index.php?rest_route=\/wp\/v2\/media\/3115"}],"wp:attachment":[{"href":"https:\/\/cursos.talentup.cl\/index.php?rest_route=%2Fwp%2Fv2%2Fmedia&parent=11135"}],"wp:term":[{"taxonomy":"product_brand","embeddable":true,"href":"https:\/\/cursos.talentup.cl\/index.php?rest_route=%2Fwp%2Fv2%2Fproduct_brand&post=11135"},{"taxonomy":"product_cat","embeddable":true,"href":"https:\/\/cursos.talentup.cl\/index.php?rest_route=%2Fwp%2Fv2%2Fproduct_cat&post=11135"},{"taxonomy":"product_tag","embeddable":true,"href":"https:\/\/cursos.talentup.cl\/index.php?rest_route=%2Fwp%2Fv2%2Fproduct_tag&post=11135"}],"curies":[{"name":"wp","href":"https:\/\/api.w.org\/{rel}","templated":true}]}}