{"id":11140,"date":"2023-01-10T04:38:32","date_gmt":"2023-01-10T07:38:32","guid":{"rendered":"https:\/\/cursos.talentup.cl\/?post_type=product&#038;p=11140"},"modified":"2024-02-07T23:36:23","modified_gmt":"2024-02-08T02:36:23","slug":"comunicacion-telepatica-con-animales","status":"publish","type":"product","link":"https:\/\/cursos.talentup.cl\/?product=comunicacion-telepatica-con-animales","title":{"rendered":"COMUNICACI\u00d3N TELEP\u00c1TICA CON ANIMALES"},"content":{"rendered":"<p>\u00bfSab\u00edas que puedes comunicarte con los animales sin usar las palabras?<\/p>\n<p>Con el masterclass COMUNICACI\u00d3N TELEPATICA CON ANIMALES aprender\u00e1s a conectarte con tu yo interior para poder comunicarte con seres vivientes sin necesidad de usar palabras.<\/p>\n<p>\u00bfQU\u00c9 VAS A LOGRAR?<\/p>\n<p>Entender\u00e1s el poder de la intuici\u00f3n y la Telepat\u00eda.<\/p>\n<p>Conocer\u00e1s la Importancia y Beneficios de la Comunicaci\u00f3n telep\u00e1tica con animales.<\/p>\n<p>Desarrollar\u00e1s la habilidad para comunicarte y entender a cualquier animal.<\/p>\n<p>Podr\u00e1s entender con mayor facilidad las emociones y deseos de tu animal de compa\u00f1\u00eda.<\/p>\n<p>Aprender\u00e1s como canalizar e identificar comportamientos de tu animal de compa\u00f1\u00eda.<\/p>\n<p>Entender\u00e1s con facilidad lo que es la Comunicaci\u00f3n telep\u00e1tica con animales.<\/p>\n<p>Conocer\u00e1s las herramientas con las que ya cuentas como ser vivo; como la telepat\u00eda, la intuici\u00f3n, los sentidos extrasensoriales o sutiles, todas inherentes al ser humano.<\/p>\n<p>Aprender\u00e1s beneficios que trae la comunicaci\u00f3n telep\u00e1tica con animales a tu vida y a los animales, as\u00ed como informaci\u00f3n muy importante para emprender este maravilloso y venturoso camino.<\/p>\n<p>Podr\u00e1s gestionar dudas y\/o bloqueos que pudieran presentarse.<\/p>\n<p>Empezar\u00e1s a experimentar la comunicaci\u00f3n telep\u00e1tica con ejercicios de meditaci\u00f3n.<\/p>\n<p>Lograras perfeccionar y agudizar tus capacidades para que cada paso que des te llene de alegr\u00eda y gratitud y te motive a continuar.<\/p>\n<p>Cambiar\u00e1 tu vida y la forma de ver a los animales y al mundo.<\/p>\n<p>Expandir\u00e1 tu consciencia hasta donde la quieras llevar.<\/p>\n<p>Acceder\u00e1s al certificado avalado por Hotmart y Seminarios Online.<\/p>\n<p>\u00bfC\u00d3MO LO VAS A LOGRAR?<\/p>\n<p>Todo lo anterior, a trav\u00e9s del siguiente contenido estructurado paso a paso:<\/p>\n<p>VIDEO 1: Bienvenida.<\/p>\n<p>VIDEO 2: Presentaci\u00f3n.<\/p>\n<p>VIDEO 3: Historia y tendencias de la Comunicaci\u00f3n Telep\u00e1tica con Animales.<\/p>\n<p>VIDEO 4: Que es la Telepat\u00eda y la Intuici\u00f3n y porque son tan importantes a la hora de comunicar con animales.<\/p>\n<p>VIDEO 5: Consejos y Tips desde mi experiencia.<\/p>\n<p>VIDEO 6: Otras Herramientas.<\/p>\n<p>VIDEO 7: Que es y qu\u00e9 No es la Comunicaci\u00f3n Telep\u00e1tica con animales.<\/p>\n<p>VIDEO 8: Beneficios.<\/p>\n<p>VIDEO 9: Dudas y\/o Bloqueos al empezar y como gestionarlos.<\/p>\n<p>VIDEO 10: Informaci\u00f3n Importante de la comunicaci\u00f3n telep\u00e1tica y los Animales.<\/p>\n<p>VIDEO 11: Pr\u00e1ctica: Meditaci\u00f3n \u201cCreer para ver: Conecta con tu coraz\u00f3n\u201d<\/p>\n<p>VIDEO 12: Practica: Meditaci\u00f3n Comunicaci\u00f3n Telep\u00e1tica con un animal, paso a paso y Gu\u00eda para hacer preguntas asertivas.<\/p>\n<p>VIDEO 13: Despedida y Cierre.<\/p>\n<p>Bono 1: Meditaci\u00f3n para conectar con tu animal.<\/p>\n<p>ACERCA DEL PRODUCTOR<\/p>\n<p>Desarrollado por Jimena Garc\u00eda Terapeuta certificada en Comunicaci\u00f3n Telep\u00e1tica con animales y Sanaci\u00f3n Theta Healing, con conocimientos y pr\u00e1cticas en sanaci\u00f3n Cu\u00e1ntica, chamanismo, acompa\u00f1amiento en procesos de enfermedades cr\u00f3nicas, duelo, y trascendencia, reiki, test bioenerg\u00e9tico, geometr\u00eda sagrada, digitopuntura entre otras.<\/p>\n<p>Colombiana, amante y respetuosa de todas las formas de vida que habitan en nuestro planeta.<br \/>\nRescatista de animales en condici\u00f3n de calle, v\u00edctimas de violencia, abandono y maltrato.<\/p>\n<p>Sensible e intuitiva, con el genuino deseo de servir y compartir desde su aprendizaje, conocimientos y experiencias en este maravilloso mundo de posibilidades y servicio a la vida. Lo que ha puesto en pr\u00e1ctica con sus animales de compa\u00f1\u00eda quienes ha rescatado ella misma.<\/p>\n","protected":false},"excerpt":{"rendered":"<p>\u00bfSab\u00edas que puedes comunicarte con los animales sin usar las palabras?<\/p>\n<p>Con el masterclass COMUNICACI\u00d3N TELEPATICA CON ANIMALES aprender\u00e1s a conectarte con tu yo interior para poder comunicarte con seres vivientes sin necesidad de usar palabras.<\/p>\n","protected":false},"featured_media":3120,"template":"","meta":{"_joinchat":[]},"product_brand":[],"product_cat":[315,344],"product_tag":[],"class_list":{"0":"post-11140","1":"product","2":"type-product","3":"status-publish","4":"has-post-thumbnail","6":"product_cat-animales-y-plantas","7":"product_cat-todos","9":"first","10":"instock","11":"sale","12":"shipping-taxable","13":"product-type-external"},"_links":{"self":[{"href":"https:\/\/cursos.talentup.cl\/index.php?rest_route=\/wp\/v2\/product\/11140","targetHints":{"allow":["GET"]}}],"collection":[{"href":"https:\/\/cursos.talentup.cl\/index.php?rest_route=\/wp\/v2\/product"}],"about":[{"href":"https:\/\/cursos.talentup.cl\/index.php?rest_route=\/wp\/v2\/types\/product"}],"version-history":[{"count":4,"href":"https:\/\/cursos.talentup.cl\/index.php?rest_route=\/wp\/v2\/product\/11140\/revisions"}],"predecessor-version":[{"id":15912,"href":"https:\/\/cursos.talentup.cl\/index.php?rest_route=\/wp\/v2\/product\/11140\/revisions\/15912"}],"wp:featuredmedia":[{"embeddable":true,"href":"https:\/\/cursos.talentup.cl\/index.php?rest_route=\/wp\/v2\/media\/3120"}],"wp:attachment":[{"href":"https:\/\/cursos.talentup.cl\/index.php?rest_route=%2Fwp%2Fv2%2Fmedia&parent=11140"}],"wp:term":[{"taxonomy":"product_brand","embeddable":true,"href":"https:\/\/cursos.talentup.cl\/index.php?rest_route=%2Fwp%2Fv2%2Fproduct_brand&post=11140"},{"taxonomy":"product_cat","embeddable":true,"href":"https:\/\/cursos.talentup.cl\/index.php?rest_route=%2Fwp%2Fv2%2Fproduct_cat&post=11140"},{"taxonomy":"product_tag","embeddable":true,"href":"https:\/\/cursos.talentup.cl\/index.php?rest_route=%2Fwp%2Fv2%2Fproduct_tag&post=11140"}],"curies":[{"name":"wp","href":"https:\/\/api.w.org\/{rel}","templated":true}]}}