{"id":11143,"date":"2023-01-10T04:38:32","date_gmt":"2023-01-10T07:38:32","guid":{"rendered":"https:\/\/cursos.talentup.cl\/?post_type=product&#038;p=11143"},"modified":"2024-02-07T23:36:24","modified_gmt":"2024-02-08T02:36:24","slug":"terapia-holistica-para-animales","status":"publish","type":"product","link":"https:\/\/cursos.talentup.cl\/?product=terapia-holistica-para-animales","title":{"rendered":"TERAPIA HOL\u00cdSTICA PARA ANIMALES"},"content":{"rendered":"<p>\u00bfSabias que las flores poseen elementos que pueden ayudar a tratar las emociones de tu mascota?<\/p>\n<p>Con el masterclass TERAPIA HOLISTICA PARA ANIMALES podras aprender a usar las flores de Back para ayudarle a tu mascota a superar los problemas emocionales.<\/p>\n<p>\u00bfQU\u00c9 VAS A LOGRAR?<\/p>\n<p>Aprender\u00e1s a saber cual es la flor de bach que debes administrar en cada momento a tu animal para ayudarle a superar los problemas emocionales.<\/p>\n<p>Aprender\u00e1s para que se indica cada una de las 38 flores de bach.<\/p>\n<p>Crear\u00e1s flores de Bach de manera sencilla.<\/p>\n<p>Crear\u00e1s mezclas personalizadas de flores de Bach.<\/p>\n<p>Aprender\u00e1s todas las claves esenciales para mantener tu estado \u00f3ptimo de salud mental, f\u00edsica y emocional de tu animal.<\/p>\n<p>Conocer\u00e1s un sistema que te ayudar\u00e1 a lograr recuperar el desequilibrio emocional que tu animal tenga.<\/p>\n<p>Podr\u00e1s ayudar a los animales administrando las esencias florales que les hagan recuperar el equilibrio emocional que han perdido.<\/p>\n<p>Acceder\u00e1s al certificado avalado por Hotmart y Seminarios Online.<\/p>\n<p>\u00bfC\u00d3MO LO VAS A LOGRAR?<\/p>\n<p>A trav\u00e9s del siguiente contenido, estructurado paso a paso:<\/p>\n<p>M\u00f3dulo 1: Introducci\u00f3n a la Terapia Hol\u00edstica Para Animales.<\/p>\n<p>Lecci\u00f3n 0. Introducci\u00f3n y Bienvenida al curso.<br \/>\nLecci\u00f3n 1. Metodolog\u00eda y Desarrollo del programa.<br \/>\nLecci\u00f3n 2. Tu instructor.<\/p>\n<p>M\u00f3dulo 2. Fundamentos B\u00e1sicos.<\/p>\n<p>Lecci\u00f3n 3 \u00bfQu\u00e9 son las flores de Bach?<br \/>\nLecci\u00f3n 4 \u00bfQui\u00e9n fue el Dr. Bach?<br \/>\nLecci\u00f3n 5 C\u00f3mo ayudan las flores de Bach a los animales.<br \/>\nLecci\u00f3n 6 Qu\u00e9 animales se benefician de las flores de bach.<br \/>\nLecci\u00f3n 7 Los Animales y sus emociones.<br \/>\nLecci\u00f3n 8 La Conciencia de los Animales.<br \/>\nLecci\u00f3n 9 Diferentes Especies.<br \/>\nLecci\u00f3n 10 Tratamiento de flores de Bach para animales.<br \/>\nLecci\u00f3n 11 \u00bfEn qu\u00e9 casos pueden ayudar las flores de Bach a los perros?<br \/>\nLecci\u00f3n 12 \u00bfEn qu\u00e9 casos pueden ayudar las flores de Bach a los gatos?<br \/>\nLecci\u00f3n 13 \u00bfEn qu\u00e9 casos pueden ayudar las flores de Bach a los caballos?<br \/>\nLecci\u00f3n 14 \u00bfEn qu\u00e9 casos pueden ayudar las flores de Bach a los conejos?<br \/>\nLecci\u00f3n 15 Conociendo las 38 flores de Bach.<\/p>\n<p>M\u00f3dulo 3. Los Grupos de Flores.<\/p>\n<p>Lecci\u00f3n 16 Grupo 1 de Flores de Bach.<br \/>\nLecci\u00f3n 17 Grupo 2 de Flores de Bach.<br \/>\nLecci\u00f3n 18 Grupo 3 de Flores de Bach.<br \/>\nLecci\u00f3n 19 Grupo 4 de Flores de Bach.<br \/>\nLecci\u00f3n 20 Grupo 5 de Flores de Bach.<br \/>\nLecci\u00f3n 21 Grupo 6 de Flores de Bach.<br \/>\nLecci\u00f3n 22 Grupo 7 de Flores de Bach.<\/p>\n<p>M\u00f3dulo 4. Las Flores y Sus Beneficios en Detalle.<\/p>\n<p>Lecci\u00f3n 23 \u00c1lamo Tembl\u00f3n.<br \/>\nLecci\u00f3n 24 Cerasifera.<br \/>\nLecci\u00f3n 25 Heliantemo.<br \/>\nLecci\u00f3n 26 Mimulus.<br \/>\nLecci\u00f3n 27 Casta\u00f1o Rojo.<br \/>\nLecci\u00f3n 28 cerato.<br \/>\nLecci\u00f3n 29 Genciana.<br \/>\nLecci\u00f3n 30 Aluaga.<br \/>\nLecci\u00f3n 31 Hozarazo.<br \/>\nLecci\u00f3n 32 Scleranthus.<br \/>\nLecci\u00f3n 33 Clem\u00e1tide &#8211; Clematis.<br \/>\nLecci\u00f3n 34 Madreselva.<br \/>\nLecci\u00f3n 35 Olivo.<br \/>\nLecci\u00f3n 36 Casta\u00f1o de Indias.<br \/>\nLecci\u00f3n 37 Rosa Silvestre.<br \/>\nLecci\u00f3n 38 Brezo escoces.<br \/>\nLecci\u00f3n 39 Impatiens.<br \/>\nLecci\u00f3n 40 Violeta de Agua.<br \/>\nLecci\u00f3n 41 Centaura.<br \/>\nLecci\u00f3n 42 Acebo.<br \/>\nLecci\u00f3n 43 Nogal.<br \/>\nLecci\u00f3n 44 Manzano Silvestre.<br \/>\nLecci\u00f3n 45 Olmo.<br \/>\nLecci\u00f3n 46 Alerce.<br \/>\nLecci\u00f3n 47 Roble.<br \/>\nLecci\u00f3n 48 Pino.<br \/>\nLecci\u00f3n 49 Estrella de Bel\u00e9n.<br \/>\nLecci\u00f3n 50 Sauce.<br \/>\nLecci\u00f3n 51 Haya.<br \/>\nLecci\u00f3n 52 Achicoria.<br \/>\nLecci\u00f3n 53 Rosa de Agua.<br \/>\nLecci\u00f3n 54 Verbena.<br \/>\nLecci\u00f3n 55 Vid.<br \/>\nLecci\u00f3n 56 Remedio Rescate.<\/p>\n<p>M\u00f3dulo 5. Elaboraci\u00f3n y Preparaci\u00f3n de las Flores de Bach.<\/p>\n<p>Lecci\u00f3n 57 C\u00f3mo se Elaboran las Flores de Bach.<br \/>\nLecci\u00f3n 58 C\u00f3mo se Preparan las Flores de Bach.<\/p>\n<p>M\u00f3dulo 6. Bonos.<\/p>\n<p>Lecci\u00f3n 60 Bono 1 Grupo Telegram.<br \/>\nLecci\u00f3n 61 Bono 2 Certificado Experto.<\/p>\n<p>ACERCA DEL PRODUCTOR<\/p>\n<p>Desarrollado por ANGEL SAINZ es un Natur\u00f3pata experto en osteopat\u00eda, homeopatia, iridologia, fitohigiene, oligohigiene, naturopat\u00eda nutricional, aromahigiene, t\u00e9cnicas haptol\u00f3gicas, nutrici\u00f3n y suplementaci\u00f3n deportiva.<\/p>\n<p>Ha sido presidente de la asociaci\u00f3n de naturopatas de Cantabria y de la Federaci\u00f3n C\u00e1ntabra de Naturopat\u00eda FENACO Cantabria. Fue nombrado presidente adjunto de la Federaci\u00f3n Nacional en 2003.<\/p>\n<p>FENACO le reconoci\u00f3 con la categor\u00eda profesional de Natur\u00f3logo en 2003 y con una Medalla al M\u00e9rito Naturopatico en 2002.<br \/>\nDirector del Centro superior de estudios naturopaticos y del Instituto Iberoamericano de Naturopatia.<\/p>\n<p>Director del programa radiof\u00f3nico \u201cLa Salud Natural\u201d en la cadena SER durante 7 temporadas.<\/p>\n<p>Profesor del ciclo de plantas medicinales y agricultura ecol\u00f3gica desarrollado en Cantabria en el 2005 y profesor del programa Mujer plus.<\/p>\n<p>Asesor y desarrollador de productos naturales de salud para peque\u00f1os animales.<\/p>\n<p>Privacidad<br \/>\nTu informaci\u00f3n est\u00e1 100% segura<br \/>\nCompra segura<br \/>\nAmbiente seguro y autenticado<br \/>\nEntrega por email<br \/>\nAcceso al producto entregado por email<br \/>\nContenido aprobado<br \/>\n100% revisado y aprobado<\/p>\n","protected":false},"excerpt":{"rendered":"<p>\u00bfSabias que las flores poseen elementos que pueden ayudar a tratar las emociones de tu mascota?<\/p>\n<p>Con el masterclass TERAPIA HOLISTICA PARA ANIMALES podras aprender a usar las flores de Back para ayudarle a tu mascota a superar los problemas emocionales.<\/p>\n","protected":false},"featured_media":3123,"template":"","meta":{"_joinchat":[]},"product_brand":[],"product_cat":[315,344],"product_tag":[],"class_list":{"0":"post-11143","1":"product","2":"type-product","3":"status-publish","4":"has-post-thumbnail","6":"product_cat-animales-y-plantas","7":"product_cat-todos","9":"first","10":"instock","11":"sale","12":"shipping-taxable","13":"product-type-external"},"_links":{"self":[{"href":"https:\/\/cursos.talentup.cl\/index.php?rest_route=\/wp\/v2\/product\/11143","targetHints":{"allow":["GET"]}}],"collection":[{"href":"https:\/\/cursos.talentup.cl\/index.php?rest_route=\/wp\/v2\/product"}],"about":[{"href":"https:\/\/cursos.talentup.cl\/index.php?rest_route=\/wp\/v2\/types\/product"}],"version-history":[{"count":4,"href":"https:\/\/cursos.talentup.cl\/index.php?rest_route=\/wp\/v2\/product\/11143\/revisions"}],"predecessor-version":[{"id":15915,"href":"https:\/\/cursos.talentup.cl\/index.php?rest_route=\/wp\/v2\/product\/11143\/revisions\/15915"}],"wp:featuredmedia":[{"embeddable":true,"href":"https:\/\/cursos.talentup.cl\/index.php?rest_route=\/wp\/v2\/media\/3123"}],"wp:attachment":[{"href":"https:\/\/cursos.talentup.cl\/index.php?rest_route=%2Fwp%2Fv2%2Fmedia&parent=11143"}],"wp:term":[{"taxonomy":"product_brand","embeddable":true,"href":"https:\/\/cursos.talentup.cl\/index.php?rest_route=%2Fwp%2Fv2%2Fproduct_brand&post=11143"},{"taxonomy":"product_cat","embeddable":true,"href":"https:\/\/cursos.talentup.cl\/index.php?rest_route=%2Fwp%2Fv2%2Fproduct_cat&post=11143"},{"taxonomy":"product_tag","embeddable":true,"href":"https:\/\/cursos.talentup.cl\/index.php?rest_route=%2Fwp%2Fv2%2Fproduct_tag&post=11143"}],"curies":[{"name":"wp","href":"https:\/\/api.w.org\/{rel}","templated":true}]}}