{"id":11192,"date":"2023-01-10T04:38:37","date_gmt":"2023-01-10T07:38:37","guid":{"rendered":"https:\/\/cursos.talentup.cl\/?post_type=product&#038;p=11192"},"modified":"2024-02-07T23:36:28","modified_gmt":"2024-02-08T02:36:28","slug":"analisis-del-suelo-cultivo-de-cafe","status":"publish","type":"product","link":"https:\/\/cursos.talentup.cl\/?product=analisis-del-suelo-cultivo-de-cafe","title":{"rendered":"AN\u00c1LISIS DEL SUELO CULTIVO DE CAF\u00c9"},"content":{"rendered":"<p>\u00bfTe gustar\u00eda lograr la m\u00e1s alta producci\u00f3n con el m\u00ednimo costo posible en tu cultivo de caf\u00e9?<\/p>\n<p>Tienes que ver el programa AN\u00c1LISIS DE SUELO para CULTIVADORES DE CAF\u00c9, un MasterClass donde aprender\u00e1s un m\u00e9todo pr\u00e1ctico para que entiendas el funcionamiento de cada uno de los nutrientes de las plantas.<\/p>\n<p>Descubre cual es el fertilizante adecuado, qu\u00e9 acciones tomar en tu producci\u00f3n si es org\u00e1nica o convencional hasta c\u00f3mo hacer los c\u00e1lculos para que sea m\u00e1s eficiente.<\/p>\n<p>\u00bfQU\u00c9 VAS A LOGRAR?<\/p>\n<p>Entender\u00e1s el funcionamiento de cada uno de los nutrientes en las plantas.<\/p>\n<p>Descubrir\u00e1s que no siempre el fertilizante m\u00e1s caro es el m\u00e1s efectivo.<\/p>\n<p>Ver\u00e1s que la planta de caf\u00e9 var\u00eda sus necesidades nutricionales de acuerdo a la etapa de desarrollo.<\/p>\n<p>Sabr\u00e1s que acciones tomar de acuerdo a tu tipo de producci\u00f3n (Org\u00e1nica o Convencional).<\/p>\n<p>Podr\u00e1s adquirir y ejecutar todos los conocimientos del curso con conocimientos b\u00e1sicos en matem\u00e1ticas.<\/p>\n<p>Acceder\u00e1s al certificado avalado por Hotmart y Seminarios Online.<\/p>\n<p>\u00bfC\u00d3MO LO VAS A LOGRAR?<\/p>\n<p>Estas 14 lecciones ser\u00e1n desarrolladas de la siguiente manera:<\/p>\n<p>Lecci\u00f3n # 1: Elementos que necesita la planta de caf\u00e9 para su normal desarrollo.<br \/>\nLecci\u00f3n #2: Funci\u00f3n de los nutrientes en las plantas de caf\u00e9.<br \/>\nLecci\u00f3n #3: Qu\u00e9 son los fertilizantes<br \/>\nLecci\u00f3n #4: Contenido de nutrientes en los fertilizantes.<br \/>\nLecci\u00f3n #5: Clasificaci\u00f3n de los fertilizantes<br \/>\nLecci\u00f3n #6: Qu\u00e9 es el pH del suelo.<br \/>\nLecci\u00f3n #7: Qu\u00e9 son enmiendas.<br \/>\nLecci\u00f3n #8: C\u00f3mo leer el resultado del an\u00e1lisis de suelos.<br \/>\nLecci\u00f3n #9: \u00c9pocas de aplicaci\u00f3n y textura del suelo.<br \/>\nLecci\u00f3n #10 Enmiendas en levante.<br \/>\nLecci\u00f3n #11: Interpretaci\u00f3n an\u00e1lisis de suelos etapa de levante.<br \/>\nLecci\u00f3n #12: Interpretaci\u00f3n an\u00e1lisis de suelos etapa de zoca o poda.<br \/>\nLecci\u00f3n #13: Interpretaci\u00f3n an\u00e1lisis de suelos cafetal en producci\u00f3n. (An\u00e1lisis de resultados)<br \/>\nLecci\u00f3n #14: Explicaci\u00f3n c\u00e1lculos matem\u00e1ticos.<\/p>\n<p>Acceder\u00e1s tambi\u00e9n a 3 bonus de regalo:<\/p>\n<p>Bonus 1: C\u00f3mo tomar una muestra de an\u00e1lisis de suelos de manera correcta (V\u00eddeo con la pr\u00e1ctica)<br \/>\nBonus 2: El idioma de las plantas-s\u00edntomas visuales de deficiencias nutricionales<br \/>\nBonus 3: Mitos y verdades de la fertilizaci\u00f3n en la etapa de zoca.<\/p>\n<p>ACERCA DEL PRODUCTOR<\/p>\n<p>Desarrollado por SERGIO S\u00c1NCHEZ, Ingeniero agr\u00f3nomo, Empresario y Caficultor, Gerente y Seo del Grupo Empresarial Agro-Elite S.A.S. <\/p>\n<p>Desarrollador de cursos digitales enfocados a la caficultura y creador de la tienda online caficultoreselite.com encargada de la creaci\u00f3n o comercializaci\u00f3n de productos innovadores para la agricultura.<\/p>\n<p>Con 8 a\u00f1os de experiencia como extensionista de la Federaci\u00f3n Nacional de Cafeteros de Colombia y varias exportadoras de caf\u00e9 en diferentes regiones de Colombia.<\/p>\n","protected":false},"excerpt":{"rendered":"<p>\u00bfTe gustar\u00eda lograr la m\u00e1s alta producci\u00f3n con el m\u00ednimo costo posible en tu cultivo de caf\u00e9?<\/p>\n<p>Tienes que ver el programa AN\u00c1LISIS DE SUELO para CULTIVADORES DE CAF\u00c9, un MasterClass donde aprender\u00e1s un m\u00e9todo pr\u00e1ctico para que entiendas el funcionamiento de cada uno de los nutrientes de las plantas.<\/p>\n<p>Descubre cual es el fertilizante adecuado, qu\u00e9 acciones tomar en tu producci\u00f3n si es org\u00e1nica o convencional hasta c\u00f3mo hacer los c\u00e1lculos para que sea m\u00e1s eficiente.<\/p>\n","protected":false},"featured_media":3142,"template":"","meta":{"_joinchat":[]},"product_brand":[],"product_cat":[315,344],"product_tag":[],"class_list":{"0":"post-11192","1":"product","2":"type-product","3":"status-publish","4":"has-post-thumbnail","6":"product_cat-animales-y-plantas","7":"product_cat-todos","9":"first","10":"instock","11":"sale","12":"shipping-taxable","13":"product-type-external"},"_links":{"self":[{"href":"https:\/\/cursos.talentup.cl\/index.php?rest_route=\/wp\/v2\/product\/11192","targetHints":{"allow":["GET"]}}],"collection":[{"href":"https:\/\/cursos.talentup.cl\/index.php?rest_route=\/wp\/v2\/product"}],"about":[{"href":"https:\/\/cursos.talentup.cl\/index.php?rest_route=\/wp\/v2\/types\/product"}],"version-history":[{"count":4,"href":"https:\/\/cursos.talentup.cl\/index.php?rest_route=\/wp\/v2\/product\/11192\/revisions"}],"predecessor-version":[{"id":15934,"href":"https:\/\/cursos.talentup.cl\/index.php?rest_route=\/wp\/v2\/product\/11192\/revisions\/15934"}],"wp:featuredmedia":[{"embeddable":true,"href":"https:\/\/cursos.talentup.cl\/index.php?rest_route=\/wp\/v2\/media\/3142"}],"wp:attachment":[{"href":"https:\/\/cursos.talentup.cl\/index.php?rest_route=%2Fwp%2Fv2%2Fmedia&parent=11192"}],"wp:term":[{"taxonomy":"product_brand","embeddable":true,"href":"https:\/\/cursos.talentup.cl\/index.php?rest_route=%2Fwp%2Fv2%2Fproduct_brand&post=11192"},{"taxonomy":"product_cat","embeddable":true,"href":"https:\/\/cursos.talentup.cl\/index.php?rest_route=%2Fwp%2Fv2%2Fproduct_cat&post=11192"},{"taxonomy":"product_tag","embeddable":true,"href":"https:\/\/cursos.talentup.cl\/index.php?rest_route=%2Fwp%2Fv2%2Fproduct_tag&post=11192"}],"curies":[{"name":"wp","href":"https:\/\/api.w.org\/{rel}","templated":true}]}}