{"id":11203,"date":"2023-01-10T04:38:37","date_gmt":"2023-01-10T07:38:37","guid":{"rendered":"https:\/\/cursos.talentup.cl\/?post_type=product&#038;p=11203"},"modified":"2024-02-07T23:36:29","modified_gmt":"2024-02-08T02:36:29","slug":"educat","status":"publish","type":"product","link":"https:\/\/cursos.talentup.cl\/?product=educat","title":{"rendered":"EDUCAT"},"content":{"rendered":"<p>\u00bfSab\u00edas que los gatos nos eligen y no nosotros a ellos? Son independientes, distintos a los perros. Conoce EDUCAT.<\/p>\n<p>Este, NO es un curso para educar a tu gato, este es un MASTERCLASS PARA EDUCARTE A TI Y QUE CONVIVAS CON \u00c9L. <\/p>\n<p>Aqu\u00ed encontrar\u00e1s todo sobre su cuidado y alimentaci\u00f3n, cu\u00e1ndo adoptarlos, c\u00f3mo consentir a tu minino, c\u00f3mo activarlos con el juego y evitar que da\u00f1en los muebles de la casa y muchas cosas m\u00e1s. <\/p>\n<p>\u00bfQU\u00c9 VAS A LOGRAR?<\/p>\n<p>Romper mitos y falsas creencias acerca del comportamiento de los gatos, su naturaleza y formas de comunicarse con nosotros.<\/p>\n<p>Conocer aspectos f\u00edsicos de los gatos y c\u00f3mo se comunican con nosotros los humanos.<\/p>\n<p>Hacer un correcto Listado\/Check-list de requisitos al comprar un gato. (Adoptado o de raza y c\u00f3mo conseguirlo)<\/p>\n<p>Desarrollar una orientaci\u00f3n completa. (Pasos para recibir a tu gato y su comportamiento en cada una de sus etapas).<\/p>\n<p>Garantizar la salud gatuna y signos de alarma, tensi\u00f3n y prevenci\u00f3n de enfermedades de los gatos (Desarrollado por una veterinaria especialista en gatos).<\/p>\n<p>Entregar a los propietarios de gatos informaci\u00f3n de alto valor sobre \u201clos misterios\u201d de tener un gato como mascota, as\u00ed como sus cuidados y prevenir de enfermedades.<\/p>\n<p>Aprender sobre el cuidado de los gatos en sus hogares mientras las personas viajan y hacer de este conocimiento una oportunidad de negocio para cuidar los de terceros.<\/p>\n<p>Entregar informaci\u00f3n a las personas que eval\u00faan la posibilidad de integrar un gato a su familia, que les permita tomar una decisi\u00f3n acertada. <\/p>\n<p>Acceder al certificado de participaci\u00f3n avalado por las empresas Hotmart y MasterClasses<\/p>\n<p>\u00bfC\u00d3MO LO VAS A LOGRAR?<\/p>\n<p>Con\u00e9ctate con las clases en video del programa y aprende sobre los gatos de una forma pr\u00e1ctica y en un lenguaje sencillo. Los videos est\u00e1n organizados de forma secuencial con todo lo que necesitas saber antes de la llegada de tu gato, con los siguientes m\u00f3dulos:<\/p>\n<p>1.0. VIDEO DE INTRODUCCI\u00d3N ENIT SU\u00c1REZ Y SUS 5 MODELOS GATUNAS<\/p>\n<p>M\u00d3DULO 1. INTRODUCCI\u00d3N DE LOS GATOS COMO MASCOTAS. <\/p>\n<p>\u00bfPor qu\u00e9 un Gato?, Aspectos F\u00edsicos de los gatos, Gatonalidad\/Personalidad felina, diferencias seg\u00fan sexo, \u00bfD\u00f3nde Consigo un gatico? \u00bfPor qu\u00e9 adoptar? y casos de \u00e9xito.<\/p>\n<p>M\u00d3DULO 2. CONVIVIENDO CON UN GATO:<\/p>\n<p>Primeras horas en su nuevo hogar, mitos y verdades, cuidado de tus muebles, gimnasios, rascadores y camas flotantes, H\u00e1bitos de sue\u00f1o adecuadas, entrenamiento para gatos.<\/p>\n<p>M\u00d3DULO 3. NUTRICI\u00d3N GATUNA<\/p>\n<p>Alimentaci\u00f3n gatuna, comederos y fuentes de Agua, diferentes tipos de alimentos, nutrici\u00f3n de gatos beb\u00e9s, \u00bfc\u00f3mo los alimento?<\/p>\n<p>M\u00d3DULO 4. SALUD GATUNA<\/p>\n<p>Toxoplasmosis: mitos y verdades, enfermedades virales, tratamiento anti pulgas, problemas de la piel, uso de medicamentos humanos en gatos, transmisi\u00f3n de enfermedades, problemas renales, v\u00f3mito y diarrea, importancia de la esterilizaci\u00f3n y su nueva t\u00e9cnica innovadora.<\/p>\n<p>M\u00d3DULO 5. SOCIALIZACI\u00d3N GATUNA. <\/p>\n<p>Presentaci\u00f3n\/Primer encuentro de un Gato con otro gato, un perro o un ni\u00f1o y problemas de comportamiento.<\/p>\n<p>M\u00d3DULO 6. RESOLVIENDO DUDAS<\/p>\n<p>Preguntas Frecuentes. <\/p>\n<p>BONO DE REGALO: \u201cAprende a generar ingresos como Gatini\u00f1era\u201d.<\/p>\n<p>ACERCA DE LAS PRODUCTORAS<\/p>\n<p>ENIT SUAREZ: Experta en comportamiento felino. Con experiencia en rescate de gatos, incluyendo las 5 gatas que la acompa\u00f1an. Con amplia trayectoria administrando un Pet Shop (Tienda de mascotas).<\/p>\n<p>Ha desarrollado campa\u00f1as de adopci\u00f3n y fidelizaci\u00f3n de clientes a trav\u00e9s de la asesor\u00eda constante en el comportamiento y h\u00e1bitos felinos.<\/p>\n<p>DRA ADRIANA MU\u00d1OZ: M\u00e9dica Veterinaria de la universidad de Ciencias Aplicadas y Ambientales. Con estudios en Etolog\u00eda Cl\u00ednica y Bienestar Animal en peque\u00f1os animales dictado por la UDCA y amplia trayectoria con mascotas, especialmente con gatos. <\/p>\n<p>Especializaci\u00f3n en Identificaci\u00f3n y manejo del estr\u00e9s en los felinos en Uniagraria.<\/p>\n<p>Privacidad<br \/>\nTu informaci\u00f3n est\u00e1 100% segura<br \/>\nCompra segura<br \/>\nAmbiente seguro y autenticado<br \/>\nEntrega por email<br \/>\nAcceso al producto entregado por email<br \/>\nContenido aprobado<br \/>\n100% revisado y aprobado<\/p>\n","protected":false},"excerpt":{"rendered":"<p>\u00bfSab\u00edas que los gatos nos eligen y no nosotros a ellos? Son independientes, distintos a los perros. Conoce EDUCAT.<\/p>\n<p>Este, NO es un curso para educar a tu gato, este es un MASTERCLASS PARA EDUCARTE A TI Y QUE CONVIVAS CON \u00c9L. <\/p>\n<p>Aqu\u00ed encontrar\u00e1s todo sobre su cuidado y alimentaci\u00f3n, cu\u00e1ndo adoptarlos, c\u00f3mo consentir a tu minino, c\u00f3mo activarlos con el juego y evitar que da\u00f1en los muebles de la casa y muchas cosas m\u00e1s. <\/p>\n","protected":false},"featured_media":3153,"template":"","meta":{"_joinchat":[]},"product_brand":[],"product_cat":[315,344],"product_tag":[],"class_list":{"0":"post-11203","1":"product","2":"type-product","3":"status-publish","4":"has-post-thumbnail","6":"product_cat-animales-y-plantas","7":"product_cat-todos","9":"first","10":"instock","11":"sale","12":"shipping-taxable","13":"product-type-external"},"_links":{"self":[{"href":"https:\/\/cursos.talentup.cl\/index.php?rest_route=\/wp\/v2\/product\/11203","targetHints":{"allow":["GET"]}}],"collection":[{"href":"https:\/\/cursos.talentup.cl\/index.php?rest_route=\/wp\/v2\/product"}],"about":[{"href":"https:\/\/cursos.talentup.cl\/index.php?rest_route=\/wp\/v2\/types\/product"}],"version-history":[{"count":4,"href":"https:\/\/cursos.talentup.cl\/index.php?rest_route=\/wp\/v2\/product\/11203\/revisions"}],"predecessor-version":[{"id":15945,"href":"https:\/\/cursos.talentup.cl\/index.php?rest_route=\/wp\/v2\/product\/11203\/revisions\/15945"}],"wp:featuredmedia":[{"embeddable":true,"href":"https:\/\/cursos.talentup.cl\/index.php?rest_route=\/wp\/v2\/media\/3153"}],"wp:attachment":[{"href":"https:\/\/cursos.talentup.cl\/index.php?rest_route=%2Fwp%2Fv2%2Fmedia&parent=11203"}],"wp:term":[{"taxonomy":"product_brand","embeddable":true,"href":"https:\/\/cursos.talentup.cl\/index.php?rest_route=%2Fwp%2Fv2%2Fproduct_brand&post=11203"},{"taxonomy":"product_cat","embeddable":true,"href":"https:\/\/cursos.talentup.cl\/index.php?rest_route=%2Fwp%2Fv2%2Fproduct_cat&post=11203"},{"taxonomy":"product_tag","embeddable":true,"href":"https:\/\/cursos.talentup.cl\/index.php?rest_route=%2Fwp%2Fv2%2Fproduct_tag&post=11203"}],"curies":[{"name":"wp","href":"https:\/\/api.w.org\/{rel}","templated":true}]}}