{"id":11205,"date":"2023-01-10T04:38:38","date_gmt":"2023-01-10T07:38:38","guid":{"rendered":"https:\/\/cursos.talentup.cl\/?post_type=product&#038;p=11205"},"modified":"2024-02-07T23:36:29","modified_gmt":"2024-02-08T02:36:29","slug":"peluqueria-para-perros","status":"publish","type":"product","link":"https:\/\/cursos.talentup.cl\/?product=peluqueria-para-perros","title":{"rendered":"PELUQUER\u00cdA PARA PERROS"},"content":{"rendered":"<p>Estudiar peluquer\u00eda canina nunca fue tan f\u00e1cil. Aprende un arte que puedas desempe\u00f1ar en cualquier lugar.<\/p>\n<p>\u00bfSab\u00edas que la industria de las mascotas contin\u00faa creciendo en todo el mundo? Las mascotas se han convertido en un miembro m\u00e1s de nuestra familia y cada vez hay una mayor cultura sobre la tenencia y el aseo que necesitan. Ahora no es un lujo, sino una necesidad para mantenerla en \u00f3ptimas condiciones.<\/p>\n<p>\u00bfQU\u00c9 VAS A LOGRAR?<\/p>\n<p>Si planeas emprender en el negocio de las peluquer\u00eda de mascotas, con nuestro programa aprender\u00e1s:<\/p>\n<p>Un lenguaje t\u00e9cnico que te permitir\u00e1 entender mejor cada sesi\u00f3n.<\/p>\n<p>A entender las partes de un perro para su aseo personal y apariencia f\u00edsica.<\/p>\n<p>Los tipos de pelo y las texturas.<\/p>\n<p>El manejo de los perros en la peluquer\u00eda.<\/p>\n<p>Las herramientas seg\u00fan el tipo de pelo, textura y razas.<\/p>\n<p>C\u00f3mo utilizar las herramientas, cu\u00e1les son y c\u00f3mo utilizarlas y quitar los nudos.<\/p>\n<p>La cosm\u00e9tica aplicada al manto de las mascotas seg\u00fan el tipo de pelo y la textura.<\/p>\n<p>C\u00f3mo saber si qued\u00f3 limpio el pelo, prolongar el efecto del ba\u00f1o y c\u00f3mo saber en qu\u00e9 momento acondicionar o hidratar.<\/p>\n<p>Los procedimientos de ba\u00f1o, cepillado y desenredado.<\/p>\n<p>C\u00f3mo cortar el pelo de una manera pr\u00e1ctica con m\u00e1quina y tijera.<\/p>\n<p>\u00bfC\u00d3MO LO VAS A LOGRAR?<\/p>\n<p>Disfruta el aprendizaje de forma divertida, descargando las clases que hemos preparado, mientras te acompa\u00f1amos en cada paso que des para celebrar tus avances y seguir creciendo en conocimiento y en el arte de la peluquer\u00eda para mascotas<\/p>\n<p>En los diferentes m\u00f3dulos de este MasterClass encontrar\u00e1s:<\/p>\n<p>INTRODUCCI\u00d3N &#8211; PELUQUERIA PARA PERROS<\/p>\n<p>PARTE 1- Introducci\u00f3n a la peluquer\u00eda canina &#8211; 1.<br \/>\nPARTE 1 &#8211; Introducci\u00f3n a la peluquer\u00eda canina &#8211; 2.<br \/>\nPARTE 1 &#8211; Lenguaje T\u00e9cnico que debe tener un estilista &#8211; 3.<br \/>\nPARTE 2 &#8211; Cosmetolog\u00eda aplicada al manto del perro -1.<br \/>\nPARTE 2 &#8211; Cosmetolog\u00eda aplicada al manto del perro &#8211; 2.<br \/>\nPARTE 3 &#8211; Introducci\u00f3n a la parte pr\u00e1ctica en peluquer\u00eda canina.<br \/>\nPARTE 4 &#8211; Seguridad en la peluquer\u00eda.<br \/>\nPARTE 5 &#8211; Manejo del perro.<br \/>\nPARTE 6 &#8211; Herramientas de peluquer\u00eda canina.<br \/>\nPARTE 7 &#8211; Productos que vas a necesitar en la peluquer\u00eda canina.<br \/>\nPARTE 8 &#8211; Preparaci\u00f3n del perro antes del ba\u00f1o.<br \/>\nPARTE 9 &#8211; C\u00f3mo ba\u00f1ar al perro.<br \/>\nPARTE 10 &#8211; C\u00f3mo secar al perro.<br \/>\nPARTE 11 &#8211; Arreglo de almohadillas, higi\u00e9nico y como despejar ojos.<br \/>\nPARTE 12 &#8211; Corte de maquina y tijera en cuerpo y cabeza.<br \/>\nPARTE 13 &#8211; Arreglo de cabeza y orejas.<br \/>\nPARTE 14 &#8211; Resultado final primer curso b\u00e1sico de peluquer\u00eda canina.<br \/>\nPARTE 15 &#8211; Certificaci\u00f3n.<\/p>\n<p>NIVEL INTERMEDIO<\/p>\n<p>Video 1 Certificaciones Nivel intermedio 1.<br \/>\nVideo 2 Introducci\u00f3n nivel intermedio \u2013 2.<br \/>\nVideo 3 Principios b\u00e1sicos que componen un corte de pelo -3.<br \/>\nVideo 4 Principios b\u00e1sicos que componen un corte de pelo -4.<br \/>\nVideo 5 Principios B\u00e1sicos. Primer modelo \u2013 5.<br \/>\nVideo 6 Herramientas y cosm\u00e9tica para modelo dos \u2013 6.<br \/>\nVideo 7 Herramientas y cosm\u00e9tica para modelo tres &#8211; 7.<br \/>\nVideo 8 Arreglo de la raza Westy &#8211; 8.<br \/>\nVideo 9 Arreglo de la raza Westy &#8211; 9.<br \/>\nVideo 10 Arreglo de la raza Westy &#8211; 10.<br \/>\nVideo 11 Arreglo de la raza Westy &#8211; 11.<br \/>\nVideo 12 Arreglo de la raza Schnauzer \u2013 12.<br \/>\nVideo 13 Arreglo de la raza Schnauzer \u2013 13.<br \/>\nVideo 14 Arreglo de la raza Fox terrier -14.<br \/>\nVideo 15 Arreglo de la raza Fox terrier \u2013 15.<br \/>\nVideo 16 Arreglo de la raza Fox terrier &#8211; 16.<\/p>\n<p>NIVEL INTERMEDIO II<\/p>\n<p>Parte 1 &#8211; introducci\u00f3n Nivel intermedio II.<br \/>\nParte 2 Arreglo del Yorky.<br \/>\nParte 3 Arreglo del Yorky.<br \/>\nParte 4 &#8211; Arreglo del Yorky.<br \/>\nParte 5 Arreglo del Yorky.<br \/>\nParte 6 &#8211; Arreglo del Yorky.<br \/>\nParte 7 &#8211; Arreglo del Yorky.<br \/>\nParte 8 &#8211; Arreglo del Yorky.<br \/>\nParte 9 &#8211; Arreglo del Yorky.<br \/>\nParte 10 &#8211; Arreglo del Yorky.<br \/>\nParte 11 &#8211; Arreglo del Yorky.<br \/>\nParte 12 Arreglo del Yorky.<\/p>\n<p> NIVEL AVANZADO<\/p>\n<p>1 Un camino Fascinante!<br \/>\n2 Clases que valen oro, corte cachorro en un Shih tzu P1.<br \/>\n3 Corte cachorro parte 2.<br \/>\n4 Accede a las 20 clases.<\/p>\n<p>Al finalizar el curso te sorprender\u00e1s de lo fascinante que es el mundo de la peluquer\u00eda para mascotas y entender\u00e1s la importancia de una formaci\u00f3n seria que te genere confianza para llevar tu profesi\u00f3n al m\u00e1ximo nivel.<\/p>\n<p>ACERCA DEL PRODUCTOR<\/p>\n<p>Desarrollado por FABIO ERNESTO GOMEZ SEPULVEDA, Estilista canino profesional, handler, ponente internacional y escultor con participaci\u00f3n en uno de los congresos m\u00e1s grandes e importantes del mundo de las mascotas y capacitador en diferentes pa\u00edses. Cuenta con estudiantes en M\u00e9xico, Colombia, Costa Rica, El Salvador, Guatemala, USA, Espa\u00f1a y Canad\u00e1 quienes est\u00e1n dando resultados. <\/p>\n<p>Fundador de la academia para estilistas caninos 2Hands Art, donde recibe constantemente estudiantes para iniciar desde cero en la peluquer\u00eda canina o para perfeccionar t\u00e9cnicas y cortes para estilistas ya experimentados.<\/p>\n<p>Ganador de m\u00faltiples Best in show en diferentes competencias de belleza en perros y de peluquer\u00eda canina. Acompa\u00f1ado y respaldado por nuestra academia que lleva a\u00f1os formando nuevos estilistas que ya se encuentran trabajando en diferentes pa\u00edses, con altos resultados en emprendimiento creciendo y con ganas de seguir invirtiendo en su formaci\u00f3n. <\/p>\n<p>Creador de reconocidas esculturas desarrolladas con pelo natural llamadas Tiny pets.<\/p>\n","protected":false},"excerpt":{"rendered":"<p>Estudiar peluquer\u00eda canina nunca fue tan f\u00e1cil. Aprende un arte que puedas desempe\u00f1ar en cualquier lugar.<\/p>\n<p>\u00bfSab\u00edas que la industria de las mascotas contin\u00faa creciendo en todo el mundo? Las mascotas se han convertido en un miembro m\u00e1s de nuestra familia y cada vez hay una mayor cultura sobre la tenencia y el aseo que necesitan. Ahora no es un lujo, sino una necesidad para mantenerla en \u00f3ptimas condiciones.<\/p>\n","protected":false},"featured_media":3155,"template":"","meta":{"_joinchat":[]},"product_brand":[],"product_cat":[315,344],"product_tag":[],"class_list":{"0":"post-11205","1":"product","2":"type-product","3":"status-publish","4":"has-post-thumbnail","6":"product_cat-animales-y-plantas","7":"product_cat-todos","9":"first","10":"instock","11":"sale","12":"shipping-taxable","13":"product-type-external"},"_links":{"self":[{"href":"https:\/\/cursos.talentup.cl\/index.php?rest_route=\/wp\/v2\/product\/11205","targetHints":{"allow":["GET"]}}],"collection":[{"href":"https:\/\/cursos.talentup.cl\/index.php?rest_route=\/wp\/v2\/product"}],"about":[{"href":"https:\/\/cursos.talentup.cl\/index.php?rest_route=\/wp\/v2\/types\/product"}],"version-history":[{"count":4,"href":"https:\/\/cursos.talentup.cl\/index.php?rest_route=\/wp\/v2\/product\/11205\/revisions"}],"predecessor-version":[{"id":15947,"href":"https:\/\/cursos.talentup.cl\/index.php?rest_route=\/wp\/v2\/product\/11205\/revisions\/15947"}],"wp:featuredmedia":[{"embeddable":true,"href":"https:\/\/cursos.talentup.cl\/index.php?rest_route=\/wp\/v2\/media\/3155"}],"wp:attachment":[{"href":"https:\/\/cursos.talentup.cl\/index.php?rest_route=%2Fwp%2Fv2%2Fmedia&parent=11205"}],"wp:term":[{"taxonomy":"product_brand","embeddable":true,"href":"https:\/\/cursos.talentup.cl\/index.php?rest_route=%2Fwp%2Fv2%2Fproduct_brand&post=11205"},{"taxonomy":"product_cat","embeddable":true,"href":"https:\/\/cursos.talentup.cl\/index.php?rest_route=%2Fwp%2Fv2%2Fproduct_cat&post=11205"},{"taxonomy":"product_tag","embeddable":true,"href":"https:\/\/cursos.talentup.cl\/index.php?rest_route=%2Fwp%2Fv2%2Fproduct_tag&post=11205"}],"curies":[{"name":"wp","href":"https:\/\/api.w.org\/{rel}","templated":true}]}}