{"id":11258,"date":"2023-01-10T04:38:42","date_gmt":"2023-01-10T07:38:42","guid":{"rendered":"https:\/\/cursos.talentup.cl\/?post_type=product&#038;p=11258"},"modified":"2024-02-07T23:36:32","modified_gmt":"2024-02-08T02:36:32","slug":"sap-s4-hana-sales-ventas-y-distribucion","status":"publish","type":"product","link":"https:\/\/cursos.talentup.cl\/?product=sap-s4-hana-sales-ventas-y-distribucion","title":{"rendered":"SAP S4\/HANA SALES (VENTAS Y DISTRIBUCI\u00d3N)"},"content":{"rendered":"<p>\u00bfHas perdido oportunidades laborales, por no saber SAP?<\/p>\n<p>Con el MasterClass SAP S4\/HANA SALES, domina la versi\u00f3n del software m\u00e1s usado por las mejores empresas nacionales y multinacionales alrededor del mundo.<\/p>\n<p>\u00bfQU\u00c9 VAS A LOGRAR?<\/p>\n<p>Obtendr\u00e1s mejores oportunidades laborales en grandes multinacionales que poseen este software.<\/p>\n<p>Incrementar\u00e1s tus ingresos por encima del promedio.<\/p>\n<p>Tendr\u00e1s una ventaja competitiva respecto al resto de los participantes.<\/p>\n<p>Conocer\u00e1s y experimentar\u00e1s el software m\u00e1s importante usado por grandes empresas multinacionales tales como Coca-Cola, Deloitte, IBM, Grupo Argos, Ecopetrol, etc.<\/p>\n<p>Aprender\u00e1s conocimiento valioso sobre el proceso de ventas y distribuci\u00f3n en las empresas.<\/p>\n<p>Conocer\u00e1s de la nueva versi\u00f3n SAP S4 Hana.<\/p>\n<p>Acceder\u00e1s al certificado avalado por Hotmart y Seminarios Online.<\/p>\n<p>\u00bfC\u00d3MO LO VAS A LOGRAR?<\/p>\n<p>A trav\u00e9s del siguiente contenido, estructurado paso a paso:<\/p>\n<p>Unidad 1 \u2013 Introducci\u00f3n<\/p>\n<p>Bienvenida.<br \/>\nIntroducci\u00f3n al mundo SAP.<br \/>\nNavegaci\u00f3n SAP.<br \/>\nEvaluar introductorio.<\/p>\n<p>Unidad 2 &#8211; Estructura empresarial<\/p>\n<p>Identificar estructura organizativa en s4 Hana Sales.<br \/>\nEvaluar estructura organizativa.<\/p>\n<p>Unidad 3 &#8211; Datos maestros<\/p>\n<p>Gesti\u00f3n datos maestros de socios de negocio &#8211; business partner.<br \/>\nCrear BP o socio comercial.<br \/>\nGesti\u00f3n datos maestros de materiales.<br \/>\nCrear material o producto terminado.<br \/>\nRegistro info cliente material.<br \/>\nMaestro de condiciones de precios.<br \/>\nCrear condiciones de ventas.<br \/>\nEvaluar datos maestros.<\/p>\n<p>Unidad 4 &#8211; Determinaci\u00f3n autom\u00e1tica de datos<\/p>\n<p>An\u00e1lisis de resultados en la determinaci\u00f3n autom\u00e1tica de datos.<br \/>\nEvaluar determinaci\u00f3n autom\u00e1tica de datos.<\/p>\n<p>Unidad 5 &#8211; Procesos comerciales<\/p>\n<p>Entendiendo el proceso de ventas.<br \/>\nProceso de gesti\u00f3n de ventas.<br \/>\nProceso de entregas de salida.<br \/>\nProceso de facturaci\u00f3n.<br \/>\nPago de facturas de cliente.<br \/>\nEvaluar procesos comerciales.<\/p>\n<p>Unidad 6 &#8211; Procesos colectivos<\/p>\n<p>Ejecuci\u00f3n de los procesos colectivos.<br \/>\nProcesos colectivos en el sistema.<\/p>\n<p>Unidad 7 &#8211; Procesos adicionales en ventas<\/p>\n<p>Gesti\u00f3n de documentos de preventa.<br \/>\nGesti\u00f3n de ventas de servicios.<\/p>\n<p>Unidad 8 &#8211; Procesos de reclamos<\/p>\n<p>Gesti\u00f3n de notas de cr\u00e9dito \u2013 d\u00e9bito.<br \/>\nAnulaci\u00f3n de facturas.<br \/>\nGesti\u00f3n de devoluciones.<\/p>\n<p>Unidad 9 &#8211; Monitoreo y an\u00e1lisis de ventas<\/p>\n<p>Utilizando el monitor de pedidos.<br \/>\nUtilizando Apps de an\u00e1lisis.<\/p>\n<p>Unidad 10 &#8211; Customizing &#8211; Configuraciones \u2013 Bonus<\/p>\n<p>Configurar estructura organizativa.<br \/>\nConfigurar documentos de ventas.<br \/>\nConfigurar documentos de entregas.<br \/>\nConfigurar documentos de facturas.<\/p>\n<p>Unidad 11 \u2013 Preguntas y respuestas<\/p>\n<p>\u00bfPuedo instalar SAP en mi computador personal para practicas?<\/p>\n<p>ACERCA DEL PRODUCTOR<\/p>\n<p>Desarrollado por PEDRO PINTO profesional graduado en Ingenier\u00eda de Inform\u00e1tica altamente calificado.<\/p>\n<p>Con m\u00e1s de 10 a\u00f1os de conocimientos en sistemas de negocios para la distribuci\u00f3n y venta de productos de consumo masivo. <\/p>\n<p>Experiencia t\u00e9cnica y funcional, con certificaciones en SAP SD R3, SAP S\/4 Hana Sales y certificaci\u00f3n en Microsoft SQL Server.<\/p>\n","protected":false},"excerpt":{"rendered":"<p>\u00bfHas perdido oportunidades laborales, por no saber SAP?<\/p>\n<p>Con el MasterClass SAP S4\/HANA SALES, domina la versi\u00f3n del software m\u00e1s usado por las mejores empresas nacionales y multinacionales alrededor del mundo.<\/p>\n","protected":false},"featured_media":3178,"template":"","meta":{"_joinchat":[]},"product_brand":[],"product_cat":[316,344],"product_tag":[],"class_list":{"0":"post-11258","1":"product","2":"type-product","3":"status-publish","4":"has-post-thumbnail","6":"product_cat-apps-y-software","7":"product_cat-todos","9":"first","10":"instock","11":"sale","12":"shipping-taxable","13":"product-type-external"},"_links":{"self":[{"href":"https:\/\/cursos.talentup.cl\/index.php?rest_route=\/wp\/v2\/product\/11258","targetHints":{"allow":["GET"]}}],"collection":[{"href":"https:\/\/cursos.talentup.cl\/index.php?rest_route=\/wp\/v2\/product"}],"about":[{"href":"https:\/\/cursos.talentup.cl\/index.php?rest_route=\/wp\/v2\/types\/product"}],"version-history":[{"count":4,"href":"https:\/\/cursos.talentup.cl\/index.php?rest_route=\/wp\/v2\/product\/11258\/revisions"}],"predecessor-version":[{"id":15968,"href":"https:\/\/cursos.talentup.cl\/index.php?rest_route=\/wp\/v2\/product\/11258\/revisions\/15968"}],"wp:featuredmedia":[{"embeddable":true,"href":"https:\/\/cursos.talentup.cl\/index.php?rest_route=\/wp\/v2\/media\/3178"}],"wp:attachment":[{"href":"https:\/\/cursos.talentup.cl\/index.php?rest_route=%2Fwp%2Fv2%2Fmedia&parent=11258"}],"wp:term":[{"taxonomy":"product_brand","embeddable":true,"href":"https:\/\/cursos.talentup.cl\/index.php?rest_route=%2Fwp%2Fv2%2Fproduct_brand&post=11258"},{"taxonomy":"product_cat","embeddable":true,"href":"https:\/\/cursos.talentup.cl\/index.php?rest_route=%2Fwp%2Fv2%2Fproduct_cat&post=11258"},{"taxonomy":"product_tag","embeddable":true,"href":"https:\/\/cursos.talentup.cl\/index.php?rest_route=%2Fwp%2Fv2%2Fproduct_tag&post=11258"}],"curies":[{"name":"wp","href":"https:\/\/api.w.org\/{rel}","templated":true}]}}