{"id":11317,"date":"2023-01-10T04:38:47","date_gmt":"2023-01-10T07:38:47","guid":{"rendered":"https:\/\/cursos.talentup.cl\/?post_type=product&#038;p=11317"},"modified":"2024-02-07T23:36:35","modified_gmt":"2024-02-08T02:36:35","slug":"diseno-web-con-google-site","status":"publish","type":"product","link":"https:\/\/cursos.talentup.cl\/?product=diseno-web-con-google-site","title":{"rendered":"DISE\u00d1O WEB CON GOOGLE SITE"},"content":{"rendered":"<p>Crear una p\u00e1gina web nunca fue tan f\u00e1cil.<\/p>\n<p>Con el MasterClass, DISE\u00d1O WEB CON GOOGLE SITE, Desarrolla tu sitio o p\u00e1gina web de manera profesional desde cero de forma r\u00e1pida y sencilla.<\/p>\n<p>No tienes que tener conocimiento o ser un experto en programaci\u00f3n.<\/p>\n<p>Aprende la plataforma de Google Sites y crea miles de p\u00e1ginas totalmente gratis y publ\u00edcalas en internet para toda la vida.Emprendedores o personas que quieran crear un sitio web profesionalmente para su negocio. Personas que quieran aprender a usar Google Sites.<\/p>\n<p>\u00bfQU\u00c9 VAS A LOGRAR?<\/p>\n<p>Crear tu propia p\u00e1gina web de manera profesional desde cero.<\/p>\n<p>Como personalizar tu sitio web de manera profesional.<\/p>\n<p>Crear formularios de diferentes tipos de servicio en tu pagina web de Google Sites.<\/p>\n<p>Crear logotipos para luego insertarlo en tu p\u00e1gina web.<\/p>\n<p>Editar un icono o favicon en l\u00ednea para tu p\u00e1gina web.<\/p>\n<p>Crear un formulario de contacto para tu sitio web de Google Sites.<\/p>\n<p>Publicar tu sitio web de Google Sites en Internet.<\/p>\n<p>Acceder al certificado avalado por Hotmart y Seminarios Online.<\/p>\n<p>\u00bfC\u00d3MO LO VAS A LOGRAR?<\/p>\n<p>Por medio de un programa practico y completo dise\u00f1ado en videos de 15 m\u00f3dulos Full HD de alta definici\u00f3n que lo podr\u00e1s ver las veces que sea necesario, donde te mostrar\u00e9 todo lo que necesitas saber para crear una p\u00e1gina web gratis paso a paso con Google Sites, sin saber de programaci\u00f3n, de forma r\u00e1pida y sencilla.<\/p>\n<p>M\u00f3dulo 1.<\/p>\n<p>Presentaci\u00f3n general del curso.<\/p>\n<p>M\u00f3dulo 2.<\/p>\n<p>Creando una cuenta de Google para nuestro sitio web.<\/p>\n<p>M\u00f3dulo 3.<\/p>\n<p>Creando un Logotipo para nuestro sitio web de Google Sites.<\/p>\n<p>M\u00f3dulo 4.<\/p>\n<p>Creando un icono o favicon para insertar en nuestro sitio web de Google Sites.<\/p>\n<p>M\u00f3dulo 5.<\/p>\n<p>Creando nuestro sitio web de Google Sites.<\/p>\n<p>M\u00f3dulo 6.<\/p>\n<p>Personalizando nuestro sitio web con la p\u00e1gina de INICIO.<\/p>\n<p>M\u00f3dulo 7.<\/p>\n<p>Creando la p\u00e1gina de SERVICIOS de nuestro sitio web de Google Sites.<\/p>\n<p>M\u00f3dulo 8.<\/p>\n<p>Insertando SUBP\u00c1GINAS en la p\u00e1gina de SERVICIOS en nuestro sitio web.<\/p>\n<p>M\u00f3dulo 9.<\/p>\n<p>Construyendo el FORMULARIO de contactos para nuestra p\u00e1gina web de Google Sites.<\/p>\n<p>M\u00f3dulo 10.<\/p>\n<p>Insertando el formulario de registro de Google forms en nuestro sitio.<\/p>\n<p>M\u00f3dulo 11.<\/p>\n<p>Creando la p\u00e1gina de NOSOTROS en nuestro sitio web de Google Sites.<\/p>\n<p>M\u00f3dulo 12.<\/p>\n<p>Creando la p\u00e1gina de CONTACTOS de nuestro sitio web de Google Sites.<\/p>\n<p>M\u00f3dulo 13.<\/p>\n<p>Publicando nuestro sitio web de Google Sites en internet.<\/p>\n<p>ACERCA DEL PRODUCTOR <\/p>\n<p>Desarrollado por IVAN PIRUCH, T\u00e9cnico en computaci\u00f3n gr\u00e1fica y desarrollo web en marketing digital. <\/p>\n<p>Con m\u00e1s de 5 a\u00f1os dise\u00f1ando p\u00e1ginas web en Google Sites, WordPress, Drupal, Joomla, Presta Shop, etc. <\/p>\n<p>Actualmente, realiza mantenimiento y actualizaciones de sistemas operativos para empresas privadas y del sector p\u00fablico. <\/p>\n<p>Se desempe\u00f1a como Docente en el \u00e1rea de Inform\u00e1tica y es capacitador en varios centros educativos de la ciudad Quito Ecuador en redes inal\u00e1mbricas, dise\u00f1o web, instalaci\u00f3n y mantenimiento de sistemas operativos hardware y paquetes de software, as\u00ed como clases privadas, particulares y en grupo.<\/p>\n","protected":false},"excerpt":{"rendered":"<p>Crear una p\u00e1gina web nunca fue tan f\u00e1cil.<\/p>\n<p>Con el MasterClass, DISE\u00d1O WEB CON GOOGLE SITE, Desarrolla tu sitio o p\u00e1gina web de manera profesional desde cero de forma r\u00e1pida y sencilla.<\/p>\n<p>No tienes que tener conocimiento o ser un experto en programaci\u00f3n.<\/p>\n<p>Aprende la plataforma de Google Sites y crea miles de p\u00e1ginas totalmente gratis y publ\u00edcalas en internet para toda la vida.Emprendedores o personas que quieran crear un sitio web profesionalmente para su negocio. Personas que quieran aprender a usar Google Sites.<\/p>\n","protected":false},"featured_media":3207,"template":"","meta":{"_joinchat":[]},"product_brand":[],"product_cat":[316,344],"product_tag":[],"class_list":{"0":"post-11317","1":"product","2":"type-product","3":"status-publish","4":"has-post-thumbnail","6":"product_cat-apps-y-software","7":"product_cat-todos","9":"first","10":"instock","11":"sale","12":"shipping-taxable","13":"product-type-external"},"_links":{"self":[{"href":"https:\/\/cursos.talentup.cl\/index.php?rest_route=\/wp\/v2\/product\/11317","targetHints":{"allow":["GET"]}}],"collection":[{"href":"https:\/\/cursos.talentup.cl\/index.php?rest_route=\/wp\/v2\/product"}],"about":[{"href":"https:\/\/cursos.talentup.cl\/index.php?rest_route=\/wp\/v2\/types\/product"}],"version-history":[{"count":4,"href":"https:\/\/cursos.talentup.cl\/index.php?rest_route=\/wp\/v2\/product\/11317\/revisions"}],"predecessor-version":[{"id":15996,"href":"https:\/\/cursos.talentup.cl\/index.php?rest_route=\/wp\/v2\/product\/11317\/revisions\/15996"}],"wp:featuredmedia":[{"embeddable":true,"href":"https:\/\/cursos.talentup.cl\/index.php?rest_route=\/wp\/v2\/media\/3207"}],"wp:attachment":[{"href":"https:\/\/cursos.talentup.cl\/index.php?rest_route=%2Fwp%2Fv2%2Fmedia&parent=11317"}],"wp:term":[{"taxonomy":"product_brand","embeddable":true,"href":"https:\/\/cursos.talentup.cl\/index.php?rest_route=%2Fwp%2Fv2%2Fproduct_brand&post=11317"},{"taxonomy":"product_cat","embeddable":true,"href":"https:\/\/cursos.talentup.cl\/index.php?rest_route=%2Fwp%2Fv2%2Fproduct_cat&post=11317"},{"taxonomy":"product_tag","embeddable":true,"href":"https:\/\/cursos.talentup.cl\/index.php?rest_route=%2Fwp%2Fv2%2Fproduct_tag&post=11317"}],"curies":[{"name":"wp","href":"https:\/\/api.w.org\/{rel}","templated":true}]}}