{"id":11322,"date":"2023-01-10T04:38:47","date_gmt":"2023-01-10T07:38:47","guid":{"rendered":"https:\/\/cursos.talentup.cl\/?post_type=product&#038;p=11322"},"modified":"2024-02-07T23:36:35","modified_gmt":"2024-02-08T02:36:35","slug":"adobe-illustrator","status":"publish","type":"product","link":"https:\/\/cursos.talentup.cl\/?product=adobe-illustrator","title":{"rendered":"ADOBE ILLUSTRATOR"},"content":{"rendered":"<p>\u00bfQU\u00c9 VAS A LOGRAR?<\/p>\n<p>\u00bfTe parece que dise\u00f1ar es s\u00f3lo para los artistas y magos ilustradores? \u00bfHas tenido la necesidad de crear un dise\u00f1o para alguna ocasi\u00f3n o idea, pero terminas pegando retazos en una diapositiva de Power Point?<\/p>\n<p>Con este Masterclass te dar\u00e1s cuenta que lograr dise\u00f1os profesionales de alta calidad no es materia reservada, y que t\u00fa tambi\u00e9n puedes lograrlo con Illustrator. S\u00f3lo conociendo las herramientas clave, c\u00f3mo funcionan y c\u00f3mo se complementan entre s\u00ed. Al final de este Masterclass lograr\u00e1s:<\/p>\n<p>Hacer dise\u00f1os profesionales de forma r\u00e1pida y sencilla haciendo uso de la herramienta Illustrator.<br \/>\nPodr\u00e1s crear afiches, flyers, brochures, tarjetas de presentaci\u00f3n, banners, logos, etc.<br \/>\nDise\u00f1ar soluciones de comunicaci\u00f3n para cualquier ocasi\u00f3n o idea, para formatos digitales o impresos.<br \/>\nConocer nociones b\u00e1sicas de dise\u00f1o.<br \/>\nConocer las herramientas online para apalancar tus trabajos de dise\u00f1o.<br \/>\nConocer las fuentes de inspiraci\u00f3n y referencia para alimentar tu creatividad.<br \/>\nConvertir este conocimiento en una verdadera habilidad como competencia diferenciadora.<br \/>\nHacer uso de esta herramienta como oportunidad de trabajo volvi\u00e9ndote Profesional Independiente (Freelance).<br \/>\nConocer las herramientas online con las cuales puedes convertir este conocimiento en una habilidad para ofrecer tus servicios como profesional y consolidarlo como una actividad secundaria o principal.<\/p>\n<p>Dirigido a cualquier persona, de cualquier edad. No necesitas tener conocimientos avanzados, ni ser un experto en dise\u00f1o. Tendr\u00e1s el conocimiento necesario para empezar a manejar la herramienta Illustrator y a partir de la pr\u00e1ctica constante convertirte en un experto dise\u00f1ador.<\/p>\n<p>Desarrollado por Juan David Yanez, Profesional en Mercadeo y Publicidad, con una especializaci\u00f3n en Gerencia de Proyectos y Comunicaci\u00f3n Organizacional. <\/p>\n<p>Amplia trayectoria en el desarrollo, dise\u00f1o e implementaci\u00f3n de piezas de comunicaci\u00f3n para medios impresos y digitales y desarrollo de campa\u00f1as de comunicaci\u00f3n. Con m\u00e1s de 3 a\u00f1os de experiencia como Especialista de Comunicaci\u00f3n Interna en una de las compa\u00f1\u00edas de Telecomunicaciones m\u00e1s importantes de Colombia y Latinoam\u00e9rica.<\/p>\n<p>\u00bfC\u00d3MO LO VAS A LOGRAR?<\/p>\n<p>Este curso est\u00e1 organizado en tres bloques de contenido, compuesto por varias lecciones. El primer bloque con la introducci\u00f3n a la herramienta y las nociones b\u00e1sicas; el segundo bloque con lecciones muy pr\u00e1cticas y puntuales sobre las principales herramientas de Illustrator con las que podr\u00e1s pasar a la pr\u00e1ctica inmediatamente.<\/p>\n<p> As\u00ed mismo, un tercer bloque abierto con lecciones adicionales tipo BONUS con ideas, t\u00e9cnicas y efectos nuevos que te ayudar\u00e1n a ampliar tu repertorio de recursos para perfeccionar tus dise\u00f1os. Estos contenidos se publicar\u00e1n peri\u00f3dicamente.<\/p>\n<p>CONTENIDO DEL PROGRAMA:<\/p>\n<p>Introducci\u00f3n a Illustrator.<br \/>\nConceptos b\u00e1sicos.<br \/>\nOrganiza tu espacio de trabajo.<br \/>\nHerramientas de forma y selecci\u00f3n.<br \/>\nRellenos, bordes y trazados.<br \/>\nColores, degradados y transparencia.<br \/>\nPinceles y pluma.<br \/>\nTextos, caracteres y p\u00e1rrafos.<br \/>\nTexto enriquecido.<br \/>\nEfectos de sombra, resplandor, bisel y reflejo.<br \/>\nTrazado compuesto y contornear trazado.<br \/>\nHerramienta m\u00e1scara de recorte.<br \/>\nHerramienta calco de imagen.<br \/>\nHerramientas online complementarias.<br \/>\nHerramientas online para inspiraci\u00f3n.<br \/>\nAprende c\u00f3mo trabajar como freelance.<br \/>\nLecciones BONUS.<\/p>\n","protected":false},"excerpt":{"rendered":"<p>\u00bfTe parece que dise\u00f1ar es s\u00f3lo para los artistas y magos ilustradores? \u00bfHas tenido la necesidad de crear un dise\u00f1o para alguna ocasi\u00f3n o idea, pero terminas pegando retazos en una diapositiva de Power Point?<\/p>\n<p>Con este Masterclass te dar\u00e1s cuenta que lograr dise\u00f1os profesionales de alta calidad no es materia reservada, y que t\u00fa tambi\u00e9n puedes lograrlo con Illustrator. <\/p>\n","protected":false},"featured_media":3212,"template":"","meta":{"_joinchat":[]},"product_brand":[],"product_cat":[316,344],"product_tag":[],"class_list":{"0":"post-11322","1":"product","2":"type-product","3":"status-publish","4":"has-post-thumbnail","6":"product_cat-apps-y-software","7":"product_cat-todos","9":"first","10":"instock","11":"sale","12":"shipping-taxable","13":"product-type-external"},"_links":{"self":[{"href":"https:\/\/cursos.talentup.cl\/index.php?rest_route=\/wp\/v2\/product\/11322","targetHints":{"allow":["GET"]}}],"collection":[{"href":"https:\/\/cursos.talentup.cl\/index.php?rest_route=\/wp\/v2\/product"}],"about":[{"href":"https:\/\/cursos.talentup.cl\/index.php?rest_route=\/wp\/v2\/types\/product"}],"version-history":[{"count":4,"href":"https:\/\/cursos.talentup.cl\/index.php?rest_route=\/wp\/v2\/product\/11322\/revisions"}],"predecessor-version":[{"id":16000,"href":"https:\/\/cursos.talentup.cl\/index.php?rest_route=\/wp\/v2\/product\/11322\/revisions\/16000"}],"wp:featuredmedia":[{"embeddable":true,"href":"https:\/\/cursos.talentup.cl\/index.php?rest_route=\/wp\/v2\/media\/3212"}],"wp:attachment":[{"href":"https:\/\/cursos.talentup.cl\/index.php?rest_route=%2Fwp%2Fv2%2Fmedia&parent=11322"}],"wp:term":[{"taxonomy":"product_brand","embeddable":true,"href":"https:\/\/cursos.talentup.cl\/index.php?rest_route=%2Fwp%2Fv2%2Fproduct_brand&post=11322"},{"taxonomy":"product_cat","embeddable":true,"href":"https:\/\/cursos.talentup.cl\/index.php?rest_route=%2Fwp%2Fv2%2Fproduct_cat&post=11322"},{"taxonomy":"product_tag","embeddable":true,"href":"https:\/\/cursos.talentup.cl\/index.php?rest_route=%2Fwp%2Fv2%2Fproduct_tag&post=11322"}],"curies":[{"name":"wp","href":"https:\/\/api.w.org\/{rel}","templated":true}]}}