{"id":11327,"date":"2023-01-10T04:38:48","date_gmt":"2023-01-10T07:38:48","guid":{"rendered":"https:\/\/cursos.talentup.cl\/?post_type=product&#038;p=11327"},"modified":"2024-02-07T23:36:36","modified_gmt":"2024-02-08T02:36:36","slug":"experta-en-extensiones-de-pestanas","status":"publish","type":"product","link":"https:\/\/cursos.talentup.cl\/?product=experta-en-extensiones-de-pestanas","title":{"rendered":"EXPERTA EN EXTENSIONES DE PESTA\u00d1AS"},"content":{"rendered":"<p>\u00bfDeseas convertirte en una profesional de las Extensiones de Pesta\u00f1as, rentabilizar esta profesi\u00f3n, e incluso iniciar tu propio estudio de belleza?<\/p>\n<p>Con el MasterClass EXPERTA EN EXTENSIONES DE PESTA\u00d1AS, aprender\u00e1s todos los detalles para la colocaci\u00f3n de las pesta\u00f1as pelo a pelo y dominar\u00e1s la t\u00e9cnica cl\u00e1sica hasta nivel experta.<\/p>\n<p>\u00bfQU\u00c9 VAS A LOGRAR?<\/p>\n<p>Conocer\u00e1s la anatom\u00eda de pesta\u00f1a.<\/p>\n<p>Dise\u00f1ar\u00e1s la mirada de acuerdo al tipo de rostro.<\/p>\n<p>Aprender\u00e1s 3 tipos de efectos, para tener variedad de servicios.<\/p>\n<p>Tendr\u00e1s publicidad econ\u00f3mica, efectiva y rentable.<\/p>\n<p>Conocer\u00e1s diferentes grosores de las extensiones.<\/p>\n<p>Aprender\u00e1s como antener la higiene del ojo de tu cliente.<\/p>\n<p>Conocer\u00e1s las herramientas e insumos m\u00e1s profesionales.<\/p>\n<p>Conocer\u00e1s la correcta direcci\u00f3n de las pesta\u00f1as.<\/p>\n<p>Acceder\u00e1s al certificado avalado por Hotmart y Seminarios Online.<\/p>\n<p>\u00bfC\u00d3MO LO VAS A LOGRAR?<\/p>\n<p>A trav\u00e9s del siguiente contenido, estructurado paso a paso:<\/p>\n<p>M\u00d3DULO 1- TEOR\u00cdA<\/p>\n<p>Introducci\u00f3n<br \/>\n\u00bfPor qu\u00e9 \u00e9ste negocio es rentable?<br \/>\nPermisos que puedes necesitar.<br \/>\nHerramientas de trabajo.<br \/>\nEscogiendo los mejores materiales.<br \/>\n\u00bfC\u00f3mo son las pinzas?<br \/>\n\u00bfQu\u00e9 pinzas uso?<br \/>\nConociendo los materiales.<br \/>\nAlmacenamiento de materiales.<br \/>\nOrganiza t\u00fa \u00e1rea de trabajo.<br \/>\nConoce la pesta\u00f1a natural por dentro y por fuera.<br \/>\nEl p\u00e1rpado tiene capas de pesta\u00f1as.<br \/>\n\u00bfPor qu\u00e9 le llaman extensiones de pesta\u00f1as?<br \/>\nLongitudes de extensiones de pesta\u00f1as.<br \/>\nCurvas de extensiones de pesta\u00f1as.<br \/>\nGrosores de extensiones.<br \/>\n\u00bfC\u00f3mo funciona el adhesivo?<br \/>\nEl higr\u00f3metro.<br \/>\nTips para aprovechar el adhesivo.<br \/>\n\u00bfD\u00f3nde colocar la gota del adhesivo?<br \/>\n\u00bfQu\u00e9 es retenci\u00f3n?<br \/>\nEl Ph importa.<br \/>\n\u00bfC\u00f3mo funciona el Lash Primer?<\/p>\n<p>M\u00d3DULO 2 &#8211; DISE\u00d1AR DE ACUERDO A LA MIRADA<\/p>\n<p>\u00bfQu\u00e9 es mapping?<br \/>\nDise\u00f1o de p\u00e1rpado ca\u00eddo.<br \/>\nMapping ojos grandes.<br \/>\nDise\u00f1ar para ojos grandes.<br \/>\nMapping ojos peque\u00f1os.<br \/>\nPr\u00e1ctica &#8211; dise\u00f1ar para ojos peque\u00f1os .<br \/>\nIntroducci\u00f3n a la pr\u00e1ctica.<\/p>\n<p>M\u00d3DULO 3 &#8211; PR\u00c1CTICA EN MODELO REAL<\/p>\n<p>Preparaci\u00f3n del cliente.<br \/>\nPr\u00e1ctica en modelo real.<br \/>\nAplicaci\u00f3n en comisura.<br \/>\nAplicaci\u00f3n en medio.<br \/>\nResultado final.<\/p>\n<p>M\u00d3DULO 4 &#8211; MANTENIMIENTO Y REMOCI\u00d3N DE EXTENSIONES<\/p>\n<p>Mantenimiento \u00f3 service.<br \/>\nRemoci\u00f3n mec\u00e1nica en pesta\u00f1as de pr\u00e1ctica.<br \/>\nRemoci\u00f3n qu\u00edmica.<br \/>\nRemoci\u00f3n mec\u00e1nica en cliente.<\/p>\n<p>M\u00d3DULO 5 &#8211; ALERGIAS Y OTROS FACTORES<\/p>\n<p>Alergias y contraindicaciones.<br \/>\nFactores que afectan la retenci\u00f3n.<\/p>\n<p>M\u00d3DULO 6 \u2013 MATERIAL ADICIONAL (BONOS)<\/p>\n<p>Publicidad econ\u00f3mica.<br \/>\nEjemplo de mala praxis.<br \/>\nEfecto rimel.<br \/>\nVolumen brasilero.<\/p>\n<p>M\u00d3DULO 7 &#8211; \u00bfC\u00d3MO OBTENER TU CERTIFICADO?<\/p>\n<p>\u00bfC\u00f3mo obtener tu certificado?<\/p>\n<p>ACERCA DE LA PRODUCTORA<\/p>\n<p>Desarrollado por CAROLINA GUILARTE es una Profesional de las extensiones de pesta\u00f1as desde hace m\u00e1s de 3 a\u00f1os, con m\u00e1s de 10 certificaciones a nivel internacional convirti\u00e9ndose en una referente de la industria en Buenos Aires, Argentina, cuya experiencia y grandes resultados en tan poco tiempo, han logrado hacer crecer su negocio a gran escala para convertirse en una de las referentes del rubro, en este pa\u00eds.<\/p>\n","protected":false},"excerpt":{"rendered":"<p>\u00bfDeseas convertirte en una profesional de las Extensiones de Pesta\u00f1as, rentabilizar esta profesi\u00f3n, e incluso iniciar tu propio estudio de belleza?<\/p>\n<p>Con el MasterClass EXPERTA EN EXTENSIONES DE PESTA\u00d1AS, aprender\u00e1s todos los detalles para la colocaci\u00f3n de las pesta\u00f1as pelo a pelo y dominar\u00e1s la t\u00e9cnica cl\u00e1sica hasta nivel experta.<\/p>\n","protected":false},"featured_media":3216,"template":"","meta":{"_joinchat":[]},"product_brand":[],"product_cat":[317,344],"product_tag":[],"class_list":{"0":"post-11327","1":"product","2":"type-product","3":"status-publish","4":"has-post-thumbnail","6":"product_cat-belleza-y-moda","7":"product_cat-todos","9":"first","10":"instock","11":"sale","12":"shipping-taxable","13":"product-type-external"},"_links":{"self":[{"href":"https:\/\/cursos.talentup.cl\/index.php?rest_route=\/wp\/v2\/product\/11327","targetHints":{"allow":["GET"]}}],"collection":[{"href":"https:\/\/cursos.talentup.cl\/index.php?rest_route=\/wp\/v2\/product"}],"about":[{"href":"https:\/\/cursos.talentup.cl\/index.php?rest_route=\/wp\/v2\/types\/product"}],"version-history":[{"count":4,"href":"https:\/\/cursos.talentup.cl\/index.php?rest_route=\/wp\/v2\/product\/11327\/revisions"}],"predecessor-version":[{"id":16002,"href":"https:\/\/cursos.talentup.cl\/index.php?rest_route=\/wp\/v2\/product\/11327\/revisions\/16002"}],"wp:featuredmedia":[{"embeddable":true,"href":"https:\/\/cursos.talentup.cl\/index.php?rest_route=\/wp\/v2\/media\/3216"}],"wp:attachment":[{"href":"https:\/\/cursos.talentup.cl\/index.php?rest_route=%2Fwp%2Fv2%2Fmedia&parent=11327"}],"wp:term":[{"taxonomy":"product_brand","embeddable":true,"href":"https:\/\/cursos.talentup.cl\/index.php?rest_route=%2Fwp%2Fv2%2Fproduct_brand&post=11327"},{"taxonomy":"product_cat","embeddable":true,"href":"https:\/\/cursos.talentup.cl\/index.php?rest_route=%2Fwp%2Fv2%2Fproduct_cat&post=11327"},{"taxonomy":"product_tag","embeddable":true,"href":"https:\/\/cursos.talentup.cl\/index.php?rest_route=%2Fwp%2Fv2%2Fproduct_tag&post=11327"}],"curies":[{"name":"wp","href":"https:\/\/api.w.org\/{rel}","templated":true}]}}