{"id":11328,"date":"2023-01-10T04:38:48","date_gmt":"2023-01-10T07:38:48","guid":{"rendered":"https:\/\/cursos.talentup.cl\/?post_type=product&#038;p=11328"},"modified":"2024-02-07T23:36:36","modified_gmt":"2024-02-08T02:36:36","slug":"pestanas-pelo-a-pelo-y-volumen-ruso","status":"publish","type":"product","link":"https:\/\/cursos.talentup.cl\/?product=pestanas-pelo-a-pelo-y-volumen-ruso","title":{"rendered":"PESTA\u00d1AS PELO A PELO Y VOLUMEN RUSO"},"content":{"rendered":"<p>\u00bfSab\u00edas que lograr ciertos estereotipos en temas de belleza, logra cifras inalcanzables de ventas en este sector?<\/p>\n<p>Con el MasterClass PESTA\u00d1AS PELO A PELO Y VOLUMEN RUSO, te convertir\u00e1s en lashista profesional y lograr\u00e1s un negocio rentable y exitoso.<\/p>\n<p>\u00bfQU\u00c9 VAS A LOGRAR?<\/p>\n<p>Podr\u00e1s aprender de forma muy did\u00e1ctica todos los temas relacionados con esta t\u00e9cnica. <\/p>\n<p>Aprender\u00e1s desde lo m\u00e1s b\u00e1sico, hasta las especialidades que te convertir\u00e1n en un lashista profesional.<\/p>\n<p>Gracias a la ayuda de expertos en belleza, hemos preparado este curso para todos ustedes paso a paso en videos demostrativos, donde aprender\u00e1s a poner correctamente extensiones.<\/p>\n<p>Identificar\u00e1s todos los tipos de ojos que existen y el tipo de dise\u00f1o que tienen. As\u00ed tambi\u00e9n hacer las correcciones necesarias, personalizando tu trabajo.<\/p>\n<p>Conseguir\u00e1s m\u00e1s clientes, mayores entradas de dinero y te convertir\u00e1s en un gran profesional.<\/p>\n<p>Acceder\u00e1s al certificado avalado por Hotmart y Seminarios Online.<\/p>\n<p>\u00bfC\u00d3MO LO VAS A LOGRAR?<\/p>\n<p>A trav\u00e9s del siguiente contenido, estructurado paso a paso:<\/p>\n<p>M\u00d3DULO 1 &#8211; BIENVENIDA<\/p>\n<p>Bienvenida.<br \/>\nGrupos de apoyo.<\/p>\n<p>M\u00d3DULO 2 &#8211; JUSTIFICACI\u00d3N<\/p>\n<p>Lo que aprender\u00e1s.<br \/>\nCompromiso de aprendizaje.<\/p>\n<p>M\u00d3DULO 3 &#8211; MATERIALES<\/p>\n<p>Introducci\u00f3n a materiales.<br \/>\nMateriales de las pesta\u00f1as.<br \/>\nLas extensiones de pesta\u00f1as.<br \/>\nLas pinzas.<br \/>\nLos adhesivos.<br \/>\nPrimer y adhesivos.<br \/>\nRemovedores.<br \/>\nMateriales desechables.<\/p>\n<p>M\u00d3DULO 4 &#8211; LAS PESTA\u00d1AS NATURALES<\/p>\n<p>Caracter\u00edsticas de las pesta\u00f1as.<br \/>\nFases de las pesta\u00f1as.<br \/>\nTipos de pesta\u00f1as.<br \/>\nTipo de ojos.<\/p>\n<p>M\u00d3DULO 5 &#8211; LAS PESTA\u00d1AS ARTIFICIALES<\/p>\n<p>Pesta\u00f1as artificiales.<br \/>\nClasificaci\u00f3n de las extensiones.<\/p>\n<p>M\u00d3DULO 6 &#8211; MAPAS DE APLICACI\u00d3N<\/p>\n<p>Mapas de aplicaci\u00f3n.<br \/>\nCreaci\u00f3n de mapas de aplicaci\u00f3n.<br \/>\nMapa de aplicaci\u00f3n \u2013 ojo natural.<br \/>\nMapa de aplicaci\u00f3n \u2013 ojo de gato.<\/p>\n<p>M\u00d3DULO 7 &#8211; EFECTOS<\/p>\n<p>Efectos de las extensiones.<\/p>\n<p>M\u00d3DULO 8 &#8211; FICHA TECNICA<\/p>\n<p>Introducci\u00f3n a la ficha t\u00e9cnica.<br \/>\nContenido de la ficha t\u00e9cnica.<br \/>\nAlergias.<\/p>\n<p>M\u00d3DULO 9 &#8211; PRACTICAS EN PLANTILLAS<\/p>\n<p>Introducci\u00f3n de las actividades.<br \/>\nPreparaci\u00f3n de la plantilla.<br \/>\nEjercicios en plantillas.<br \/>\nPas\u00f3 a paso en plantillas.<br \/>\nActividad plantilla #1 \u2013 Efecto natural.<br \/>\nActividad plantilla #2 \u2013 Efecto pesta\u00f1ina.<br \/>\nActividad plantilla #3 \u2013 Efecto Volumen.<\/p>\n<p>M\u00d3DULO 10 &#8211; PRACTICAS EN CABEZOTE<\/p>\n<p>Preparaci\u00f3n del cabezote.<br \/>\nEjercicio #1 \u2013 Cabezote t\u00e9cnica cl\u00e1sica<br \/>\nEjercicio #2 \u2013 Volumen ruso.<br \/>\nEjercicio #3 \u2013 Mega Volumen.<br \/>\nCreaci\u00f3n de abanicos.<\/p>\n<p>M\u00d3DULO 11 &#8211; PRACTICAS EN MODELOS<\/p>\n<p>Introducci\u00f3n a pr\u00e1cticas sobre modelos.<br \/>\nPreparaci\u00f3n de la modelo.<br \/>\nSelecci\u00f3n de mapa de aplicaci\u00f3n.<br \/>\nModelo #1 \u2013 Paso a paso.<br \/>\nModelo #1 \u2013 Finalizado.<br \/>\nModelo #2 \u2013 Volumen ruso.<\/p>\n<p>M\u00d3DULO 12- MATERIAL ADICIONAL (BONUS)<\/p>\n<p>Introducci\u00f3n<br \/>\nMateriales.<br \/>\nEstudio de los ojos.<br \/>\nTipo de ojos.<br \/>\nTipo de pesta\u00f1as.<br \/>\nIntroducci\u00f3n a la aplicaci\u00f3n.<br \/>\nT\u00e9cnica de aplicaci\u00f3n.<br \/>\nResumen.<br \/>\nPaso a paso y recomendaciones.<br \/>\nPr\u00e1cticas en plantillas.<br \/>\nPr\u00e1cticas de tira.<br \/>\nRetiro de pesta\u00f1as.<br \/>\nTips de aplicaci\u00f3n.<br \/>\nPreparaci\u00f3n punto a punto.<br \/>\nPaso a paso punto a punto.<br \/>\nPelo a pelo finalizado.<br \/>\nRemoci\u00f3n.<br \/>\nPrevio.<br \/>\nFinal.<\/p>\n<p>M\u00d3DULO 13 &#8211; VIDEO RESPUESTAS<\/p>\n<p>Preguntas frecuentes.<br \/>\nComo realizar las practicas.<br \/>\nMarcas de materiales.<br \/>\nTipos de adhesivos que me sirven.<br \/>\nComo evitar grumos parte #1.<br \/>\nComo evitar grumos parte #2.<\/p>\n<p>M\u00d3DULO 14 &#8211; \u00bfCOMO OBTENER TU CERTIFICADO?<\/p>\n<p>\u00bfC\u00f3mo obtener el certificado?<\/p>\n<p>ACERCA DE LA PRODUCTORA<\/p>\n<p>Desarrollado por KATERIN JIMENEZ, t\u00e9cnico profesional en el \u00e1rea de la belleza desde el a\u00f1o 2010.<\/p>\n<p>Instructora de belleza y cosmetolog\u00eda integral desde el a\u00f1o 2012.<\/p>\n<p>Especializada en docencia y pedagog\u00eda, es una maestra que entrega lo mejor en todas sus capacitaciones.<\/p>\n<p>Comprometida con el aprendizaje constante, se mantiene a la vanguardia e implementa m\u00e9todos que se convierten f\u00e1cilmente en tendencia dentro de su comunidad de estudiantes.<\/p>\n<p>Cofundadora de BellasBellas.com<\/p>\n","protected":false},"excerpt":{"rendered":"<p>\u00bfSab\u00edas que lograr ciertos estereotipos en temas de belleza, logra cifras inalcanzables de ventas en este sector?<\/p>\n<p>Con el MasterClass PESTA\u00d1AS PELO A PELO Y VOLUMEN RUSO, te convertir\u00e1s en lashista profesional y lograr\u00e1s un negocio rentable y exitoso.<\/p>\n","protected":false},"featured_media":3217,"template":"","meta":{"_joinchat":[]},"product_brand":[],"product_cat":[317,344],"product_tag":[],"class_list":{"0":"post-11328","1":"product","2":"type-product","3":"status-publish","4":"has-post-thumbnail","6":"product_cat-belleza-y-moda","7":"product_cat-todos","9":"first","10":"instock","11":"sale","12":"shipping-taxable","13":"product-type-external"},"_links":{"self":[{"href":"https:\/\/cursos.talentup.cl\/index.php?rest_route=\/wp\/v2\/product\/11328","targetHints":{"allow":["GET"]}}],"collection":[{"href":"https:\/\/cursos.talentup.cl\/index.php?rest_route=\/wp\/v2\/product"}],"about":[{"href":"https:\/\/cursos.talentup.cl\/index.php?rest_route=\/wp\/v2\/types\/product"}],"version-history":[{"count":2,"href":"https:\/\/cursos.talentup.cl\/index.php?rest_route=\/wp\/v2\/product\/11328\/revisions"}],"predecessor-version":[{"id":13933,"href":"https:\/\/cursos.talentup.cl\/index.php?rest_route=\/wp\/v2\/product\/11328\/revisions\/13933"}],"wp:featuredmedia":[{"embeddable":true,"href":"https:\/\/cursos.talentup.cl\/index.php?rest_route=\/wp\/v2\/media\/3217"}],"wp:attachment":[{"href":"https:\/\/cursos.talentup.cl\/index.php?rest_route=%2Fwp%2Fv2%2Fmedia&parent=11328"}],"wp:term":[{"taxonomy":"product_brand","embeddable":true,"href":"https:\/\/cursos.talentup.cl\/index.php?rest_route=%2Fwp%2Fv2%2Fproduct_brand&post=11328"},{"taxonomy":"product_cat","embeddable":true,"href":"https:\/\/cursos.talentup.cl\/index.php?rest_route=%2Fwp%2Fv2%2Fproduct_cat&post=11328"},{"taxonomy":"product_tag","embeddable":true,"href":"https:\/\/cursos.talentup.cl\/index.php?rest_route=%2Fwp%2Fv2%2Fproduct_tag&post=11328"}],"curies":[{"name":"wp","href":"https:\/\/api.w.org\/{rel}","templated":true}]}}