{"id":11331,"date":"2023-01-10T04:38:48","date_gmt":"2023-01-10T07:38:48","guid":{"rendered":"https:\/\/cursos.talentup.cl\/?post_type=product&#038;p=11331"},"modified":"2024-02-07T23:36:36","modified_gmt":"2024-02-08T02:36:36","slug":"bronceado-instantaneo-sin-sol","status":"publish","type":"product","link":"https:\/\/cursos.talentup.cl\/?product=bronceado-instantaneo-sin-sol","title":{"rendered":"BRONCEADO INSTANT\u00c1NEO SIN SOL"},"content":{"rendered":"<p>\u00bfSab\u00edas que el Bronceado Instant\u00e1neo con Spray se puede aprender desde la comodidad de tu casa?<\/p>\n<p>Con el MasterClass BRONCEADO INSTANT\u00c1NEO SIN SOL, aprender\u00e1s a realizarlo en forma sencilla y ordenada y a llevar tu negocio de la est\u00e9tica a un alto nivel.<\/p>\n<p>\u00bfQU\u00c9 VAS A LOGRAR?<\/p>\n<p>Tendr\u00e1s por fin tu negocio propio y altamente rentable, con la explicaci\u00f3n precisa para que sea f\u00e1cil y r\u00e1pido de montar, aprovechando la impresionante demanda que tienen en este momento este tipo de servicio.<\/p>\n<p>A\u00f1adir\u00e1s un nuevo servicio a tu sal\u00f3n de belleza o comenzar desde cero y tener por fin tu negocio propio y altamente rentable.<\/p>\n<p>Conocer\u00e1s el valor de tu tiempo y la importancia dentro de este negocio.<\/p>\n<p>Podr\u00e1s un precio justo a tus servicios.<\/p>\n<p>Tendr\u00e1s libertad de espacio para trabajar, puedes hacerlo a domicilio o en tu sal\u00f3n de belleza.<\/p>\n<p>Sabr\u00e1s los mejores Tips para promocionar tu negocio en redes sociales basadas en la experiencia propia.<\/p>\n<p>Acceder\u00e1s al certificado avalado por Hotmart y Seminarios Online.<\/p>\n<p>\u00bfC\u00d3MO LO VAS A LOGRAR?<\/p>\n<p>A trav\u00e9s del siguiente contenido, estructurado paso a paso:<\/p>\n<p>M\u00d3DULO 1 &#8211; INICIANDO EL PROYECTO<\/p>\n<p>Bienvenida<br \/>\n\u00bfC\u00f3mo realizar el curso?<br \/>\n\u00bfPor qu\u00e9 es rentable este negocio?<br \/>\n\u00bfQu\u00e9 es el Bronceado Instant\u00e1neo Dha?<br \/>\nMateriales Principales<br \/>\nEl equipo bronceador<br \/>\nLa loci\u00f3n bronceadora<br \/>\nDonde conseguir el equipo<br \/>\nDonde conseguir la loci\u00f3n<\/p>\n<p>M\u00d3DULO 2 &#8211; PRACTICANDO CON EL EQUIPO<\/p>\n<p>Armado y funcionamiento del equipo.<br \/>\nPracticando con el equipo.<br \/>\nT\u00e9cnica de bronceado 1.<br \/>\nT\u00e9cnica de bronceado 2.<br \/>\nCantidad de sesiones.<br \/>\n\u00bfcu\u00e1nto te puedes ganar?<\/p>\n<p>M\u00d3DULO 3 &#8211; TUS PRIMEROS CLIENTES<\/p>\n<p>Iniciando tu proyecto.<br \/>\nTus primeros clientes.<br \/>\nEstrategia baby shower.<br \/>\nSorteos como estrategias.<\/p>\n<p>M\u00d3DULO 4 &#8211; MATERIAL ADICIONAL (BONOS)<\/p>\n<p>Bono 1: (PDF) Ficha informativa.<br \/>\nBono 2: (PDF) Ficha del cliente.<br \/>\nBono 3: (PDF) Ficha cuidados posteriores.<\/p>\n<p>M\u00d3DULO 5 &#8211; VIDEO RESPUESTAS A PREGUNTAS FRECUENTES<\/p>\n<p>\u00bfEl bronceado DHA puede producir alg\u00fan tipo de reacci\u00f3n al\u00e9rgica?<br \/>\n\u00bfCu\u00e1nto dura normalmente el bronceado?<br \/>\n\u00bfSe ha de proteger el cabello?<br \/>\n\u00bfSe manchar\u00e1 la ropa?<br \/>\n\u00bfCada cuanto se puede hacer una sesi\u00f3n?<br \/>\n\u00bfPuede una mujer embarazada realizarse sesi\u00f3n?<\/p>\n<p>M\u00d3DULO 6 &#8211; \u00bfC\u00d3MO OBTENER TU CERTIFICADO?<\/p>\n<p>\u00bfC\u00f3mo obtener tu certificado?<\/p>\n<p>ACERCA DEL PRODUCTOR<\/p>\n<p>Desarrollado por CARLOS MEDINA, argentino, emprendedor y con deseos de ense\u00f1ar a otros. <\/p>\n<p>Experto en la industria de la belleza con m\u00e1s de 10 a\u00f1os de experiencia en Latinoam\u00e9rica y Espa\u00f1a. <\/p>\n<p>Especialista en tratamientos faciales y corporales con Radiofrecuencia y Ondas Galv\u00e1nicas. Master Trainer en Restauraci\u00f3n y Camuflaje de Estr\u00edas, Cicatrices y Ojeras.<\/p>\n","protected":false},"excerpt":{"rendered":"<p>\u00bfSab\u00edas que el Bronceado Instant\u00e1neo con Spray se puede aprender desde la comodidad de tu casa?<\/p>\n<p>Con el MasterClass BRONCEADO INSTANT\u00c1NEO SIN SOL, aprender\u00e1s a realizarlo en forma sencilla y ordenada y a llevar tu negocio de la est\u00e9tica a un alto nivel.<\/p>\n","protected":false},"featured_media":3220,"template":"","meta":{"_joinchat":[]},"product_brand":[],"product_cat":[317,344],"product_tag":[],"class_list":{"0":"post-11331","1":"product","2":"type-product","3":"status-publish","4":"has-post-thumbnail","6":"product_cat-belleza-y-moda","7":"product_cat-todos","9":"first","10":"instock","11":"sale","12":"shipping-taxable","13":"product-type-external"},"_links":{"self":[{"href":"https:\/\/cursos.talentup.cl\/index.php?rest_route=\/wp\/v2\/product\/11331","targetHints":{"allow":["GET"]}}],"collection":[{"href":"https:\/\/cursos.talentup.cl\/index.php?rest_route=\/wp\/v2\/product"}],"about":[{"href":"https:\/\/cursos.talentup.cl\/index.php?rest_route=\/wp\/v2\/types\/product"}],"version-history":[{"count":2,"href":"https:\/\/cursos.talentup.cl\/index.php?rest_route=\/wp\/v2\/product\/11331\/revisions"}],"predecessor-version":[{"id":13936,"href":"https:\/\/cursos.talentup.cl\/index.php?rest_route=\/wp\/v2\/product\/11331\/revisions\/13936"}],"wp:featuredmedia":[{"embeddable":true,"href":"https:\/\/cursos.talentup.cl\/index.php?rest_route=\/wp\/v2\/media\/3220"}],"wp:attachment":[{"href":"https:\/\/cursos.talentup.cl\/index.php?rest_route=%2Fwp%2Fv2%2Fmedia&parent=11331"}],"wp:term":[{"taxonomy":"product_brand","embeddable":true,"href":"https:\/\/cursos.talentup.cl\/index.php?rest_route=%2Fwp%2Fv2%2Fproduct_brand&post=11331"},{"taxonomy":"product_cat","embeddable":true,"href":"https:\/\/cursos.talentup.cl\/index.php?rest_route=%2Fwp%2Fv2%2Fproduct_cat&post=11331"},{"taxonomy":"product_tag","embeddable":true,"href":"https:\/\/cursos.talentup.cl\/index.php?rest_route=%2Fwp%2Fv2%2Fproduct_tag&post=11331"}],"curies":[{"name":"wp","href":"https:\/\/api.w.org\/{rel}","templated":true}]}}