{"id":11447,"date":"2023-01-10T04:38:58","date_gmt":"2023-01-10T07:38:58","guid":{"rendered":"https:\/\/cursos.talentup.cl\/?post_type=product&#038;p=11447"},"modified":"2024-02-07T23:36:42","modified_gmt":"2024-02-08T02:36:42","slug":"master-en-unas-acrilicas","status":"publish","type":"product","link":"https:\/\/cursos.talentup.cl\/?product=master-en-unas-acrilicas","title":{"rendered":"MASTER EN U\u00d1AS ACR\u00cdLICAS"},"content":{"rendered":"<p>\u00bfHas so\u00f1ado con tener tu propio negocio en una categor\u00eda de belleza de alto crecimiento?<\/p>\n<p>Con el MasterClass, M\u00c1STER EN U\u00d1AS ACR\u00cdLICAS, aprende c\u00f3mo hacerlo.<\/p>\n<p>Aqu\u00ed te ense\u00f1amos desde cero, los tipos de u\u00f1as que existen y los implementos para que hagas un trabajo profesional.<\/p>\n<p>Adem\u00e1s, todo lo referente a los secretos de las u\u00f1as acr\u00edlicas sin ser un experto.<\/p>\n<p>\u00bfQU\u00c9 VAS A LOGRAR?<\/p>\n<p>Aprender\u00e1s la anatom\u00eda de las u\u00f1as naturales y artificiales.<\/p>\n<p>Aprender\u00e1s c\u00f3mo optimizar tu espacio de trabajo de forma r\u00e1pida, f\u00e1cil y sencilla.<\/p>\n<p>Conocer\u00e1s los tipos de u\u00f1as que existen y los implementos para un trabajo profesional.<\/p>\n<p>Conocer\u00e1s los mejores tips para montar u\u00f1as de manera r\u00e1pida y eficiente.<\/p>\n<p>Aprender\u00e1s los diferentes tipos de materiales y c\u00f3mo se utilizan.<\/p>\n<p>Conocer\u00e1s las clases de puntas, limados y los distintos colores en acabados y dise\u00f1os.<\/p>\n<p>Aprender\u00e1s el uso adecuado de las herramientas para un acabado de calidad.<\/p>\n<p>Aprender\u00e1s a realizar una correcta limpieza y preparaci\u00f3n de una u\u00f1a natural.<\/p>\n<p>Realizar\u00e1s u\u00f1as esculpidas acr\u00edlicas y con tips.<\/p>\n<p>Aprender\u00e1s a realizar los dise\u00f1os, cortes y preparaci\u00f3n de las u\u00f1as desde cero y sin experiencia.<\/p>\n<p>Conocer\u00e1s los distintos tipos de u\u00f1as artificiales que existen.<\/p>\n<p>Aprender\u00e1s a crear, a colocar y a retirar las u\u00f1as.<\/p>\n<p>Aprender\u00e1s las mejores t\u00e9cnicas sobre Nail Art de forma divertida y apasionante.<\/p>\n<p>Aprender\u00e1s como hacerte t\u00fa misma tus dise\u00f1os favoritos, desde la comodidad de tu casa y ahorr\u00e1ndote el pago del mantenimiento semanal de tus u\u00f1as.<\/p>\n<p>Generar\u00e1s ingresos extras brindando el servicio de manicure que es uno de los m\u00e1s cotizados en la industria de la belleza actualmente.<\/p>\n<p>Aprender\u00e1s a tu propio ritmo, sin presiones y de una forma f\u00e1cil y r\u00e1pida.<\/p>\n<p>Acceder\u00e1s al certificado avalado por Hotmart y Seminarios Online.<\/p>\n<p>\u00bfC\u00d3MO LO VAS A LOGRAR?<\/p>\n<p>A trav\u00e9s del siguiente contenido:<\/p>\n<p>INTRODUCCI\u00d3N. <\/p>\n<p>Video 1 Bienvenida.<\/p>\n<p>M\u00d3DULO No. 1 \u2013 T\u00e9cnicas de control de perlas.<\/p>\n<p>Video 2 &#8211; control de perlas.<br \/>\nVideo 3 &#8211; T\u00e9cnicas Control de perla.<\/p>\n<p>M\u00d3DULO No. 2 \u2013 Preparaci\u00f3n de la U\u00f1a.<\/p>\n<p>Video 4 &#8211; Preparaci\u00f3n de la U\u00f1a.<br \/>\nVideo 5 Preparaci\u00f3n de la U\u00f1a.<\/p>\n<p>M\u00d3DULO No 3 \u2013 Colocaci\u00f3n de tips.<\/p>\n<p>Video 6 colocaci\u00f3n de tips.<br \/>\nVideo 7 colocaci\u00f3n de tips.<\/p>\n<p>M\u00d3DULO No 4 \u2013 Estructura Ballerina + T\u00e9cnica Baby Boomer + Limado.<\/p>\n<p>Video 8 Estructura Ballerina + Tecnica Baby Boomer + Limado.<br \/>\nVideo 9 Estructura Ballerina + T\u00e9cnica Baby Boomer + Limado.<\/p>\n<p>M\u00d3DULO No 5 \u2013 Estructura Cuadrada + T\u00e9cnica Reversa + Limado.<\/p>\n<p>Video 10 Estructura Cuadrada + Tecnica Reversa.<br \/>\nVideo 11 Estructura Cuadrada + T\u00e9cnica Reversa.<\/p>\n<p>M\u00d3DULO No 6 \u2013 Estructura Almond Esculpida + T\u00e9cnica Encapsulado Glitter + Limado.<\/p>\n<p>Video 12 Estructura Almond Esculpida + Tecnica Emcapsulado Glitter.<br \/>\nVideo 13 Estructura Almond Esculpida + T\u00e9cnica Emcapsulado Glitter.<\/p>\n<p>M\u00d3DULO No 7 \u2013 Estructura Sttileto + T\u00e9cnica M\u00e1rmol + Limado.<\/p>\n<p>Video 14 Estructura Sttileto + T\u00e9cnica M\u00e1rmol.<br \/>\nVideo 15 Estructura Sttileto + T\u00e9cnica M\u00e1rmol.<\/p>\n<p>M\u00d3DULO No 8 \u2013 Bono Masterclass Clase en Vivo.<\/p>\n<p>Video 16 MasterClass Clase en Vivo.<br \/>\nVideo 17 MasterClass Clase en Vivo parte 1.<br \/>\nVideo 18 MasterClass Clase en Vivo parte 2.<br \/>\nVideo 19 MasterClass Clase en Vivo parte 3.<\/p>\n<p>M\u00d3DULO No 9 \u2013 Manicure y Pedicura Semipermanente.<\/p>\n<p>Video 20 Manicure mas semipermanente.<br \/>\nVideo 21 Pedicura Semipermanente.<\/p>\n<p>M\u00d3DULO No 10 \u2013 Retiro de U\u00f1as Acr\u00edlicas.<\/p>\n<p>Video 22 Retiro de U\u00f1as Acr\u00edlicas.<\/p>\n<p>BONUS <\/p>\n<p>BONO 1 DE AUTOMAQUILLAJE.<\/p>\n<p>PARTE 1 &#8211; TIPOS DE PIEL &#038; PRODUCTOS A USAR SEG\u00daN EL TIPO DE PIEL.<br \/>\nPARTE 2 &#8211; SKINCARE ANTES DEL MAQUILLAJE.<br \/>\nPARTE 3 &#8211; DISE\u00d1O DE CEJAS VISAGISMO.<br \/>\nPARTE 4 &#8211; CEJAS DEGRADADAS.<br \/>\nPARTE 5 &#8211; CEJAS COMO PRINCIPIANTES.<br \/>\nPARTE 6 &#8211; CORRECCI\u00d3N DE CEJAS.<br \/>\nPARTE 7 &#8211; MAQUILLAJE DE OJOS. PREPARACI\u00d3N DEL P\u00c1RPADO<br \/>\nPARTE 8 &#8211; PARTES DEL P\u00c1RPADO.<br \/>\nPARTE 9 &#8211; MAQUILLAJE DE OJOS.<br \/>\nPARTE 10 &#8211; TIPOS DE CORRECTORES.<br \/>\nPARTE 11 &#8211; CORRECCI\u00d3N DE IMPERFECCIONES.<br \/>\nPARTE 12 &#8211; APLICACI\u00d3N CORRECTA DE LA BASE.<br \/>\nPARTE 13 &#8211; CONTORNO E ILUMINACI\u00d3N.<br \/>\nPARTE 14 &#8211; COMO TRANSFORMAR UN V\u00cdDEO DE D\u00cdA A UNO DE NOCHE.<\/p>\n<p>BONO 2 PLANTILLAS DESCARGABLES: (DENTRO DEL DRIVE EST\u00c1N)<br \/>\nBONO 3 MASTERCLASS ENVIVO: (CAPACITACI\u00d3N REALIZADA EN VIVO CON PREGUNTAS Y RESPUESTAS DE LAS CAPACITADAS DE MANERA PRESENCIAL)<\/p>\n<p>ACERCA DE LA PRODUCTORA<\/p>\n<p>Desarrollado por YOLIMA LAFAURIE; colombiana, Master Instructor Certificada en u\u00f1as acr\u00edlicas.<\/p>\n<p>Yolima es una mujer emprendedora y con deseos de ense\u00f1ar a otros. <\/p>\n<p>Cuenta con m\u00e1s de 8 a\u00f1os en el mundo de las u\u00f1as.<\/p>\n<p>Se ha capacitado y contin\u00faa haci\u00e9ndolo, con exponentes internacionales para seguir brindando lo mejor, actualmente vive en Barranquilla donde imparte de 2 a 3 capacitaciones presenciales mensuales.<\/p>\n","protected":false},"excerpt":{"rendered":"<p>\u00bfHas so\u00f1ado con tener tu propio negocio en una categor\u00eda de belleza de alto crecimiento?<\/p>\n<p>Con el MasterClass, M\u00c1STER EN U\u00d1AS ACR\u00cdLICAS, aprende c\u00f3mo hacerlo.<\/p>\n<p>Aqu\u00ed te ense\u00f1amos desde cero, los tipos de u\u00f1as que existen y los implementos para que hagas un trabajo profesional.<\/p>\n<p>Adem\u00e1s, todo lo referente a los secretos de las u\u00f1as acr\u00edlicas sin ser un experto.<\/p>\n","protected":false},"featured_media":3275,"template":"","meta":{"_joinchat":[]},"product_brand":[],"product_cat":[317,344],"product_tag":[],"class_list":{"0":"post-11447","1":"product","2":"type-product","3":"status-publish","4":"has-post-thumbnail","6":"product_cat-belleza-y-moda","7":"product_cat-todos","9":"first","10":"instock","11":"sale","12":"shipping-taxable","13":"product-type-external"},"_links":{"self":[{"href":"https:\/\/cursos.talentup.cl\/index.php?rest_route=\/wp\/v2\/product\/11447","targetHints":{"allow":["GET"]}}],"collection":[{"href":"https:\/\/cursos.talentup.cl\/index.php?rest_route=\/wp\/v2\/product"}],"about":[{"href":"https:\/\/cursos.talentup.cl\/index.php?rest_route=\/wp\/v2\/types\/product"}],"version-history":[{"count":2,"href":"https:\/\/cursos.talentup.cl\/index.php?rest_route=\/wp\/v2\/product\/11447\/revisions"}],"predecessor-version":[{"id":13992,"href":"https:\/\/cursos.talentup.cl\/index.php?rest_route=\/wp\/v2\/product\/11447\/revisions\/13992"}],"wp:featuredmedia":[{"embeddable":true,"href":"https:\/\/cursos.talentup.cl\/index.php?rest_route=\/wp\/v2\/media\/3275"}],"wp:attachment":[{"href":"https:\/\/cursos.talentup.cl\/index.php?rest_route=%2Fwp%2Fv2%2Fmedia&parent=11447"}],"wp:term":[{"taxonomy":"product_brand","embeddable":true,"href":"https:\/\/cursos.talentup.cl\/index.php?rest_route=%2Fwp%2Fv2%2Fproduct_brand&post=11447"},{"taxonomy":"product_cat","embeddable":true,"href":"https:\/\/cursos.talentup.cl\/index.php?rest_route=%2Fwp%2Fv2%2Fproduct_cat&post=11447"},{"taxonomy":"product_tag","embeddable":true,"href":"https:\/\/cursos.talentup.cl\/index.php?rest_route=%2Fwp%2Fv2%2Fproduct_tag&post=11447"}],"curies":[{"name":"wp","href":"https:\/\/api.w.org\/{rel}","templated":true}]}}