{"id":11452,"date":"2023-01-10T04:38:59","date_gmt":"2023-01-10T07:38:59","guid":{"rendered":"https:\/\/cursos.talentup.cl\/?post_type=product&#038;p=11452"},"modified":"2024-02-07T23:36:42","modified_gmt":"2024-02-08T02:36:42","slug":"automaquillaje-facil","status":"publish","type":"product","link":"https:\/\/cursos.talentup.cl\/?product=automaquillaje-facil","title":{"rendered":"AUTOMAQUILLAJE F\u00c1CIL"},"content":{"rendered":"<p>Si siempre has querido aprender a maquillarte y los tutoriales te parecen demasiado confusos, tienes que conocer el programa de AUTOMAQUILLAJE.<\/p>\n<p>Un MasterClass pr\u00e1ctico donde aprendes las diferentes marcas y los colores que mejor se adapten a tus necesidades, estilo y color de piel.<\/p>\n<p>Conoce la importancia del cuidado facial para que mejores tu autoestima con una imagen impactante.<\/p>\n<p>Esta adem\u00e1s es una oportunidad de negocio si quieres incursionar en la industria de la belleza, maquillando a otros o ense\u00f1\u00e1ndoles c\u00f3mo hacerlo.<\/p>\n<p>\u00bfQU\u00c9 VAS A LOGRAR?<\/p>\n<p>Aprender\u00e1s a resaltar tu belleza y a ocultar esos rasgos menos favorables.<\/p>\n<p>Aprender\u00e1s cuales son los productos y herramientas para el cuidado de la piel y realizarte un automaquillaje, de acuerdo a tu tipo de piel, rostro, ojos y labios.<\/p>\n<p>Conocer\u00e1s todos los fundamentos te\u00f3ricos y pr\u00e1cticos para realizarte un maquillaje de forma correcta a cualquier edad, adapt\u00e1ndolo a tu gustos y personalidad.<\/p>\n<p>Obtendr\u00e1s conocimientos de teor\u00eda del color para realizarte combinaciones armoniosas en tu maquillaje.<\/p>\n<p>Conocer\u00e1s todas las herramientas necesarias para convertirte en una experta, en las t\u00e9cnicas y trucos para realizarte maquillajes de forma correcta para cualquier ocasi\u00f3n, como d\u00eda, noche y fiestas.<\/p>\n<p>Acceder\u00e1s al certificado avalado por Hotmart y Seminarios Online.<\/p>\n<p>\u00bfC\u00d3MO LO VAS A LOGRAR?<\/p>\n<p>Mariusky desarroll\u00f3 28 lecciones y 3 bonificaciones donde te explica detalladamente cada proceso de selecci\u00f3n, t\u00e9cnicas, trucos y sugerencias mientras observas a ella misma aplicarse los distintos maquillajes. <\/p>\n<p>Dichas lecciones est\u00e1n divididas en:<\/p>\n<p>1. VIDEO 01 &#8211; Bienvenida<br \/>\n2. VIDEO 02 &#8211; Importancia del maquillaje<br \/>\n3. VIDEO 03 &#8211; Productos para el rostro<br \/>\n4. VIDEO 04 &#8211; Producto para los ojos<br \/>\n5. VIDEO 05 &#8211; Productos para los labios<br \/>\n6. VIDEO 06 &#8211; Herramientas<br \/>\n7. VIDEO 07 &#8211; Tipos de piel<br \/>\n8. VIDEO 08 &#8211; Preparaci\u00f3n de la piel<br \/>\n9. VIDEO 09 &#8211; Cobertura de imperfecciones<br \/>\n10. VIDEO 10 &#8211; T\u00e9cnica para la aplicaci\u00f3n de la Base<br \/>\n11. VIDEO 11 &#8211; Visagismo<br \/>\n12. VIDEO 12 &#8211; T\u00e9cnica de contorno e iluminaci\u00f3n en polvo<br \/>\n13. VIDEO 13 &#8211; Sellado de piel<\/p>\n<p>ACERCA DE LA PRODUCTORA<\/p>\n<p>Desarrollado por, MARIUSKY FERN\u00c1NDEZ maquilladora profesional (Makeup Artist) e instructora certificada desde hace m\u00e1s de 12 a\u00f1os.<\/p>\n<p>Se ha dedicado al \u00e1rea de capacitaci\u00f3n y servicios en su estudio Only Makeup, que fue pionero en el a\u00f1o 2010 en la ciudad de Quito-Ecuador y el primero en ser avalado por una instituci\u00f3n de este pa\u00eds para impartir cursos de maquillaje. <\/p>\n<p>A lo largo de su trayectoria ha formado a m\u00e1s de 1000 chicas en el arte del maquillaje, dando cursos de: Automaquillaje personal y para empresas.<\/p>\n<p>Maquillaje Social<br \/>\nMaquillaje Profesional<br \/>\nMaquillaje de fantas\u00eda<br \/>\nMaquillaje para fotograf\u00eda y video<br \/>\nMaquillaje Art\u00edstico. <\/p>\n","protected":false},"excerpt":{"rendered":"<p>Si siempre has querido aprender a maquillarte y los tutoriales te parecen demasiado confusos, tienes que conocer el programa de AUTOMAQUILLAJE.<\/p>\n<p>Un MasterClass pr\u00e1ctico donde aprendes las diferentes marcas y los colores que mejor se adapten a tus necesidades, estilo y color de piel.<\/p>\n<p>Conoce la importancia del cuidado facial para que mejores tu autoestima con una imagen impactante.<\/p>\n<p>Esta adem\u00e1s es una oportunidad de negocio si quieres incursionar en la industria de la belleza, maquillando a otros o ense\u00f1\u00e1ndoles c\u00f3mo hacerlo.<\/p>\n","protected":false},"featured_media":3280,"template":"","meta":{"_joinchat":[]},"product_brand":[],"product_cat":[317,344],"product_tag":[],"class_list":{"0":"post-11452","1":"product","2":"type-product","3":"status-publish","4":"has-post-thumbnail","6":"product_cat-belleza-y-moda","7":"product_cat-todos","9":"first","10":"instock","11":"sale","12":"shipping-taxable","13":"product-type-external"},"_links":{"self":[{"href":"https:\/\/cursos.talentup.cl\/index.php?rest_route=\/wp\/v2\/product\/11452","targetHints":{"allow":["GET"]}}],"collection":[{"href":"https:\/\/cursos.talentup.cl\/index.php?rest_route=\/wp\/v2\/product"}],"about":[{"href":"https:\/\/cursos.talentup.cl\/index.php?rest_route=\/wp\/v2\/types\/product"}],"version-history":[{"count":2,"href":"https:\/\/cursos.talentup.cl\/index.php?rest_route=\/wp\/v2\/product\/11452\/revisions"}],"predecessor-version":[{"id":13997,"href":"https:\/\/cursos.talentup.cl\/index.php?rest_route=\/wp\/v2\/product\/11452\/revisions\/13997"}],"wp:featuredmedia":[{"embeddable":true,"href":"https:\/\/cursos.talentup.cl\/index.php?rest_route=\/wp\/v2\/media\/3280"}],"wp:attachment":[{"href":"https:\/\/cursos.talentup.cl\/index.php?rest_route=%2Fwp%2Fv2%2Fmedia&parent=11452"}],"wp:term":[{"taxonomy":"product_brand","embeddable":true,"href":"https:\/\/cursos.talentup.cl\/index.php?rest_route=%2Fwp%2Fv2%2Fproduct_brand&post=11452"},{"taxonomy":"product_cat","embeddable":true,"href":"https:\/\/cursos.talentup.cl\/index.php?rest_route=%2Fwp%2Fv2%2Fproduct_cat&post=11452"},{"taxonomy":"product_tag","embeddable":true,"href":"https:\/\/cursos.talentup.cl\/index.php?rest_route=%2Fwp%2Fv2%2Fproduct_tag&post=11452"}],"curies":[{"name":"wp","href":"https:\/\/api.w.org\/{rel}","templated":true}]}}