{"id":11494,"date":"2023-01-10T04:39:03","date_gmt":"2023-01-10T07:39:03","guid":{"rendered":"https:\/\/cursos.talentup.cl\/?post_type=product&#038;p=11494"},"modified":"2024-02-07T23:36:45","modified_gmt":"2024-02-08T02:36:45","slug":"masajista-expert","status":"publish","type":"product","link":"https:\/\/cursos.talentup.cl\/?product=masajista-expert","title":{"rendered":"MASAJISTA EXPERT"},"content":{"rendered":"<p>Un buen masaje\u2026 \u00a1Puede cambiarlo todo!<\/p>\n<p>Un ritmo de vida acelerado y la rutina son sin duda enormes generadores de estr\u00e9s.<\/p>\n<p>Este, con el tiempo se acumula produciendo molestias que pueden conducir a problem\u00e1ticas f\u00edsicas y mentales graves. <\/p>\n<p>Con este MasterClass de MASAJISTA XPERT puedes aprender t\u00e9cnicas sencillas y f\u00e1ciles de aplicar para evitar lesiones, generar experiencias \u00fanicas y mejorar la calidad de vida.<\/p>\n<p>\u00bfQU\u00c9 VAS A LOGRAR?<\/p>\n<p>Realizar un masaje que genere una experiencia \u00fanica como todo un profesional.<\/p>\n<p>Desarrollar t\u00e9cnicas b\u00e1sicas y avanzadas para realizar un buen masaje.<\/p>\n<p>Entender la importancia de un buen masaje en nuestro d\u00eda a d\u00eda.<\/p>\n<p>Hacer conciencia de las precauciones a la hora de hacer o recibir un masaje.<\/p>\n<p>Aprender ejercicios pr\u00e1cticos para evitar lesiones.<\/p>\n<p>Seleccionar los materiales ideales para dar un buen masaje. <\/p>\n<p>Escoger y adecuar el lugar donde se realizar\u00e1 el masaje (m\u00fasica, aromas, higiene).<\/p>\n<p>Saber cu\u00e1nto puedes cobrar por hacer un buen masaje. <\/p>\n<p>Generar una incre\u00edble experiencia de relajaci\u00f3n y bienestar.<\/p>\n<p>Favorecer el sistema linf\u00e1tico, contribuyendo a la eliminaci\u00f3n de toxinas.<\/p>\n<p>Mejorar la circulaci\u00f3n y estimular el sistema glandular para estabilizar las hormonas.<\/p>\n<p>Calmar el dolor muscular para favorecer un buen descanso.<\/p>\n<p>Aliviar la presi\u00f3n causada por la mala postura en cuello, espalda y articulaciones. <\/p>\n<p>Aprender una habilidad sin tener conocimientos previos para convertirte en un experto. <\/p>\n<p>Desarrollar la habilidad de aliviar el stress y las tensiones de tus seres queridos.<\/p>\n<p>Aprender una t\u00e9cnica para ganar mucho dinero a partir de un buen masaje.<\/p>\n<p>Reconocer las diferentes t\u00e9cnicas de masajes y adaptarlas a un tratamiento personalizado.<\/p>\n<p>Encontrar el equilibrio perfecto entre relajaci\u00f3n, bienestar en la salud f\u00edsica y mental.<\/p>\n<p>\u00bfC\u00d3MO LO VAS A LOGRAR?<\/p>\n<p>A trav\u00e9s de un programa pr\u00e1ctico y completo con m\u00e1s de 20 videoclases en HD, explicadas paso a paso. Te aseguramos que \u201caliviar\u201d, \u201ccurar\u201d, \u201crelajar\u201d y \u201cmimar\u201d podr\u00e1n formar parte de tu vocabulario diario.<\/p>\n<p>Finalizado este curso tendr\u00e1s las competencias necesarias para poder desarrollarte en centros de masaje, spas, cl\u00ednicas, geri\u00e1tricos, hoteles, cruceros, resorts como masajista profesional, a partir de los siguientes m\u00f3dulos y tem\u00e1ticas:<\/p>\n<p>Parte 1 Bienvenida al Universo de la Masoterapia<br \/>\nParte 2 Beneficios de los masajes<br \/>\nParte 3 Tipos de masajes<br \/>\nParte 4. Anatom\u00eda \u00d3sea Lecci\u00f3n 1<br \/>\nParte 4.1 Anatom\u00eda \u00d3sea Lecci\u00f3n 2<br \/>\nParte 5 Generalidades de la piel y sus tipos<br \/>\nParte 6 Grupos musculares<br \/>\nParte 7 \u00bfTiene contraindicaciones hacer masajes?<br \/>\nParte 8 Lesiones elementales<br \/>\nParte 9 Protocolo covid de bioseguridad<br \/>\nParte 10 Materiales necesarios para brindar un buen servicio<br \/>\nParte 11 Ejercicios de fortalecimiento y entrenamiento para el terapeuta<br \/>\nParte 12 La Importancia de la Historia Cl\u00ednica<br \/>\nParte 13 Pantorrillas<br \/>\nParte 14 Masaje de Muslos<br \/>\nParte 15 C\u00f3mo dar un buen masaje de pie<br \/>\nParte 16 Masaje de espalda<br \/>\nParte 17 Masaje de cuello<br \/>\nParte 18 Masaje de brazos<br \/>\nParte 19 Cu\u00e1nto cobrar<br \/>\nParte 20 C\u00f3mo Promocionar Nuestro servicio de Masajista Profesional en Redes Sociales<br \/>\nParte 21 Despedida<\/p>\n<p>BONO<\/p>\n<p>Ebook &#8211; Todo lo que un masajista debe saber<\/p>\n<p>ACERCA DEL PRODUCTOR:<\/p>\n<p>Desarrollado por LUCAS GERMANIER con m\u00e1s de 8 a\u00f1os de experiencia en el mundo de los masajes terap\u00e9uticos y anti estr\u00e9s. Junto con su familia es propietario del centro m\u00e9dico y est\u00e9tica Ayacucho. Apasionados por ense\u00f1ar y darles a las personas un momento de relajaci\u00f3n y confort.<\/p>\n","protected":false},"excerpt":{"rendered":"<p>Un buen masaje\u2026 \u00a1Puede cambiarlo todo!<\/p>\n<p>Un ritmo de vida acelerado y la rutina son sin duda enormes generadores de estr\u00e9s.<\/p>\n<p>Este, con el tiempo se acumula produciendo molestias que pueden conducir a problem\u00e1ticas f\u00edsicas y mentales graves. <\/p>\n<p>Con este MasterClass de MASAJISTA XPERT puedes aprender t\u00e9cnicas sencillas y f\u00e1ciles de aplicar para evitar lesiones, generar experiencias \u00fanicas y mejorar la calidad de vida.<\/p>\n","protected":false},"featured_media":3294,"template":"","meta":{"_joinchat":[]},"product_brand":[],"product_cat":[317,344],"product_tag":[],"class_list":{"0":"post-11494","1":"product","2":"type-product","3":"status-publish","4":"has-post-thumbnail","6":"product_cat-belleza-y-moda","7":"product_cat-todos","9":"first","10":"instock","11":"sale","12":"shipping-taxable","13":"product-type-external"},"_links":{"self":[{"href":"https:\/\/cursos.talentup.cl\/index.php?rest_route=\/wp\/v2\/product\/11494","targetHints":{"allow":["GET"]}}],"collection":[{"href":"https:\/\/cursos.talentup.cl\/index.php?rest_route=\/wp\/v2\/product"}],"about":[{"href":"https:\/\/cursos.talentup.cl\/index.php?rest_route=\/wp\/v2\/types\/product"}],"version-history":[{"count":2,"href":"https:\/\/cursos.talentup.cl\/index.php?rest_route=\/wp\/v2\/product\/11494\/revisions"}],"predecessor-version":[{"id":14009,"href":"https:\/\/cursos.talentup.cl\/index.php?rest_route=\/wp\/v2\/product\/11494\/revisions\/14009"}],"wp:featuredmedia":[{"embeddable":true,"href":"https:\/\/cursos.talentup.cl\/index.php?rest_route=\/wp\/v2\/media\/3294"}],"wp:attachment":[{"href":"https:\/\/cursos.talentup.cl\/index.php?rest_route=%2Fwp%2Fv2%2Fmedia&parent=11494"}],"wp:term":[{"taxonomy":"product_brand","embeddable":true,"href":"https:\/\/cursos.talentup.cl\/index.php?rest_route=%2Fwp%2Fv2%2Fproduct_brand&post=11494"},{"taxonomy":"product_cat","embeddable":true,"href":"https:\/\/cursos.talentup.cl\/index.php?rest_route=%2Fwp%2Fv2%2Fproduct_cat&post=11494"},{"taxonomy":"product_tag","embeddable":true,"href":"https:\/\/cursos.talentup.cl\/index.php?rest_route=%2Fwp%2Fv2%2Fproduct_tag&post=11494"}],"curies":[{"name":"wp","href":"https:\/\/api.w.org\/{rel}","templated":true}]}}