{"id":11506,"date":"2023-01-10T04:39:03","date_gmt":"2023-01-10T07:39:03","guid":{"rendered":"https:\/\/cursos.talentup.cl\/?post_type=product&#038;p=11506"},"modified":"2024-02-07T23:36:46","modified_gmt":"2024-02-08T02:36:46","slug":"tu-marca-cosmetica-premium-pack","status":"publish","type":"product","link":"https:\/\/cursos.talentup.cl\/?product=tu-marca-cosmetica-premium-pack","title":{"rendered":"TU MARCA COSMETICA \u2013 PREMIUM PACK"},"content":{"rendered":"<p>\u00a1El momento es Ya! Crea tu marca propia de productos de CUIDADO PERSONAL y genera altos ingresos.<\/p>\n<p>Con el MasterClass, TU MARCA COSM\u00c9TICA PREMIUM PACK, aprendes a fabricar y comercializar m\u00e1s de 15 l\u00edneas de belleza como la capilar, jabones, faciales, maquillaje, perfumes, productos corporales y m\u00e1s.<\/p>\n<p>\u00a1Adem\u00e1s, conoce los negocios rentables de hoy y c\u00f3mo importar productos desde China! <\/p>\n<p>Este es uno de los programas m\u00e1s completos de habla hispana.<\/p>\n<p>Dictado por Pavel Bocaney, una de las personas m\u00e1s influyentes en el mundo de la cosm\u00e9tica.<\/p>\n<p>\u00bfQU\u00c9 VAS A LOGRAR?<\/p>\n<p>Aprender\u00e1s a crear tus propios productos y marca de cosm\u00e9tica.<\/p>\n<p>Conocer\u00e1s cual es la inversi\u00f3n m\u00ednima cuando fabricas un producto con tu propia marca.<\/p>\n<p>Conocer\u00e1s los m\u00ednimos de fabricaci\u00f3n por cada producto.<\/p>\n<p>Aprender\u00e1s los 7 pasos claves para hacer tu marca.<\/p>\n<p>Aprender\u00e1s a comercializar tus productos y los de terceros.<\/p>\n<p>Conocer\u00e1s c\u00f3mo capitalizar tu negocio en una de las industrias de mayor crecimiento del mundo.<\/p>\n<p>Aprender\u00e1s a crear c\u00f3mo crear tus propios productos de maquillaje.<\/p>\n<p>Aprender\u00e1s c\u00f3mo hacer maquillaje, org\u00e1nico industrial.<\/p>\n<p>Conocer\u00e1s c\u00f3mo hacer importaciones desde China y vender a trav\u00e9s de las redes sociales.<\/p>\n<p>Aprender\u00e1s los diferentes modelos de negocios que puedes tener en el mundo de los cosm\u00e9ticos.<\/p>\n<p>Conocer\u00e1s los productos de mayor demanda en el mercado.<\/p>\n<p>Conocer\u00e1s los casos de \u00e9xito de laboratorios que maquilan productos y que pueden maquilar tu propia marca.<\/p>\n<p>Aprender\u00e1s a calcular los m\u00e1rgenes de rentabilidad de cualquier producto.<\/p>\n<p>Aprender\u00e1s c\u00f3mo Invertir actualmente con modelos de negocios validados y rentables.<\/p>\n<p>Aprender\u00e1s c\u00f3mo emprender tu negocio de forma segura y adaptarte a los cambios del mercado.<\/p>\n<p>Conocer\u00e1s c\u00f3mo funciona el mundo de los perfumes y sus principales tendencias.<\/p>\n<p>Aprender\u00e1s c\u00f3mo crear tus propios productos y marcas de perfume.<\/p>\n<p>Aprender\u00e1s c\u00f3mo comercializar tus productos de perfumer\u00eda y el de terceros.<\/p>\n<p>Conocer\u00e1s como puedes fabricar tu marca de cosm\u00e9ticos vegana.<\/p>\n<p>Conocer\u00e1s donde puedes producir tu l\u00ednea de cosm\u00e9tica con Cannabis.<\/p>\n<p>Aprender\u00e1s todo acerca de los productos capilares y la tendencia en el consumo mundial de esta categor\u00eda.<\/p>\n<p>Aprender\u00e1s como puedes hacer tu propia l\u00ednea de aceites esenciales.<\/p>\n<p>Acceder\u00e1s al certificado avalado por Hotmart y Seminarios Online.<\/p>\n<p>\u00bfC\u00d3MO LO VAS A LOGRAR?<\/p>\n<p>Programa dirigido a personas que desean incursionar o pertenecen al mundo de la cosm\u00e9tica donde se articulan m\u00e1s de 15 programas con el siguiente contenido:<\/p>\n<p>1. Modulo 1: EL NEGOCIO DE LA COSMETICA EN EL MUNDO.<\/p>\n<p>Clase 1: introducci\u00f3n a la industria.<br \/>\nClase 2: Explicaci\u00f3n anexos.<br \/>\nClase 3: Generalidades de la industria cosm\u00e9tica.<br \/>\nClase 4: Segmentos del mercado cosm\u00e9tico.<br \/>\nClase 5: Categor\u00edas.<br \/>\nClase 6: Segmentos y categor\u00edas ejemplo.<br \/>\nClase 7: Modelos de negocios 1.<br \/>\nClase 8: Modelos de negocios 2.<br \/>\nClase 9: Modelos de negocios 3.<br \/>\nClase 10: Otros modelos de negocios.<br \/>\nClase 11: Canal tradicional de ventas.<br \/>\nClase 12: Servicios est\u00e9ticos.<br \/>\nClase 13: Conclusi\u00f3n modulo 1.<\/p>\n<p>2. Modulo 2: LOS 7 PASOS PARA HACER TU PROPIA MARCA COSMETICA.<\/p>\n<p>Clase 14: Introducci\u00f3n para hacer tu marca.<br \/>\nClase 15: Los 7 pasos para hacer tu propia marca cosm\u00e9tica.<br \/>\nClase 16: Pasos para crear tu marca.<br \/>\nClase 17: Pasos para crear tu marca 2.<br \/>\nClase 18: Pasos para crear tu marca 3.<br \/>\nClase 19: Pasos para crear tu marca 4.<br \/>\nClase 20: Pasos para crear tu marca 5.<br \/>\nClase 21: Pasos para crear tu marca 6.<br \/>\nClase 22: Pasos para crear tu marca 7.<br \/>\nClase 23: Pasos para crear tu marca 8.<br \/>\nClase 24: Calculo de m\u00e1rgenes.<br \/>\nClase 25: Resumen pasos para crear tu marca.<br \/>\nClase 26: Esquema de viabilidad.<br \/>\nClase 27: Como hacer una empresa cosm\u00e9tica.<br \/>\nClase 28: Ejemplo de margen de rentabilidad producto 1.<br \/>\nClase 29: Ejemplo de margen de rentabilidad producto 2.<br \/>\nClase 30: Ejemplo de margen de rentabilidad producto 3.<br \/>\nClase 31: Ejemplo de margen de rentabilidad producto 4.<br \/>\nClase 32: Ejemplo de margen de rentabilidad producto 5.<br \/>\nClase 33: Ejemplo de margen de rentabilidad producto 6.<br \/>\nClase 34: Explicaci\u00f3n soportes del programa.<\/p>\n<p>3. BONOS<\/p>\n<p>Clase 35: Como formarte para ser un BROKER en la industria cosm\u00e9tica.<br \/>\nClase 36: Estrategia real desde el inicio. 1.000 productos en 5 d\u00edas.<br \/>\n4. MasterClass: El negocio de los perfumes.<br \/>\n5. MasterClass: El negocio del maquillaje.<br \/>\n6. MasterClass: Branded Ecommerce con alibaba.<\/p>\n<p>7. ANEXOS.<\/p>\n<p>Gu\u00eda regulatoria de registros sanitarios para toda Am\u00e9rica, desde Canad\u00e1 hasta Argentina, 332 p\u00e1ginas.<br \/>\nMas de 180 formulas cosm\u00e9ticas listas para fabricar, Perfumes, Capilares, Faciales, Corporales.<br \/>\nListado de proveedores de materias primas.<br \/>\nListados de proveedores de envases.<br \/>\nCat\u00e1logos de envases.<br \/>\nListado de laboratorios que pueden fabricar tu propia marca de cosm\u00e9tico.<br \/>\nCuadro de costo para c\u00e1lculo de m\u00e1rgenes de rentabilidad.<br \/>\nVideos explicativos de extracci\u00f3n para aceites y perfumes.<br \/>\nCuadros para planes de inversi\u00f3n y proyecciones de ventas. <\/p>\n<p>\u00bfCOMO OBTENER TU CERTIFICADO?<\/p>\n<p>\u00bfC\u00f3mo obtener tu certificado?<\/p>\n<p>ACERCA DEL PRODUCTOR<\/p>\n<p>Desarrollado por PAVEL BOCANEY, empresario con 25 a\u00f1os de experiencia, asesorando empresas trasnacionales en diferentes pa\u00edses. <\/p>\n<p>Forma parte de varias compa\u00f1\u00edas en diferentes sectores dentro de la industria cosm\u00e9tica. <\/p>\n<p>Es miembro en diferentes juntas directivas de compa\u00f1\u00edas de trayectoria nacional e internacional que fabrican y venden productos cosm\u00e9ticos.<\/p>\n<p>Ha estado en diferentes negocios con mucha fortaleza en los canales relacionados con el sector salud y la belleza. <\/p>\n<p>Graduado en PRESTON UNIVERSITY (Gerencia de negocios). <\/p>\n<p>Pavel, es una de las personas m\u00e1s influyentes y reconocidas dentro de la industria en Latinoam\u00e9rica.<\/p>\n","protected":false},"excerpt":{"rendered":"<p>\u00a1El momento es Ya! Crea tu marca propia de productos de CUIDADO PERSONAL y genera altos ingresos.<\/p>\n<p>Con el MasterClass, TU MARCA COSM\u00c9TICA PREMIUM PACK, aprendes a fabricar y comercializar m\u00e1s de 15 l\u00edneas de belleza como la capilar, jabones, faciales, maquillaje, perfumes, productos corporales y m\u00e1s.<\/p>\n<p>\u00a1Adem\u00e1s, conoce los negocios rentables de hoy y c\u00f3mo importar productos desde China! <\/p>\n<p>Este es uno de los programas m\u00e1s completos de habla hispana.<\/p>\n<p>Dictado por Pavel Bocaney, una de las personas m\u00e1s influyentes en el mundo de la cosm\u00e9tica.<\/p>\n","protected":false},"featured_media":3306,"template":"","meta":{"_joinchat":[]},"product_brand":[],"product_cat":[317,344],"product_tag":[],"class_list":{"0":"post-11506","1":"product","2":"type-product","3":"status-publish","4":"has-post-thumbnail","6":"product_cat-belleza-y-moda","7":"product_cat-todos","9":"first","10":"instock","11":"sale","12":"shipping-taxable","13":"product-type-external"},"_links":{"self":[{"href":"https:\/\/cursos.talentup.cl\/index.php?rest_route=\/wp\/v2\/product\/11506","targetHints":{"allow":["GET"]}}],"collection":[{"href":"https:\/\/cursos.talentup.cl\/index.php?rest_route=\/wp\/v2\/product"}],"about":[{"href":"https:\/\/cursos.talentup.cl\/index.php?rest_route=\/wp\/v2\/types\/product"}],"version-history":[{"count":2,"href":"https:\/\/cursos.talentup.cl\/index.php?rest_route=\/wp\/v2\/product\/11506\/revisions"}],"predecessor-version":[{"id":14021,"href":"https:\/\/cursos.talentup.cl\/index.php?rest_route=\/wp\/v2\/product\/11506\/revisions\/14021"}],"wp:featuredmedia":[{"embeddable":true,"href":"https:\/\/cursos.talentup.cl\/index.php?rest_route=\/wp\/v2\/media\/3306"}],"wp:attachment":[{"href":"https:\/\/cursos.talentup.cl\/index.php?rest_route=%2Fwp%2Fv2%2Fmedia&parent=11506"}],"wp:term":[{"taxonomy":"product_brand","embeddable":true,"href":"https:\/\/cursos.talentup.cl\/index.php?rest_route=%2Fwp%2Fv2%2Fproduct_brand&post=11506"},{"taxonomy":"product_cat","embeddable":true,"href":"https:\/\/cursos.talentup.cl\/index.php?rest_route=%2Fwp%2Fv2%2Fproduct_cat&post=11506"},{"taxonomy":"product_tag","embeddable":true,"href":"https:\/\/cursos.talentup.cl\/index.php?rest_route=%2Fwp%2Fv2%2Fproduct_tag&post=11506"}],"curies":[{"name":"wp","href":"https:\/\/api.w.org\/{rel}","templated":true}]}}