{"id":11509,"date":"2023-01-10T04:39:04","date_gmt":"2023-01-10T07:39:04","guid":{"rendered":"https:\/\/cursos.talentup.cl\/?post_type=product&#038;p=11509"},"modified":"2024-02-07T23:36:46","modified_gmt":"2024-02-08T02:36:46","slug":"cejas-y-pestanas-pelo-a-pelo","status":"publish","type":"product","link":"https:\/\/cursos.talentup.cl\/?product=cejas-y-pestanas-pelo-a-pelo","title":{"rendered":"CEJAS Y PESTA\u00d1AS PELO A PELO"},"content":{"rendered":"<p>\u00bfQU\u00c9 VAS A LOGRAR?<\/p>\n<p>Estamos en un mundo donde cada d\u00eda es m\u00e1s importante vernos y sentirnos bien!, el mundo de la belleza es un mercado en su mayor\u00eda conformado por mujeres, siendo ellas mismas las que toman las decisiones de compra en el hogar y son las que gastan m\u00e1s dinero en tratamientos de belleza para sentirse bien y elevar su autoestima.<\/p>\n<p> Es por esta raz\u00f3n que, con este maravilloso CURSO ONLINE de cejas, lifting, pesta\u00f1as pelo a pelo y volumen ruso tienes un gran mercado para escalar en el mundo de la belleza y convertirte en un profesional con estas t\u00e9cnicas que revolucionan el mundo de la est\u00e9tica y la belleza.<\/p>\n<p>Ponemos a tu alcance todos los recursos y nuestros conocimientos para que hagas de tu pasi\u00f3n una oportunidad de negocio. Dise\u00f1ado tanto para principiantes como para personas con conocimientos en el tema. Con MASTERCLASS podr\u00e1s lograr: <\/p>\n<p>Empezar de cero hasta llegar a ser una profesional en CEJAS, LIFTING, PESTA\u00d1AS PELO A PELO Y VOLUMEN RUSO. Estos tratamientos son tendencia a nivel mundial.<br \/>\nAprender\u00e1s c\u00f3mo vender tus servicios.<br \/>\nIdentificar las necesidades del cliente para lograr miradas impactantes.<br \/>\nDesarrollar una empresa rentable de este negocio.<br \/>\nAprender a hacerlas por ti misma cuando desees.<br \/>\nSer una profesional independiente, manejar tu tiempo para dedicarle m\u00e1s tiempo a tu familia.<br \/>\nGenerar ingresos adicionales para mejorar tu calidad de vida y la de tu familia.<br \/>\nCapacitarte desde la comodidad de tu casa, a tu propio ritmo y tiempo.<br \/>\nAprender y emprender<br \/>\nAcceso a un grupo privado en WHATSAPP para resoluci\u00f3n de dudas e inquietudes y acompa\u00f1amiento constante de la instructora.<br \/>\nAl finalizar el curso podr\u00e1s descargar tu certificado.<br \/>\nEs un taller 100% confiable y recuerda que tenemos garant\u00eda de 7 d\u00edas y si no est\u00e1s satisfecho te devolvemos 100% el dinero que cancelaste.<\/p>\n<p>Desarrollado por el CENTRO INTEGRAL DE CAPACITACI\u00d3N ARTESANAL, instituto colombiano con m\u00e1s de 37 a\u00f1os dando capacitaciones a nivel nacional con los m\u00e1s altos est\u00e1ndares de calidad. En el \u00faltimo a\u00f1o llevamos m\u00e1s de 800 personas capacitadas en nuestra gira por todo el pa\u00eds en modalidad presencial en el mundo de la BELLEZA Y LA EXPRESI\u00d3N ARTISTICA. \u201cla capacidad est\u00e1 en ti, la ense\u00f1anza es nuestra responsabilidad\u201d<\/p>\n<p>Este taller esta dictado por nuestra instructora MAR\u00cdA CAMILA CORREA experta en cejas y pesta\u00f1as pelo a pelo, lifting de pesta\u00f1a, bbglow, bb lips, micro pigmentaci\u00f3n de cejas y labios-microblading-microshading y volumen ruso y maquillaje profesional. Con m\u00e1s de 5 a\u00f1os de experiencia dando capacitaciones a nivel nacional. <\/p>\n<p>\u00bfCOMO LO VAS A LOGRAR?<\/p>\n<p>En este MASTERCLASS de CEJAS, LIFTIN, PESTA\u00d1AS PELO A PELO Y VOLUMEN RUSO tenemos la metodolog\u00eda m\u00e1s pr\u00e1ctica para que puedas desarrollar las habilidades y competencias necesarias para llevar a cabo los procedimientos y llegues a ser una gran profesional a partir de los siguientes m\u00f3dulos:<\/p>\n<p>MODULO BIENVENIDA<br \/>\nPARTE No 1 aprender\u00e1s: Dise\u00f1o de ceja perfectas, Bioseguridad, La cejas y sus partes, Dise\u00f1o de cejas seg\u00fan tu tipo de rostro, Depilaci\u00f3n con hilo y con cera y sus ventajas y desventajas, Correcci\u00f3n de cejas, Tonos de tintes, corrector, Planchado de cejas, Cuidado de las cejas, Materiales y proveedores.<br \/>\nPARTE 2 (pesta\u00f1as pelo a pelo y visagismo) Bioseguridad, Ficha t\u00e9cnica, Materiales y proveedores.<br \/>\nPARTE 3 (pesta\u00f1as pelo a pelo y visagismo) Ciclo de vida de las pesta\u00f1as, Longitudes, grosor y curvatura, Protocolos, Visagismo de rostro, Remoci\u00f3n de extensi\u00f3n de pesta\u00f1as, Retoques, Recomendaciones y contraindicaciones.<br \/>\nPARTE 4 (pesta\u00f1as pelo a pelo y visagismo)T\u00e9cnica de extensi\u00f3n de pesta\u00f1as pelo a pelo : cl\u00e1sica y volumen ruso<br \/>\nPARTE No 5 ( LIFTING DE PESTA\u00d1AS) Bioseguridad, Materiales y proveedores, Diferencia entre rizado y lifting de pesta\u00f1as, Tipos de bigudi, tipos de moldes de silicona para lifting tinte de pesta\u00f1as, Cuidados y duraci\u00f3n de lifting.<br \/>\nPARTE No 6: Estrategias de marketing para negocios de BELLEZA<br \/>\nPARTE No 7: Manual completo descargable de cejas, lifting y pesta\u00f1as pelo a pelo<br \/>\nPARTE No 8 (Volumen ruso y mega volumen) Bioseguridad, Materiales y herramientas, Tipos de pesta\u00f1as y Grosores.<br \/>\nPARTE No 9 (Volumen ruso y mega volumen) Curvaturas, Longitudes, Dise\u00f1o seg\u00fan tipo de ojos, Elaboraci\u00f3n de cilicios.<br \/>\nPARTE No 10 (Volumen ruso y mega volumen) Pr\u00e1ctica<br \/>\nPARTE No 11 (Volumen ruso y mega volumen) Pr\u00e1ctica<br \/>\nPARTE No 12 (Volumen ruso y mega volumen) Pr\u00e1ctica<br \/>\nPARTE No 13 (Volumen ruso y mega volumen) Retiro de pesta\u00f1as, Cuidado y recomendaciones para las pesta\u00f1as<\/p>\n","protected":false},"excerpt":{"rendered":"<p>\u00bfQU\u00c9 VAS A LOGRAR?<\/p>\n<p>Estamos en un mundo donde cada d\u00eda es m\u00e1s importante vernos y sentirnos bien!, el mundo de la belleza es un mercado en su mayor\u00eda conformado por mujeres, siendo ellas mismas las que toman las decisiones de compra en el hogar y son las que gastan m\u00e1s dinero en tratamientos de belleza para sentirse bien y elevar su autoestima.<\/p>\n<p> Es por esta raz\u00f3n que, con este maravilloso CURSO ONLINE de cejas, lifting, pesta\u00f1as pelo a pelo y volumen ruso tienes un gran mercado para escalar en el mundo de la belleza y convertirte en un profesional con estas t\u00e9cnicas que revolucionan el mundo de la est\u00e9tica y la belleza.<\/p>\n<p>Ponemos a tu alcance todos los recursos y nuestros conocimientos para que hagas de tu pasi\u00f3n una oportunidad de negocio. Dise\u00f1ado tanto para principiantes como para personas con conocimientos en el tema. Con MASTERCLASS podr\u00e1s lograr: <\/p>\n<p>Empezar de cero hasta llegar a ser una profesional en CEJAS, LIFTING, PESTA\u00d1AS PELO A PELO Y VOLUMEN RUSO. Estos tratamientos son tendencia a nivel mundial.<br \/>\nAprender\u00e1s c\u00f3mo vender tus servicios.<br \/>\nIdentificar las necesidades del cliente para lograr miradas impactantes.<br \/>\nDesarrollar una empresa rentable de este negocio.<br \/>\nAprender a hacerlas por ti misma cuando desees.<br \/>\nSer una profesional independiente, manejar tu tiempo para dedicarle m\u00e1s tiempo a tu familia.<br \/>\nGenerar ingresos adicionales para mejorar tu calidad de vida y la de tu familia.<br \/>\nCapacitarte desde la comodidad de tu casa, a tu propio ritmo y tiempo.<br \/>\nAprender y emprender<br \/>\nAcceso a un grupo privado en WHATSAPP para resoluci\u00f3n de dudas e inquietudes y acompa\u00f1amiento constante de la instructora.<br \/>\nAl finalizar el curso podr\u00e1s descargar tu certificado.<br \/>\nEs un taller 100% confiable y recuerda que tenemos garant\u00eda de 7 d\u00edas y si no est\u00e1s satisfecho te devolvemos 100% el dinero que cancelaste.<\/p>\n","protected":false},"featured_media":3309,"template":"","meta":{"_joinchat":[]},"product_brand":[],"product_cat":[317,344],"product_tag":[],"class_list":{"0":"post-11509","1":"product","2":"type-product","3":"status-publish","4":"has-post-thumbnail","6":"product_cat-belleza-y-moda","7":"product_cat-todos","9":"first","10":"instock","11":"sale","12":"shipping-taxable","13":"product-type-external"},"_links":{"self":[{"href":"https:\/\/cursos.talentup.cl\/index.php?rest_route=\/wp\/v2\/product\/11509","targetHints":{"allow":["GET"]}}],"collection":[{"href":"https:\/\/cursos.talentup.cl\/index.php?rest_route=\/wp\/v2\/product"}],"about":[{"href":"https:\/\/cursos.talentup.cl\/index.php?rest_route=\/wp\/v2\/types\/product"}],"version-history":[{"count":2,"href":"https:\/\/cursos.talentup.cl\/index.php?rest_route=\/wp\/v2\/product\/11509\/revisions"}],"predecessor-version":[{"id":14024,"href":"https:\/\/cursos.talentup.cl\/index.php?rest_route=\/wp\/v2\/product\/11509\/revisions\/14024"}],"wp:featuredmedia":[{"embeddable":true,"href":"https:\/\/cursos.talentup.cl\/index.php?rest_route=\/wp\/v2\/media\/3309"}],"wp:attachment":[{"href":"https:\/\/cursos.talentup.cl\/index.php?rest_route=%2Fwp%2Fv2%2Fmedia&parent=11509"}],"wp:term":[{"taxonomy":"product_brand","embeddable":true,"href":"https:\/\/cursos.talentup.cl\/index.php?rest_route=%2Fwp%2Fv2%2Fproduct_brand&post=11509"},{"taxonomy":"product_cat","embeddable":true,"href":"https:\/\/cursos.talentup.cl\/index.php?rest_route=%2Fwp%2Fv2%2Fproduct_cat&post=11509"},{"taxonomy":"product_tag","embeddable":true,"href":"https:\/\/cursos.talentup.cl\/index.php?rest_route=%2Fwp%2Fv2%2Fproduct_tag&post=11509"}],"curies":[{"name":"wp","href":"https:\/\/api.w.org\/{rel}","templated":true}]}}