{"id":11569,"date":"2023-01-10T04:39:09","date_gmt":"2023-01-10T07:39:09","guid":{"rendered":"https:\/\/cursos.talentup.cl\/?post_type=product&#038;p=11569"},"modified":"2024-02-07T23:36:49","modified_gmt":"2024-02-08T02:36:49","slug":"estandarizacion-y-especializacion-de-cocina-chifa","status":"publish","type":"product","link":"https:\/\/cursos.talentup.cl\/?product=estandarizacion-y-especializacion-de-cocina-chifa","title":{"rendered":"ESTANDARIZACI\u00d3N Y ESPECIALIZACI\u00d3N DE COCINA CHIFA"},"content":{"rendered":"<p>\u00bfTe gustar\u00eda emprender o mejorar tu propio negocio de cocina chifa?\t<\/p>\n<p>Con el Master Class ESTANDARIZACI\u00d3N Y ESPECIALIZACI\u00d3N DE COCINA CHIFA, aprender\u00e1s desde el acondicionamiento de los insumos y materiales, hasta la preparaci\u00f3n.<\/p>\n<p>\u00bfQU\u00c9 VAS A LOGRAR?<\/p>\n<p>Aperturar\u00e1s con \u00e9xito tu propio negocio chifa.<\/p>\n<p>Estandarizar\u00e1s los platos m\u00e1s reconocidos de la cocina chifa, y as\u00ed conseguir siempre el mismo sabor en cada uno de ellos.<\/p>\n<p>Preparar\u00e1s decenas de platillos entre sopas, chaufas, tallarines, as\u00ed como tambi\u00e9n platillos en base a cerdo cruyoc, asados y pollos.<\/p>\n<p>Realizar\u00e1s un correcto acondicionamiento de los insumos; y conocer\u00e1s las mejores t\u00e9cnicas de corte tanto para vegetales como prote\u00ednas (pollo, res, cerdo).<\/p>\n<p>Curar\u00e1s correctamente un wok, que es el implemento m\u00e1s requerido o utilizado en el mundo de la cocina chifa.<\/p>\n<p>Aprender\u00e1s la forma correcta de saltear uno de los platos m\u00e1s emblem\u00e1ticos de la cocina chifa: El chaufa.<\/p>\n<p>Optimizar\u00e1s de manera adecuada, el consumo de energ\u00eda (gas) para minimizar los costos, sin afectar el resultado de los platillos obtenidos.<\/p>\n<p>Acceder\u00e1s al certificado avalado por Hotmart y Seminarios Online.<\/p>\n<p>\u00bfC\u00d3MO LO VAS A LOGRAR?<\/p>\n<p>A trav\u00e9s del siguiente contenido, estructurado paso a paso:<\/p>\n<p>M\u00d3DULO 1 &#8211; PRESENTACI\u00d3N Y TEOR\u00cdA IMPORTANTE<\/p>\n<p>Presentaci\u00f3n del curso y Chef internacional.<br \/>\nHistoria de la Cocina Chifa.<br \/>\nRecomendaciones antes de emprender.<br \/>\n4 pilares fundamentales a la hora de emprender.<\/p>\n<p>M\u00d3DULO 2 &#8211; DESCARGA TU E-BOOK DEL RECETARIO<\/p>\n<p>Descarga aqu\u00ed tu recetario completo estandarizado.<\/p>\n<p>M\u00d3DULO 3 &#8211; RECONOCIMIENTO DE INSUMOS Y MATERIALES<\/p>\n<p>Que es estandarizar.<br \/>\nUtensilios de Cocina Chifa.<br \/>\nCurado del wok.<br \/>\nIngredientes b\u00e1sicos de la Cocina Chifa.<br \/>\nQue es una Mise en Place.<\/p>\n<p>M\u00d3DULO 4 &#8211; T\u00c9CNICA DE CORTES Y PREPARACI\u00d3N DE INSUMOS<\/p>\n<p>T\u00e9cnica de corte de verduras.<br \/>\nCorte y marinado del pollo.<br \/>\nC\u00f3mo filetear pollo.<br \/>\nCorte lonjas de pollo.<br \/>\nCorte de carnes rojas.<br \/>\nC\u00f3mo limpiar langostinos.<br \/>\nPreparando el fondo chifa.<br \/>\nC\u00f3mo hacer relleno para want\u00e1n.<br \/>\nC\u00f3mo rellenar 2 formas de want\u00e1n.<br \/>\nCocer pastas y wantanes.<br \/>\nFre\u00edr fideos wansi y hojuelas de camarones.<\/p>\n<p>M\u00d3DULO 5 &#8211; SOPAS<\/p>\n<p>Sopa Wantan.<br \/>\nSopa Siu kao.<br \/>\nSopa fuchif\u00fa.<br \/>\nSopa de patita.<br \/>\nSopa pac pow.<br \/>\nSopa de res.<\/p>\n<p>M\u00d3DULO 6 &#8211; TALLARINES<\/p>\n<p>Salsa para tallarines.<br \/>\nTallar\u00edn con pollo.<br \/>\nTallarines con carne kin tu.<br \/>\nTallarines Sam se.<br \/>\nTallarines kan me.<br \/>\nTallarines con carne de cerdo.<br \/>\nTallarines con langostinos.<\/p>\n<p>M\u00d3DULO 7 &#8211; CHAUFAS Y SALSA DE TAMARINDO<\/p>\n<p>Arroz base para chaufa.<br \/>\nSalsa de tamarindo.<br \/>\nT\u00e9cnica del salteado.<br \/>\nChaufa de pollo.<br \/>\nChaufa vegetariano.<br \/>\nAeropuerto.<br \/>\nChaufa salvaje.<br \/>\nChaufa Sam se.<\/p>\n<p>M\u00d3DULO 8 &#8211; ASADOS Y NABO ENCURTIDO<\/p>\n<p>Marinado y horneado de carne para asados.<br \/>\nGlaseado de carne para asados.<br \/>\nCorte de asados horneados.<br \/>\nChancho asado con frutas.<br \/>\nChaufa asado con tamarindo.<br \/>\nChap suey.<br \/>\nNabo encurtido.<br \/>\nKam lu Wantan.<\/p>\n<p>M\u00d3DULO 9 &#8211; ALITAS Y CHICHARR\u00d3N FRITO<\/p>\n<p>Corte de alitas.<br \/>\nMarinado de alitas.<br \/>\nFre\u00eddo de alitas.<\/p>\n<p>M\u00d3DULO 10 &#8211; PLATOS CON CERDO CRUYOC<\/p>\n<p>Corte de cerdo para cruyoc.<br \/>\nEmpanizado de cerdo para cruyoc.<br \/>\nFre\u00eddo de cerdo para cruyoc.<br \/>\nCerdo cruyoc al curry.<br \/>\nCerdo cruyoc al lim\u00f3n.<br \/>\nCerdo cruyoc con huevo de codorniz<\/p>\n<p>M\u00d3DULO 11 &#8211; PLATOS A BASE DE TERNERA O CARNE DE RES<\/p>\n<p>Que es una mise en place y salsa para platos de ternera.<br \/>\nCarne de res con champi\u00f1ones.<br \/>\nLomo saltado.<br \/>\nTernera con salsa mensi.<\/p>\n<p>M\u00d3DULO 12 &#8211; PLATOS A BASE DE POLLO<\/p>\n<p>Fre\u00eddo de lonjas de pollo.<br \/>\nTy pa kay.<br \/>\nPollo sui pei.<br \/>\nPollo 5 sabores.<br \/>\nAcondicionamiento de piezas de pollo.<br \/>\nFre\u00eddo de piezas de pollo.<br \/>\nDecoraci\u00f3n para limonkay.<br \/>\nLimonkay.<br \/>\nChi jau kay.<br \/>\nPollo enrollado.<\/p>\n<p>M\u00d3DULO13 &#8211; DESPEDIDA<\/p>\n<p>Despedida del curso.<\/p>\n<p>M\u00d3DULO 14 &#8211; MATERIAL ADICIONAL (BONOS)<\/p>\n<p>Gu\u00eda del Mise en place<br \/>\nManual del cuchillo y t\u00e9cnicas corte.<\/p>\n<p>M\u00d3DULO 15 &#8211; VIDEO RESPUESTAS<\/p>\n<p>Video respuestas a las preguntas m\u00e1s frecuentes.<\/p>\n<p>M\u00d3DULO 16 &#8211; \u00bfC\u00d3MO OBTENER TU CERTIFICADO?<\/p>\n<p>\u00bfC\u00f3mo obtener tu certificado?<\/p>\n<p>ACERCA DEL PRODUCTOR<\/p>\n<p>Desarrollado por V\u00cdCTOR HEREDIA TAPIA, profesional experto de la cocina, egresado de la Escuela Superior de Hosteler\u00eda y Turismo de Madrid, especializado en cocina oriental. <\/p>\n<p>Ha llevado todo lo aprendido en las cocinas europeas en cuanto a estandarizaci\u00f3n y procesos se trata, a Sudam\u00e9rica. <\/p>\n<p>Es as\u00ed que lleva m\u00e1s de 8 a\u00f1os en Per\u00fa, actualmente dirigiendo un centro de emprendimiento gastron\u00f3mico, donde entre otros talleres, ense\u00f1a a diversos emprendedores y empresarios, el apasionante mundo de la Cocina Chifa.<\/p>\n","protected":false},"excerpt":{"rendered":"<p>\u00bfTe gustar\u00eda emprender o mejorar tu propio negocio de cocina chifa?\t<\/p>\n<p>Con el Master Class ESTANDARIZACI\u00d3N Y ESPECIALIZACI\u00d3N DE COCINA CHIFA, aprender\u00e1s desde el acondicionamiento de los insumos y materiales, hasta la preparaci\u00f3n.<\/p>\n","protected":false},"featured_media":3338,"template":"","meta":{"_joinchat":[]},"product_brand":[],"product_cat":[319,344],"product_tag":[],"class_list":{"0":"post-11569","1":"product","2":"type-product","3":"status-publish","4":"has-post-thumbnail","6":"product_cat-culinaria-y-gastronomia","7":"product_cat-todos","9":"first","10":"instock","11":"sale","12":"shipping-taxable","13":"product-type-external"},"_links":{"self":[{"href":"https:\/\/cursos.talentup.cl\/index.php?rest_route=\/wp\/v2\/product\/11569","targetHints":{"allow":["GET"]}}],"collection":[{"href":"https:\/\/cursos.talentup.cl\/index.php?rest_route=\/wp\/v2\/product"}],"about":[{"href":"https:\/\/cursos.talentup.cl\/index.php?rest_route=\/wp\/v2\/types\/product"}],"version-history":[{"count":2,"href":"https:\/\/cursos.talentup.cl\/index.php?rest_route=\/wp\/v2\/product\/11569\/revisions"}],"predecessor-version":[{"id":14054,"href":"https:\/\/cursos.talentup.cl\/index.php?rest_route=\/wp\/v2\/product\/11569\/revisions\/14054"}],"wp:featuredmedia":[{"embeddable":true,"href":"https:\/\/cursos.talentup.cl\/index.php?rest_route=\/wp\/v2\/media\/3338"}],"wp:attachment":[{"href":"https:\/\/cursos.talentup.cl\/index.php?rest_route=%2Fwp%2Fv2%2Fmedia&parent=11569"}],"wp:term":[{"taxonomy":"product_brand","embeddable":true,"href":"https:\/\/cursos.talentup.cl\/index.php?rest_route=%2Fwp%2Fv2%2Fproduct_brand&post=11569"},{"taxonomy":"product_cat","embeddable":true,"href":"https:\/\/cursos.talentup.cl\/index.php?rest_route=%2Fwp%2Fv2%2Fproduct_cat&post=11569"},{"taxonomy":"product_tag","embeddable":true,"href":"https:\/\/cursos.talentup.cl\/index.php?rest_route=%2Fwp%2Fv2%2Fproduct_tag&post=11569"}],"curies":[{"name":"wp","href":"https:\/\/api.w.org\/{rel}","templated":true}]}}