{"id":11572,"date":"2023-01-10T04:39:09","date_gmt":"2023-01-10T07:39:09","guid":{"rendered":"https:\/\/cursos.talentup.cl\/?post_type=product&#038;p=11572"},"modified":"2024-02-07T23:36:50","modified_gmt":"2024-02-08T02:36:50","slug":"master-en-chocolates-y-fresas-irresistibles-como-negocio","status":"publish","type":"product","link":"https:\/\/cursos.talentup.cl\/?product=master-en-chocolates-y-fresas-irresistibles-como-negocio","title":{"rendered":"MASTER EN CHOCOLATES Y FRESAS IRRESISTIBLES COMO NEGOCIO"},"content":{"rendered":"<p>\u00bfQuieres aprender una tem\u00e1tica derivada de la reposter\u00eda?<\/p>\n<p>Con el MasterClass CHOCOLATES Y FRESAS IRRESISTIBLES COMO NEGOCIO, conocer\u00e1s desde los ingredientes, materiales, armado, decoraci\u00f3n y hasta la comercializaci\u00f3n de este magn\u00edfico talento.<\/p>\n<p>\u00bfQU\u00c9 VAS A LOGRAR?<\/p>\n<p>Tendr\u00e1s una fuente de ingreso segura para toda la vida.<\/p>\n<p>Emprender\u00e1s con tem\u00e1ticas derivadas de la reposter\u00eda.<\/p>\n<p>Obtendr\u00e1s un claro conocimiento del tema.<\/p>\n<p>Te preparar\u00e1s para la realizaci\u00f3n de este bello arte.<\/p>\n<p>Aprender\u00e1s a realizar compras adecuadas de materias primas.<\/p>\n<p>Conocer\u00e1s como organizar tus implementos de trabajo.<\/p>\n<p>Seleccionar\u00e1s las herramientas de acuerdo al trabajo a realizar.<\/p>\n<p>Aprender\u00e1s como desarrollar y combinar las mejores recetas.<\/p>\n<p>Obtendr\u00e1s conocimiento del tipo de ingrediente que utilizaremos.<\/p>\n<p>Generar\u00e1s alto contenido de producci\u00f3n.<\/p>\n<p>Implementar\u00e1s ideas para un producto final que le agrade al cliente.<\/p>\n<p>Acceder\u00e1s al certificado avalado por Hotmart y Seminarios Online.<\/p>\n<p>\u00bfC\u00d3MO LO VAS A LOGRAR?<\/p>\n<p>A trav\u00e9s del siguiente contenido, estructurado paso a paso:<\/p>\n<p>M\u00d3DULO 1 &#8211; MASTER EN CHOCOLATES Y FRESAS IRRESISTIBLES COMO NEGOCIO<\/p>\n<p>Bienvenida e Introducci\u00f3n al programa.<br \/>\nQui\u00e9n es el creador del programa.<br \/>\nRecomendaciones.<br \/>\nCoberturas de chocolate.<br \/>\nCompra de chocolate.<br \/>\nAlmacenamiento de chocolate.<br \/>\nDerretido del chocolate.<br \/>\nLecitina de soya.<br \/>\nPigmento dorado.<br \/>\nQu\u00e9 hacer con el chocolate pastoso.<br \/>\nToppings.<br \/>\nRellenos.<br \/>\nCompra de fresas.<br \/>\nAlmacenamiento de fresas.<br \/>\nLavado de las fresas.<\/p>\n<p>M\u00d3DULO 2 &#8211; PR\u00c1CTICA<\/p>\n<p>Uso correcto de los pinchos.<br \/>\nC\u00f3mo cubrir las fresas.<br \/>\nPigmento dorado en fresas.<br \/>\nPigmentaci\u00f3n morada en fresas.<br \/>\nMoldes de silicona.<br \/>\nMoldes de acetato.<br \/>\nCorazones con Toppings.<br \/>\nApliques.<br \/>\nPintado de az\u00facar.<br \/>\nAz\u00facar oro rosa.<br \/>\nChocopaleta.<br \/>\nTip.<br \/>\nIdea de trabajo.<br \/>\nFresa con coco.<br \/>\nFresa con man\u00ed.<br \/>\nFresa con oro rosa.<br \/>\nL\u00edneas en fresa.<br \/>\nFresa con Toppings.<br \/>\nCaja decorada.<br \/>\nTrazos.<br \/>\nDise\u00f1os.<br \/>\nPaleta unicornio.<br \/>\nBombones.<br \/>\nGanache de chocolate.<br \/>\nRelleno de torta.<\/p>\n<p>M\u00d3DULO 3 &#8211; ESPECIAL OSITO DE PI\u00d1ATA<\/p>\n<p>Osito de Pi\u00f1ata.<\/p>\n<p>M\u00d3DULO 4: MATERIALES<\/p>\n<p>Lista de materiales.<\/p>\n<p>M\u00d3DULO 5 &#8211; MATERIAL ADICIONAL (BONOS)<\/p>\n<p>Bono 1: Postre con ganache de chocolate.<br \/>\nBono 2: Manzana de baby shower.<br \/>\nBono 3: Manzana d\u00eda de la mujer.<br \/>\nBono 4: Masmelos con chocolate.<br \/>\nBono 5: Mu\u00f1eco de masmelos.<\/p>\n<p>M\u00d3DULO 6: VIDEOS RESPUESTAS<\/p>\n<p>Bienvenida a las respuestas.<br \/>\n\u00bfD\u00f3nde consigo los materiales?<br \/>\n\u00bfSe le debe agregar aceite o manteca a las coberturas?<br \/>\n\u00bfQu\u00e9 pasa con la cobertura de chocolate blanco?<br \/>\n\u00bfPor qu\u00e9 mis chocolates sud\u00e1n?<br \/>\n\u00bfPor qu\u00e9 se pone duro al agregar color al chocolate blanco?<br \/>\n\u00bfSe puede trabajar las coberturas si vivo en climas calientes?<br \/>\n\u00bfSiempre se ponen 30 segundos en el horno microondas?<br \/>\n\u00bfQu\u00e9 potencia debe tener mi horno microondas?<br \/>\n\u00bfC\u00f3mo puedo hacer l\u00edneas o trazos m\u00e1s bonitos?<br \/>\n\u00bfNo tengo microondas, el ba\u00f1o mar\u00eda se hace espeso como mejoro?<\/p>\n<p>M\u00d3DULO 7 \u2013 \u00bfC\u00d3MO OBTENER TU CERTIFICADO?<\/p>\n<p>\u00bfC\u00f3mo obtener tu certificado?<\/p>\n<p>ACERCA DE LA PRODUCTORA<\/p>\n<p>Desarrollado por JAZM\u00cdN MONCADA CANO, profesional en el \u00e1rea de pasteler\u00eda y reposter\u00eda con m\u00e1s de 10 a\u00f1os de experiencia trabajando en la empresa con mis padres, y 6 a\u00f1os como propietaria, fundadora y emprendedora de pasteler\u00eda creativa.<\/p>\n<p>Amante de este bello arte y una apasionada por la creaci\u00f3n de nuevas ideas e innovaciones, certificada por LK Mej\u00eda escuela de Reposter\u00eda, Fleischmann calidad y servicio y EFE Escuela de Formaci\u00f3n Empresarial, con garant\u00edas de satisfacci\u00f3n por miles de clientes al cumplir sus exceptivas con los productos solicitados, y creadora de 2 infoproductos m\u00e1s en las \u00e1reas de la reposter\u00eda.<\/p>\n","protected":false},"excerpt":{"rendered":"<p>\u00bfQuieres aprender una tem\u00e1tica derivada de la reposter\u00eda?<\/p>\n<p>Con el MasterClass CHOCOLATES Y FRESAS IRRESISTIBLES COMO NEGOCIO, conocer\u00e1s desde los ingredientes, materiales, armado, decoraci\u00f3n y hasta la comercializaci\u00f3n de este magn\u00edfico talento.<\/p>\n","protected":false},"featured_media":3341,"template":"","meta":{"_joinchat":[]},"product_brand":[],"product_cat":[319,344],"product_tag":[],"class_list":{"0":"post-11572","1":"product","2":"type-product","3":"status-publish","4":"has-post-thumbnail","6":"product_cat-culinaria-y-gastronomia","7":"product_cat-todos","9":"first","10":"instock","11":"sale","12":"shipping-taxable","13":"product-type-external"},"_links":{"self":[{"href":"https:\/\/cursos.talentup.cl\/index.php?rest_route=\/wp\/v2\/product\/11572","targetHints":{"allow":["GET"]}}],"collection":[{"href":"https:\/\/cursos.talentup.cl\/index.php?rest_route=\/wp\/v2\/product"}],"about":[{"href":"https:\/\/cursos.talentup.cl\/index.php?rest_route=\/wp\/v2\/types\/product"}],"version-history":[{"count":2,"href":"https:\/\/cursos.talentup.cl\/index.php?rest_route=\/wp\/v2\/product\/11572\/revisions"}],"predecessor-version":[{"id":14057,"href":"https:\/\/cursos.talentup.cl\/index.php?rest_route=\/wp\/v2\/product\/11572\/revisions\/14057"}],"wp:featuredmedia":[{"embeddable":true,"href":"https:\/\/cursos.talentup.cl\/index.php?rest_route=\/wp\/v2\/media\/3341"}],"wp:attachment":[{"href":"https:\/\/cursos.talentup.cl\/index.php?rest_route=%2Fwp%2Fv2%2Fmedia&parent=11572"}],"wp:term":[{"taxonomy":"product_brand","embeddable":true,"href":"https:\/\/cursos.talentup.cl\/index.php?rest_route=%2Fwp%2Fv2%2Fproduct_brand&post=11572"},{"taxonomy":"product_cat","embeddable":true,"href":"https:\/\/cursos.talentup.cl\/index.php?rest_route=%2Fwp%2Fv2%2Fproduct_cat&post=11572"},{"taxonomy":"product_tag","embeddable":true,"href":"https:\/\/cursos.talentup.cl\/index.php?rest_route=%2Fwp%2Fv2%2Fproduct_tag&post=11572"}],"curies":[{"name":"wp","href":"https:\/\/api.w.org\/{rel}","templated":true}]}}