{"id":11668,"date":"2023-01-10T04:39:19","date_gmt":"2023-01-10T07:39:19","guid":{"rendered":"https:\/\/cursos.talentup.cl\/?post_type=product&#038;p=11668"},"modified":"2024-02-07T23:36:53","modified_gmt":"2024-02-08T02:36:53","slug":"panaderia-desde-casa","status":"publish","type":"product","link":"https:\/\/cursos.talentup.cl\/?product=panaderia-desde-casa","title":{"rendered":"PANADER\u00cdA DESDE CASA"},"content":{"rendered":"<p>\u00a1Nada como el olor del pan reci\u00e9n horneado!  <\/p>\n<p>Mmhh \u00bfTe gustar\u00eda experimentar con nuevas e incre\u00edbles recetas ?<\/p>\n<p>Con el MasterClass PANADER\u00cdA DESDE CASA, aprende una t\u00e9cnica para que prepares tu propio pan y sorprendas con una explosi\u00f3n de sabor a tus invitados.<\/p>\n<p>\u00bfQu\u00e9 tal unas conchas mexicanas con colores pastel; un delicioso pan de hamburguesa o tal vez, unos alucinantes roles de canela con un chocolate caliente?<\/p>\n<p>Con PANADER\u00cdA DESDE CASA tienes una excelente oportunidad para montar tu emprendimiento .<\/p>\n<p>\u00bfQU\u00c9 VAS A LOGRAR?<\/p>\n<p>Conocer\u00e1s las bases de la panader\u00eda y los ingredientes m\u00e1s utilizados para crear panes suaves y con gran sabor.<\/p>\n<p>Aprender\u00e1s las t\u00e9cnicas y procesos para amasar, darles forma a los diferentes tipos de panes y obtener los mejores resultados.<\/p>\n<p>Aprender\u00e1s a elaborar panes rellenos y glaseados.<\/p>\n<p>Crear\u00e1s deliciosos panes, sin qu\u00edmicos ni conservadores artificiales.<\/p>\n<p>Conocer\u00e1s las texturas ideales del amasado y le perder\u00e1s el miedo a las masas y levaduras.<\/p>\n<p>Tendr\u00e1s la confianza para preparar tus propios panes.<\/p>\n<p>Acceder\u00e1s al certificado avalado por Hotmart y Seminarios Online.<\/p>\n<p>\u00bfC\u00d3MO LO VAS A LOGRAR?<\/p>\n<p>A trav\u00e9s del siguiente contenido estructurado paso a paso:<\/p>\n<p>BIENVENIDA PANADER\u00cdA DESDE CASA<\/p>\n<p>Video 1: Bienvenida.<br \/>\nSesi\u00f3n mensual<br \/>\nAplicaci\u00f3n gratis para tu celular HOTMART SPARKLE<\/p>\n<p>INTRODUCCI\u00d3N A LA PANADER\u00cdA.<\/p>\n<p>Video 2: Introducci\u00f3n a la panader\u00eda.<\/p>\n<p>CONCHAS MEXICANAS.<\/p>\n<p>Video 3: Introducci\u00f3n Conchas Mexicanas.<br \/>\nVideo 4: Esponja.<br \/>\nVideo 5: Tapa de conchas.<br \/>\nVideo 6: Masa de conchas.<br \/>\nVideo 7: Porcionar y bolear.<\/p>\n<p>PAN TIPO ROL DE CANELA.<\/p>\n<p>Video 8: Introducci\u00f3n Pan tipo Rol de canela.<br \/>\nVideo 9: Masa en batidora.<br \/>\nVideo 10: Masa en m\u00e1quina de pan.<br \/>\nVideo 11: Rellenar y dar forma.<br \/>\nVideo 12: Hornear.<\/p>\n<p>PAN DE MOLDE 100% INTEGRAL.<\/p>\n<p>Video 13: Introducci\u00f3n Pan de molde 100% integral.<br \/>\nVideo 14: Mezclar ingredientes y amasar.<br \/>\nVideo 15: Preparar molde y 2do. leudado.<br \/>\nVideo 16: Barnizar y hornear.<br \/>\nVideo 17: Conservaci\u00f3n.<\/p>\n<p>ROLES DE CANELA.<\/p>\n<p>Video 18: Introducci\u00f3n e ingredientes Roles de Canela.<br \/>\nVideo 19: Elaboraci\u00f3n masa.<br \/>\nVideo 20: Preparaci\u00f3n molde y relleno.<br \/>\nVideo 21: Procedimiento: formar roles.<br \/>\nVideo 22: Glaseado: preparaci\u00f3n glaseado y glasear.<\/p>\n<p>PAN DE HAMBURGUESA.<\/p>\n<p>Video 23: Introducci\u00f3n Pan de Hamburguesa.<br \/>\nVideo 24: Preparaci\u00f3n masa.<br \/>\nVideo 25: Dividir y bolear.<br \/>\nVideo 26: Barnizar y hornear.<\/p>\n<p>CHALLAH.<\/p>\n<p>Video 27: Introducci\u00f3n Challah.<br \/>\nVideo 28: Elaboraci\u00f3n masa.<br \/>\nVideo 29: Formar trenza y hornear.<\/p>\n<p>BAGELS.<\/p>\n<p>Video 30: Introducci\u00f3n Bagels.<br \/>\nVideo 31: Elaboraci\u00f3n masa.<br \/>\nVideo 32: Formar bagels.<br \/>\nVideo 33: Pochar y hornear.<\/p>\n<p>PAN DE JAM\u00d3N<\/p>\n<p>Video 34: Pan de Jam\u00f3n<\/p>\n<p>BONUS<\/p>\n<p>Incluye actualizaciones del programa<\/p>\n<p>ACERCA DE LA PRODUCTORA<\/p>\n<p>Desarrollado por MARINA RODR\u00cdGUEZ, chef mexicana, emprendedora y apasionada de la gastronom\u00eda.<\/p>\n<p>Fundadora de Chez Marnie, con m\u00e1s de 10 a\u00f1os de experiencia ense\u00f1ando t\u00e9cnicas y programas de gastronom\u00eda y reposter\u00eda.<\/p>\n<p>Con estudios y diplomados de Gastronom\u00eda y Nutrici\u00f3n en diversas Instituciones reconocidas a nivel nacional e internacional, entre ellas la Universidad Iberoamericana, la Escuela de Gastronom\u00eda Dijon, Escuela de Pasteler\u00eda Pastry Chef, y Stanford University.<\/p>\n","protected":false},"excerpt":{"rendered":"<p>\u00a1Nada como el olor del pan reci\u00e9n horneado!  <\/p>\n<p>Mmhh \u00bfTe gustar\u00eda experimentar con nuevas e incre\u00edbles recetas ?<\/p>\n<p>Con el MasterClass PANADER\u00cdA DESDE CASA, aprende una t\u00e9cnica para que prepares tu propio pan y sorprendas con una explosi\u00f3n de sabor a tus invitados.<\/p>\n<p>\u00bfQu\u00e9 tal unas conchas mexicanas con colores pastel; un delicioso pan de hamburguesa o tal vez, unos alucinantes roles de canela con un chocolate caliente?<\/p>\n<p>Con PANADER\u00cdA DESDE CASA tienes una excelente oportunidad para montar tu emprendimiento.<\/p>\n","protected":false},"featured_media":3377,"template":"","meta":{"_joinchat":[]},"product_brand":[],"product_cat":[319,344],"product_tag":[],"class_list":{"0":"post-11668","1":"product","2":"type-product","3":"status-publish","4":"has-post-thumbnail","6":"product_cat-culinaria-y-gastronomia","7":"product_cat-todos","9":"first","10":"instock","11":"sale","12":"shipping-taxable","13":"product-type-external"},"_links":{"self":[{"href":"https:\/\/cursos.talentup.cl\/index.php?rest_route=\/wp\/v2\/product\/11668","targetHints":{"allow":["GET"]}}],"collection":[{"href":"https:\/\/cursos.talentup.cl\/index.php?rest_route=\/wp\/v2\/product"}],"about":[{"href":"https:\/\/cursos.talentup.cl\/index.php?rest_route=\/wp\/v2\/types\/product"}],"version-history":[{"count":2,"href":"https:\/\/cursos.talentup.cl\/index.php?rest_route=\/wp\/v2\/product\/11668\/revisions"}],"predecessor-version":[{"id":14093,"href":"https:\/\/cursos.talentup.cl\/index.php?rest_route=\/wp\/v2\/product\/11668\/revisions\/14093"}],"wp:featuredmedia":[{"embeddable":true,"href":"https:\/\/cursos.talentup.cl\/index.php?rest_route=\/wp\/v2\/media\/3377"}],"wp:attachment":[{"href":"https:\/\/cursos.talentup.cl\/index.php?rest_route=%2Fwp%2Fv2%2Fmedia&parent=11668"}],"wp:term":[{"taxonomy":"product_brand","embeddable":true,"href":"https:\/\/cursos.talentup.cl\/index.php?rest_route=%2Fwp%2Fv2%2Fproduct_brand&post=11668"},{"taxonomy":"product_cat","embeddable":true,"href":"https:\/\/cursos.talentup.cl\/index.php?rest_route=%2Fwp%2Fv2%2Fproduct_cat&post=11668"},{"taxonomy":"product_tag","embeddable":true,"href":"https:\/\/cursos.talentup.cl\/index.php?rest_route=%2Fwp%2Fv2%2Fproduct_tag&post=11668"}],"curies":[{"name":"wp","href":"https:\/\/api.w.org\/{rel}","templated":true}]}}