{"id":11695,"date":"2023-01-10T04:39:20","date_gmt":"2023-01-10T07:39:20","guid":{"rendered":"https:\/\/cursos.talentup.cl\/?post_type=product&#038;p=11695"},"modified":"2024-02-07T23:36:56","modified_gmt":"2024-02-08T02:36:56","slug":"cupcakes-para-principiantes","status":"publish","type":"product","link":"https:\/\/cursos.talentup.cl\/?product=cupcakes-para-principiantes","title":{"rendered":"CUPCAKES PARA PRINCIPIANTES"},"content":{"rendered":"<p>Muchas personas siempre han querido transformar su conocimiento y la pasi\u00f3n por los Cupcakes en una profesi\u00f3n lucrativa.<\/p>\n<p>Con el MasterClass EL NEGOCIO DE LOS CUPCAKES, endulza tu vida y la de los dem\u00e1s, generando altos ingresos en una industria que crece como un pastel en el horno.<\/p>\n<p>Aprende c\u00f3mo hacer la masa, las m\u00e1s deliciosas cremas, decorar tus CUPCAKES, crear tu propia marca y logo y las herramientas del marketing digital para comercializar tus productos.<\/p>\n<p>\u00bfQU\u00c9 VAS A LOGRAR?<\/p>\n<p>Transformar tu conocimiento y la pasi\u00f3n por los Cupcakes en una profesi\u00f3n lucrativa.<\/p>\n<p>Convertir tu pasi\u00f3n en un modelo de ingreso principal con alta rentabilidad.<\/p>\n<p>Iniciarse en tu emprendimiento desde cero, sin necesidad de tener un conocimiento previo.<\/p>\n<p>Crear tu propio negocio de Cupcakes (con preparaciones incluidas) a partir de una pasi\u00f3n y un arte que puedes monetizar.<\/p>\n<p>Tener un acompa\u00f1amiento de la mano de una persona experta en el tema.<\/p>\n<p>Aplicar cada una de las t\u00e9cnicas que aqu\u00ed te ense\u00f1amos para desarrollar un excelente producto.<\/p>\n<p>Desarrollar tu emprendimiento de manera digital en redes sociales. <\/p>\n<p>Acceder al certificado descargable avalado por Hotmart y Seminarios Online.<\/p>\n<p>\u00bfC\u00d3MO LO VAS A LOGRAR?<\/p>\n<p>A partir de una Metodolog\u00eda f\u00e1cil y pr\u00e1ctica compuesta por nuestro programa de 20 Clases en video con formato FULL HD<\/p>\n<p>V\u00eddeo 1 &#8211; Antes de empezar.<\/p>\n<p>V\u00eddeo 2 &#8211; Origen del Cupcake.<\/p>\n<p>Video 3 &#8211; Ingredientes y Utensilios1.<\/p>\n<p>Video 4 &#8211; Preparaci\u00f3n te\u00f3rica 1.<\/p>\n<p>Video 5 &#8211; Preparaci\u00f3n te\u00f3rica 2.<\/p>\n<p>Video 6 &#8211; Preparaci\u00f3n pr\u00e1ctica 1.<\/p>\n<p>Video 7 &#8211; Preparaci\u00f3n pr\u00e1ctica 2.<\/p>\n<p>V\u00eddeo 8 &#8211; Preparaci\u00f3n de ButterCream.<\/p>\n<p>V\u00eddeo 9 &#8211; Decoraci\u00f3n de cupcakes 1.<\/p>\n<p>V\u00eddeo 10 &#8211; Decoraci\u00f3n de cupcakes 2.<\/p>\n<p>V\u00eddeo 11 &#8211; Fase 1 del curso finalizada.<\/p>\n<p>Video 12 &#8211; Fase#2 inicio.<\/p>\n<p>Video 13 &#8211; Creando nuestra marca.<\/p>\n<p>Video 14 &#8211; Creaci\u00f3n de nuestro Logo.<\/p>\n<p>Video 15 &#8211; Canva para historias destacadas.<\/p>\n<p>Video 16 &#8211; Carta de ventas para nuestros clientes.<\/p>\n<p>Video 17 &#8211; Business Manager.<\/p>\n<p>Video 18 &#8211; Anuncio Interacci\u00f3n con post.<\/p>\n<p>Video 19 &#8211; Anuncio para obtener likes.<\/p>\n<p>Video 20 &#8211; Crecimiento org\u00e1nico con Grupos de Engagement.<\/p>\n<p>Video 21 &#8211; Finalizaci\u00f3n del curso.<\/p>\n<p>ACERCA DE LOS PRODUCTORES:<\/p>\n<p>ESTEFAN\u00cdA K\u00d3PAL: Con m\u00e1s de 5 a\u00f1os de experiencia en el negocio de la reposter\u00eda y creadora de Tortas K\u00f3pal; un programa que le permiti\u00f3 compartir su experiencia con otras mujeres que al igual que ella, tuvieron un sue\u00f1o y lo hicieron posible.<\/p>\n<p>JES\u00daS AGUILAR: profesional en Marketing digital y Community Manager de nuestra marca y negocio Tortas K\u00f3pal.<\/p>\n","protected":false},"excerpt":{"rendered":"<p>Muchas personas siempre han querido transformar su conocimiento y la pasi\u00f3n por los Cupcakes en una profesi\u00f3n lucrativa.<\/p>\n<p>Con el MasterClass EL NEGOCIO DE LOS CUPCAKES, endulza tu vida y la de los dem\u00e1s, generando altos ingresos en una industria que crece como un pastel en el horno.<\/p>\n<p>Aprende c\u00f3mo hacer la masa, las m\u00e1s deliciosas cremas, decorar tus CUPCAKES, crear tu propia marca y logo y las herramientas del marketing digital para comercializar tus productos.<\/p>\n","protected":false},"featured_media":3404,"template":"","meta":{"_joinchat":[]},"product_brand":[],"product_cat":[319,344],"product_tag":[],"class_list":{"0":"post-11695","1":"product","2":"type-product","3":"status-publish","4":"has-post-thumbnail","6":"product_cat-culinaria-y-gastronomia","7":"product_cat-todos","9":"first","10":"instock","11":"sale","12":"shipping-taxable","13":"product-type-external"},"_links":{"self":[{"href":"https:\/\/cursos.talentup.cl\/index.php?rest_route=\/wp\/v2\/product\/11695","targetHints":{"allow":["GET"]}}],"collection":[{"href":"https:\/\/cursos.talentup.cl\/index.php?rest_route=\/wp\/v2\/product"}],"about":[{"href":"https:\/\/cursos.talentup.cl\/index.php?rest_route=\/wp\/v2\/types\/product"}],"version-history":[{"count":2,"href":"https:\/\/cursos.talentup.cl\/index.php?rest_route=\/wp\/v2\/product\/11695\/revisions"}],"predecessor-version":[{"id":14120,"href":"https:\/\/cursos.talentup.cl\/index.php?rest_route=\/wp\/v2\/product\/11695\/revisions\/14120"}],"wp:featuredmedia":[{"embeddable":true,"href":"https:\/\/cursos.talentup.cl\/index.php?rest_route=\/wp\/v2\/media\/3404"}],"wp:attachment":[{"href":"https:\/\/cursos.talentup.cl\/index.php?rest_route=%2Fwp%2Fv2%2Fmedia&parent=11695"}],"wp:term":[{"taxonomy":"product_brand","embeddable":true,"href":"https:\/\/cursos.talentup.cl\/index.php?rest_route=%2Fwp%2Fv2%2Fproduct_brand&post=11695"},{"taxonomy":"product_cat","embeddable":true,"href":"https:\/\/cursos.talentup.cl\/index.php?rest_route=%2Fwp%2Fv2%2Fproduct_cat&post=11695"},{"taxonomy":"product_tag","embeddable":true,"href":"https:\/\/cursos.talentup.cl\/index.php?rest_route=%2Fwp%2Fv2%2Fproduct_tag&post=11695"}],"curies":[{"name":"wp","href":"https:\/\/api.w.org\/{rel}","templated":true}]}}