{"id":11851,"date":"2023-01-10T04:39:37","date_gmt":"2023-01-10T07:39:37","guid":{"rendered":"https:\/\/cursos.talentup.cl\/?post_type=product&#038;p=11851"},"modified":"2024-02-07T23:37:03","modified_gmt":"2024-02-08T02:37:03","slug":"administra-tu-tiempo-y-dinero-para-una-vida-plena","status":"publish","type":"product","link":"https:\/\/cursos.talentup.cl\/?product=administra-tu-tiempo-y-dinero-para-una-vida-plena","title":{"rendered":"ADMINISTRA TU TIEMPO Y DINERO PARA UNA VIDA PLENA"},"content":{"rendered":"<p>\u00bfSab\u00edas que planificar tus actividades y gastos puede ayudarte a organizar y disfrutar tu vida?<\/p>\n<p>Con el MasterClass ADMINISTRA TU TIEMPO Y DINERO PARA UNA VIDA PLENA aprender\u00e1s como organizar tu tiempo y administrar tu dinero para llevar una vida tranquila y exitosa.<\/p>\n<p>\u00bfQU\u00c9 VAS A LOGRAR?<\/p>\n<p>Definir\u00e1s objetivos y armar\u00e1s un plan paso a paso organizando tu tiempo productivamente.<\/p>\n<p>Har\u00e1s un seguimiento de tus ingresos y egresos, adem\u00e1s de planificarlos.<\/p>\n<p>Identificar\u00e1s los paradigmas que te est\u00e1n limitando para conseguir tus objetivos.<\/p>\n<p>Tendr\u00e1s la convicci\u00f3n que tienes la capacidad de lograr todas tus metas organiz\u00e1ndote mejor, sobre todo organizar tu vida y disfrutarla.<\/p>\n<p>Crear\u00e1s h\u00e1bitos para tu vida planificando adecuadamente.<\/p>\n<p>Acceder\u00e1s al certificado avalado por Hotmart y Seminarios Online.<\/p>\n<p>\u00bfC\u00d3MO LO VAS A LOGRAR?<\/p>\n<p>A trav\u00e9s del siguiente contenido, estructurado paso a paso:<\/p>\n<p>Introducci\u00f3n<\/p>\n<p>Introducci\u00f3n.<\/p>\n<p>Parte 1 &#8211; EL TIEMPO<\/p>\n<p>\u00a1Las bases para una vida plena son las creencias!.<br \/>\nEl tiempo perdido jam\u00e1s se recupera.<br \/>\nActividad Pr\u00e1ctica N\u00b01 &#8211; Administraci\u00f3n de nuestro tiempo.<br \/>\nActividad Pr\u00e1ctica N\u00b02 &#8211; Administraci\u00f3n de nuestro tiempo.<br \/>\nActividad Pr\u00e1ctica N\u00b03 &#8211; Administraci\u00f3n de nuestro tiempo.<br \/>\nUsando Google Calendar como herramienta.<br \/>\nValora tu tiempo !!!!.<br \/>\nVamos de dejar de limitarnos.<br \/>\nAqu\u00ed va un ejemplo muy claro!.<\/p>\n<p>Parte 2 &#8211; EL DINERO<\/p>\n<p>A identificar los paradigmas con el dinero.<br \/>\nIndispensable educarnos constantemente.<br \/>\n4 Pasos para dejar las creencias limitantes con el dinero.<br \/>\nDeclara abundancia en tu vida.<br \/>\nAdministrar tu dinero &#8211; Actividad N\u00b01.<br \/>\nAdministrar tu dinero &#8211; Actividad N\u00b02.<br \/>\nEjemplo Aplicado de la actividad N\u00b02.<br \/>\nTarjetas de Cr\u00e9dito.<br \/>\nSeguimiento de Ingresos y Egresos a trav\u00e9s de la herramienta.<br \/>\nEvaluaci\u00f3n de los reportes de ingresos y egresos.<br \/>\nProyecci\u00f3n de ingresos y egresos.<br \/>\nUna de las clave para el \u00e9xito es la Constancia.<\/p>\n<p>Parte 3 \u2013 OBJETIVOS Y METAS (Bono)<\/p>\n<p>Es mejor planificar.<br \/>\nM\u00e1s vale estar dispuesto que preparado.<br \/>\nLos objetivos, las metas y los indicadores.<br \/>\nUn poco de teor\u00eda.<br \/>\nSue\u00f1a en grande con los pies en la tierra.<br \/>\nEjemplo Aplicado.<\/p>\n<p>Parte 4 \u2013 EQUILIBRIO PARA TU VIDA (Bono)<\/p>\n<p>Equilibrio en tu vida, \u00abTu Vida Social\u00bb.<br \/>\nEquilibrio en tu vida, \u00abTu Salud\u00bb.<br \/>\nEquilibrio en tu vida, \u00abTu Familia\u00bb.<br \/>\nEquilibrio en tu vida, \u00abTu profesi\u00f3n\u00bb.<br \/>\n\u00a1Declara Abundancia en todas las \u00e1reas de tu vida!.<br \/>\n\u00bfQu\u00e9 es realmente Libertad Financiera?.<br \/>\nAcceso a las herramientas.<\/p>\n<p>Parte 5 (Videos Respuesta).<\/p>\n<p>\u00bfC\u00f3mo genero h\u00e1bitos adecuados?.<br \/>\n\u00bfC\u00f3mo tengo la asesor\u00eda especializada contigo?.<br \/>\n\u00bfC\u00f3mo puedo tener m\u00e1s claridad de lo que quiero en mi vida?.<br \/>\n\u00bfQu\u00e9 significa tener bienestar financiero?.<br \/>\n\u00bfPor qu\u00e9 invertir en educaci\u00f3n?.<br \/>\n\u00bfC\u00f3mo puedo ser m\u00e1s productivo?.<br \/>\n\u00bfC\u00f3mo evitar distracciones?.<br \/>\nTrabajo m\u00e1s de 12 horas, es posible organizarse as\u00ed?.<\/p>\n<p>ACERCA DE LA PRODUCTORA<\/p>\n<p>Desarrollado por GABRIELA TERREL, profesional en Negocios Internacionales y experta en gesti\u00f3n del tiempo y el dinero. <\/p>\n<p>Con m\u00e1s de 5 a\u00f1os de experiencia en planificaci\u00f3n organizacional. Actualmente tiene un emprendimiento con un equipo en m\u00e1s de 5 pa\u00edses, a los cuales ha podido guiar y ayudar con la administraci\u00f3n tanto de su tiempo como del dinero.<\/p>\n","protected":false},"excerpt":{"rendered":"<p>\u00bfSab\u00edas que planificar tus actividades y gastos puede ayudarte a organizar y disfrutar tu vida?<\/p>\n<p>Con el MasterClass ADMINISTRA TU TIEMPO Y DINERO PARA UNA VIDA PLENA aprender\u00e1s como organizar tu tiempo y administrar tu dinero para llevar una vida tranquila y exitosa.<\/p>\n","protected":false},"featured_media":3468,"template":"","meta":{"_joinchat":[]},"product_brand":[],"product_cat":[320,344],"product_tag":[],"class_list":{"0":"post-11851","1":"product","2":"type-product","3":"status-publish","4":"has-post-thumbnail","6":"product_cat-desarrollo-personal","7":"product_cat-todos","9":"first","10":"instock","11":"sale","12":"shipping-taxable","13":"product-type-external"},"_links":{"self":[{"href":"https:\/\/cursos.talentup.cl\/index.php?rest_route=\/wp\/v2\/product\/11851","targetHints":{"allow":["GET"]}}],"collection":[{"href":"https:\/\/cursos.talentup.cl\/index.php?rest_route=\/wp\/v2\/product"}],"about":[{"href":"https:\/\/cursos.talentup.cl\/index.php?rest_route=\/wp\/v2\/types\/product"}],"version-history":[{"count":2,"href":"https:\/\/cursos.talentup.cl\/index.php?rest_route=\/wp\/v2\/product\/11851\/revisions"}],"predecessor-version":[{"id":14185,"href":"https:\/\/cursos.talentup.cl\/index.php?rest_route=\/wp\/v2\/product\/11851\/revisions\/14185"}],"wp:featuredmedia":[{"embeddable":true,"href":"https:\/\/cursos.talentup.cl\/index.php?rest_route=\/wp\/v2\/media\/3468"}],"wp:attachment":[{"href":"https:\/\/cursos.talentup.cl\/index.php?rest_route=%2Fwp%2Fv2%2Fmedia&parent=11851"}],"wp:term":[{"taxonomy":"product_brand","embeddable":true,"href":"https:\/\/cursos.talentup.cl\/index.php?rest_route=%2Fwp%2Fv2%2Fproduct_brand&post=11851"},{"taxonomy":"product_cat","embeddable":true,"href":"https:\/\/cursos.talentup.cl\/index.php?rest_route=%2Fwp%2Fv2%2Fproduct_cat&post=11851"},{"taxonomy":"product_tag","embeddable":true,"href":"https:\/\/cursos.talentup.cl\/index.php?rest_route=%2Fwp%2Fv2%2Fproduct_tag&post=11851"}],"curies":[{"name":"wp","href":"https:\/\/api.w.org\/{rel}","templated":true}]}}