{"id":11863,"date":"2023-01-10T04:39:37","date_gmt":"2023-01-10T07:39:37","guid":{"rendered":"https:\/\/cursos.talentup.cl\/?post_type=product&#038;p=11863"},"modified":"2024-02-07T23:37:05","modified_gmt":"2024-02-08T02:37:05","slug":"mujer-manifiesta-tu-abundancia-en-90-dias","status":"publish","type":"product","link":"https:\/\/cursos.talentup.cl\/?product=mujer-manifiesta-tu-abundancia-en-90-dias","title":{"rendered":"MUJER, MANIFIESTA TU ABUNDANCIA EN 90 D\u00cdAS"},"content":{"rendered":"<p>\u00bfAlguna vez te has preguntado qu\u00e9 pasar\u00eda si tuvieras dinero ILIMITADO?<\/p>\n<p>Con el programa \u201cMUJER, MANIFIESTA TU ABUNDANCIA EN 90 D\u00cdAS\u201d asume el control de tu vida con meditaciones y herramientas dise\u00f1adas para la mujer moderna.<\/p>\n<p>\u00bfQU\u00c9 VAS A LOGRAR?<\/p>\n<p>Empezar\u00e1s a descubrir los secretos ocultos que bloquean tu manifestaci\u00f3n y empezar\u00e1s a manifestar sin L\u00cdMITES.<\/p>\n<p>Conectaras con la ENERG\u00cdA y el PODER del a\u00f1o para crear una realidad como tu CORAZ\u00d3N ANHELA.<\/p>\n<p>Al terminar tu proceso y realizar todos los ejercicios y din\u00e1micas propuestas manteni\u00e9ndote en una frecuencia constante por 90 d\u00edas obtendr\u00e1s.<\/p>\n<p>Tendr\u00e1s claridad para ti y tus 4 \u00e1reas de trabajo.<\/p>\n<p>Manifestar de forma fluida y m\u00e1gica usando la NUMEROLOGIA como tu gran aliada.<\/p>\n<p>Crearas tu propio sistema de MANIFESTACION usando las herramientas que recibes en el proceso.<\/p>\n<p>Descubrir\u00e1s que te tiene bloqueada y como avanzar.<\/p>\n<p>Acceder\u00e1s al certificado avalado por Hotmart y Seminarios Online.<\/p>\n<p>\u00bfC\u00d3MO LO VAS A LOGRAR?<\/p>\n<p>A trav\u00e9s del siguiente contenido, estructurado paso a paso:<\/p>\n<p>M\u00f3dulo No.1<\/p>\n<p>Video de Bienvenida al programa, instrucciones.<br \/>\nPDF contrato.<br \/>\nPDF Tri\u00e1ngulo vibracional.<\/p>\n<p>M\u00f3dulo No.2<\/p>\n<p>Video Ejercicio de manifestaci\u00f3n.<br \/>\nPDF manifestaci\u00f3n actualizaci\u00f3n.<br \/>\nPDF mes 1<br \/>\nPDF mes 2.<br \/>\nPDF mes 3.<\/p>\n<p>M\u00f3dulo No.3<\/p>\n<p>Video numerolog\u00eda, ampliando la visi\u00f3n de ti misma.<\/p>\n<p>M\u00f3dulo No.4 (BONO 1).<\/p>\n<p>Audio video Meditaci\u00f3n conectando con tu ser divino.<br \/>\nAudio Video Meditaci\u00f3n Conectando con la energ\u00eda del Dinero.<br \/>\nAudio Video Meditaci\u00f3n Manifestando sue\u00f1os.<\/p>\n<p>M\u00f3dulo No. 5 (BONO 2).<\/p>\n<p>Video Ritual de 31 de Diciembre.<br \/>\nPDF actualizaci\u00f3n ritual de cierre.<\/p>\n<p>ACERCA DE LA PRODUCTORA<\/p>\n<p>Desarrollado por PAOLA ANDREA JARAMILLO MEJ\u00cdA, una fiel creyente de que todo es posible mientras t\u00fa lo creas as\u00ed. Psic\u00f3loga de profesi\u00f3n y apasionada por el mundo del emprendimiento, tanto as\u00ed, que se convirti\u00f3 en mentora de emprendedoras digitales hace un poco m\u00e1s de 3 a\u00f1os. <\/p>\n<p>Pao es emprendedora de coraz\u00f3n desde siempre y empresaria desde hace 5 a\u00f1os. Experta en numerolog\u00eda, coaching energ\u00e9tico, biodescodificaci\u00f3n y manifestaci\u00f3n. <\/p>\n<p>Herramientas que le han permitido crear un negocio abundante y fluido, apoyando a el dise\u00f1o, creaci\u00f3n, implementaci\u00f3n y seguimiento de ecosistemas en negocios digitales que est\u00e1n iniciando su camino o que desean escalar a una siguiente etapa emprendedora todo a trav\u00e9s de la mentalidad, relaciones, creencias, organizaci\u00f3n, planeaci\u00f3n y ejecuci\u00f3n de t\u00e9cnicas del nuevo mercado digital, con el objetivo de guiar negocios rentables, escalables y sostenibles en el tiempo. <\/p>\n<p>Su gran misi\u00f3n es guiar a mujeres emprendedoras a crear sus micro econom\u00edas de abundancias a trav\u00e9s del servicio con sus dones talentos y habilidades, despert\u00e1ndolos en ellas y gui\u00e1ndolas por el camino de la consciencia y la espiritualidad.<\/p>\n","protected":false},"excerpt":{"rendered":"<p>\u00bfAlguna vez te has preguntado qu\u00e9 pasar\u00eda si tuvieras dinero ILIMITADO?<\/p>\n<p>Con el programa \u201cMUJER, MANIFIESTA TU ABUNDANCIA EN 90 D\u00cdAS\u201d asume el control de tu vida con meditaciones y herramientas dise\u00f1adas para la mujer moderna.<\/p>\n","protected":false},"featured_media":3480,"template":"","meta":{"_joinchat":[]},"product_brand":[],"product_cat":[320,344],"product_tag":[],"class_list":{"0":"post-11863","1":"product","2":"type-product","3":"status-publish","4":"has-post-thumbnail","6":"product_cat-desarrollo-personal","7":"product_cat-todos","9":"first","10":"instock","11":"sale","12":"shipping-taxable","13":"product-type-external"},"_links":{"self":[{"href":"https:\/\/cursos.talentup.cl\/index.php?rest_route=\/wp\/v2\/product\/11863","targetHints":{"allow":["GET"]}}],"collection":[{"href":"https:\/\/cursos.talentup.cl\/index.php?rest_route=\/wp\/v2\/product"}],"about":[{"href":"https:\/\/cursos.talentup.cl\/index.php?rest_route=\/wp\/v2\/types\/product"}],"version-history":[{"count":2,"href":"https:\/\/cursos.talentup.cl\/index.php?rest_route=\/wp\/v2\/product\/11863\/revisions"}],"predecessor-version":[{"id":14197,"href":"https:\/\/cursos.talentup.cl\/index.php?rest_route=\/wp\/v2\/product\/11863\/revisions\/14197"}],"wp:featuredmedia":[{"embeddable":true,"href":"https:\/\/cursos.talentup.cl\/index.php?rest_route=\/wp\/v2\/media\/3480"}],"wp:attachment":[{"href":"https:\/\/cursos.talentup.cl\/index.php?rest_route=%2Fwp%2Fv2%2Fmedia&parent=11863"}],"wp:term":[{"taxonomy":"product_brand","embeddable":true,"href":"https:\/\/cursos.talentup.cl\/index.php?rest_route=%2Fwp%2Fv2%2Fproduct_brand&post=11863"},{"taxonomy":"product_cat","embeddable":true,"href":"https:\/\/cursos.talentup.cl\/index.php?rest_route=%2Fwp%2Fv2%2Fproduct_cat&post=11863"},{"taxonomy":"product_tag","embeddable":true,"href":"https:\/\/cursos.talentup.cl\/index.php?rest_route=%2Fwp%2Fv2%2Fproduct_tag&post=11863"}],"curies":[{"name":"wp","href":"https:\/\/api.w.org\/{rel}","templated":true}]}}