{"id":11867,"date":"2023-01-10T04:39:38","date_gmt":"2023-01-10T07:39:38","guid":{"rendered":"https:\/\/cursos.talentup.cl\/?post_type=product&#038;p=11867"},"modified":"2024-02-07T23:37:05","modified_gmt":"2024-02-08T02:37:05","slug":"gym-mental-para-ninos-tartamudos","status":"publish","type":"product","link":"https:\/\/cursos.talentup.cl\/?product=gym-mental-para-ninos-tartamudos","title":{"rendered":"GYM MENTAL PARA NI\u00d1OS TARTAMUDOS"},"content":{"rendered":"<p>\u00bfTe gustar\u00eda ayudar a un ni\u00f1o tartamudo a convertirse en un gran orador?<\/p>\n<p>Con el masterclass GYM MENTAL PARA NI\u00d1OS TARTAMUDOS podr\u00e1s hacer terapias a ni\u00f1os con disfemia y ayudarles hablar con fluidez,<br \/>\nrecuperar la autoestima y normalizar las interacciones con otras personas. <\/p>\n<p>\u00bfQU\u00c9 VAS A LOGRAR?<\/p>\n<p>Lograr\u00e1s que tu hijo en menos de 21 d\u00edas hable con fluidez.<\/p>\n<p>Comprender\u00e1s c\u00f3mo se integran las funcionalidades del cerebro de tu hijo, por qu\u00e9 es un genio en potencia y cu\u00e1les son sus necesidades para obtener el enfoque que le permita lograr el control que le permitir\u00e1 expresar su inteligencia en todo su potencial.<\/p>\n<p>Entender\u00e1s que el desarrollo cerebral hemisf\u00e9rico bilateral arm\u00f3nico es el camino por el cual tu hijo lograr\u00e1 la estabilidad de su mente y emociones.<\/p>\n<p>Aprender\u00e1s y realizar\u00e1s junto a tu hijo la t\u00e9cnica de GYM MENTAL para ni\u00f1os TARTAMUDOS de manera precisa para lograr se armonicen las funciones de los hemisferios cerebrales.<\/p>\n<p>Comprender\u00e1s de manera precisa c\u00f3mo adecuar esa t\u00e9cnica para optimizarla a tu hijo en cada punto del proceso y de acuerdo a su desarrollo madurativo.<\/p>\n<p>Aprender\u00e1s a construir con elementos simples y econ\u00f3micos, s\u00f3lo un cart\u00f3n y marcador, un tablero de instrucciones gr\u00e1ficas personalizado para guiar a tu hijo en el GYM MENTAL para ni\u00f1os TARTAMUDOS.<\/p>\n<p>Conocer\u00e1s el mejor modo de ense\u00f1ar a tu hijo, mediante el juego, el ejercicio del GYM MENTAL para NI\u00d1OS TARTAMUDOS, que le permitir\u00e1 lograr en menos de 21 d\u00edas cambios permanentes que le estabilicen definitivamente y le permitan desarrollar sus capacidades de oratoria.<\/p>\n<p>Har\u00e1s los ejercicios junto a tu hijo y en familia.<\/p>\n<p>Potenciar\u00e1s los avances y desarrollo de tu hijo accediendo directamente a su inconsciente con sugerencias, afirmaciones y decretos evitando pasen por el juicio de la consciencia, que le ayudar\u00e1n a alcanzar todos los objetivos que propongas.<\/p>\n<p>Ver\u00e1s d\u00eda a d\u00eda avances en tu ni\u00f1o y los registrar\u00e1s para determinar con precisi\u00f3n su evoluci\u00f3n.<\/p>\n<p>Aprender\u00e1s a tomar medidas especiales para el caso de que tu hijo frene su avance sin haber logrado el objetivo.<\/p>\n<p>Acceder\u00e1s al certificado avalado por Hotmart y Seminarios Online.<\/p>\n<p>\u00bfC\u00d3MO LO VAS A LOGRAR?<\/p>\n<p>A trav\u00e9s del siguiente contenido estructurado paso a paso:<\/p>\n<p>M\u00f3dulo 1- Bienvenida, Introducci\u00f3n y Gu\u00eda para el Desarrollo del Programa.<\/p>\n<p>1- El viaje.<\/p>\n<p>M\u00f3dulo 2- \u00bfC\u00f3mo funciona el cerebro de tu hijo?<\/p>\n<p>2- Tu Ni\u00f1o, un Genio Dif\u00edcil.<br \/>\n3- El Mapa del Tesoro: Hemisferios cerebrales.<br \/>\n4- La Mente de Tu Hijo.<\/p>\n<p>M\u00f3dulo 3- \u00bfQu\u00e9 es el Gym Mental para ni\u00f1os disfemia y C\u00f3mo ayudar\u00e1 a tu hijo?<\/p>\n<p>5- \u00bfQu\u00e9 es el Gym Mental y c\u00f3mo ayudar\u00e1 a tu hijo?<\/p>\n<p>M\u00f3dulo 4- \u00bfC\u00f3mo se hace el Gym Mental para la disfemia en ni\u00f1os?<\/p>\n<p>6- \u00bfC\u00f3mo se hace el Gym Mental?<br \/>\n7- Diciendo los s\u00edmbolos.<br \/>\n8- Moviendo las manos.<br \/>\n9- Sumando a los Pies.<br \/>\n10- \u00bfC\u00f3mo hacer el GYM MENTAL?<br \/>\n11- Estrategia para continuar con el Gym Mental para ni\u00f1os con disfemia despu\u00e9s de haber sido alfabetizados.<\/p>\n<p>M\u00f3dulo 5- \u00bfC\u00f3mo personalizar el tablero para tu hijo?<\/p>\n<p>12- Plan y Agregado de S\u00edmbolos.<br \/>\n13- Las indicaciones, completando el tablero.<\/p>\n<p>M\u00f3dulo 6- \u00bfC\u00f3mo le ense\u00f1ar\u00e1s a tu hijo el juego del Gym Mental?<\/p>\n<p>14- Ense\u00f1ando a tu hijo el juego del Gym Mental.<\/p>\n<p>M\u00f3dulo 7- \u00bfC\u00f3mo puedes usar el Gym Mental para ni\u00f1os con disfemia para ejercer la magia de hablarle \u201cdirectamente\u201d al inconsciente de tu hijo?<\/p>\n<p>15- Impactando en el inconsciente<\/p>\n<p>M\u00f3dulo 8- \u00bfC\u00f3mo puedes potenciar los resultados del Gym Mental para ni\u00f1os con disfemia?<\/p>\n<p>16- Gym Mental ULTRA.<\/p>\n<p>M\u00f3dulo 9- Consejos finales.<\/p>\n<p>17- Consejos finales.<\/p>\n<p>M\u00f3dulo 10- Videos Respuestas.<\/p>\n<p>M\u00f3dulo 11- Videos de Inspiraci\u00f3n y Testimonios compartidos por la comunidad de alumnos del Gym Mental para ni\u00f1os con disfemia.<\/p>\n<p>M\u00f3dulo 12- Recursos adicionales y complementarios (Bonos).<\/p>\n<p>BONO 1: 5 tableros de instrucciones dise\u00f1ados por el autor para Gym Mental para ni\u00f1os con disfemia.<br \/>\nBONO 2: 3 tableros de Gym Mental para ni\u00f1os alfabetizados.<br \/>\nBONO 3: 5 audios de afirmaciones y decretos para impacto directo en el inconsciente. 4 grabados con la voz del autor y uno con s\u00f3lo sonidos para que uses de fondo en los audios que tu grabes.<br \/>\nBONO 4: Cuadernillo exclusivo del programa Gym Mental para ni\u00f1os con disfemina para SEGUIMIENTO DE EVOLUCI\u00d3N Y AVANCE.<br \/>\nBONO 5: Gu\u00eda para padres con actividades complementarias al Gym Mental a desarrollar con ni\u00f1os con disfemia.<br \/>\nBONO 6: Audio de Reconexi\u00f3n Plena R\u00e1pida (para padres).<\/p>\n<p>ACERCA DEL PRODUCTOR<\/p>\n<p>Desarrollado por EDGAR BARBERO, de nacionalidad argentino. Con acrecentada experiencia en estudio, investigaci\u00f3n y pr\u00e1ctica de t\u00e9cnicas de Programaci\u00f3n Neuro Ling\u00fc\u00edstica (PNL).<\/p>\n<p>Un emprendedor, vehemente por la adquisici\u00f3n de conocimientos y eterno buscador de las mejores y m\u00e1s eficaces t\u00e9cnicas de desarrollo interno y sus aplicaciones en problem\u00e1ticas concretas, con un inmenso deseo de ayudar a otros, en pos de una sociedad mejor y una vida plena. <\/p>\n<p>Luego de haber transitado desde joven el sendero del yoga, la meditaci\u00f3n, escuelas de conocimiento como las basadas en las ense\u00f1anzas de Gurdjieff y Ouspensky, entre otros caminos, desde inicio de los a\u00f1os 90 se apasion\u00f3 por el estudio de la Programaci\u00f3n Neuro Ling\u00fc\u00edstica (PNL), siguiendo las ense\u00f1anzas de sus creadores: Richard Bandler y John Grinder, como de sus m\u00e1s notorios disc\u00edpulos, entre otros Tony Robbins y Edmundo Velasco. <\/p>\n<p>Luego, articul\u00f3 la PNL con t\u00e9cnicas de liberaci\u00f3n emocional como el M\u00e9todo Sedona y EFT (Emotional Freedom Technique) creando su propia versi\u00f3n de aplicaciones mixtas que demostraron potenciar los resultados.<\/p>\n<p>Luego de haber trabajado en el an\u00e1lisis de cientos de casos de pacientes, aplicaciones y resoluci\u00f3n de sus problemas, reorient\u00f3 su prop\u00f3sito en enfocar sus conocimientos en la abstracci\u00f3n y reformulaci\u00f3n de t\u00e9cnicas enfocadas a la construcci\u00f3n de herramientas para que puedan ser aplicadas a la soluci\u00f3n de problemas espec\u00edficos de manera segura sin la asistencia de un terapeuta y que su estandarizaci\u00f3n proporcione el logro de \u00e9xito en al menos el 90% de los casos en que se apliquen.<\/p>\n","protected":false},"excerpt":{"rendered":"<p>\u00bfTe gustar\u00eda ayudar a un ni\u00f1o tartamudo a convertirse en un gran orador?<\/p>\n<p>Con el masterclass GYM MENTAL PARA NI\u00d1OS TARTAMUDOS podr\u00e1s hacer terapias a ni\u00f1os con disfemia y ayudarles hablar con fluidez,<br \/>\nrecuperar la autoestima y normalizar las interacciones con otras personas. <\/p>\n","protected":false},"featured_media":3484,"template":"","meta":{"_joinchat":[]},"product_brand":[],"product_cat":[320,344],"product_tag":[],"class_list":{"0":"post-11867","1":"product","2":"type-product","3":"status-publish","4":"has-post-thumbnail","6":"product_cat-desarrollo-personal","7":"product_cat-todos","9":"first","10":"instock","11":"sale","12":"shipping-taxable","13":"product-type-external"},"_links":{"self":[{"href":"https:\/\/cursos.talentup.cl\/index.php?rest_route=\/wp\/v2\/product\/11867","targetHints":{"allow":["GET"]}}],"collection":[{"href":"https:\/\/cursos.talentup.cl\/index.php?rest_route=\/wp\/v2\/product"}],"about":[{"href":"https:\/\/cursos.talentup.cl\/index.php?rest_route=\/wp\/v2\/types\/product"}],"version-history":[{"count":2,"href":"https:\/\/cursos.talentup.cl\/index.php?rest_route=\/wp\/v2\/product\/11867\/revisions"}],"predecessor-version":[{"id":14201,"href":"https:\/\/cursos.talentup.cl\/index.php?rest_route=\/wp\/v2\/product\/11867\/revisions\/14201"}],"wp:featuredmedia":[{"embeddable":true,"href":"https:\/\/cursos.talentup.cl\/index.php?rest_route=\/wp\/v2\/media\/3484"}],"wp:attachment":[{"href":"https:\/\/cursos.talentup.cl\/index.php?rest_route=%2Fwp%2Fv2%2Fmedia&parent=11867"}],"wp:term":[{"taxonomy":"product_brand","embeddable":true,"href":"https:\/\/cursos.talentup.cl\/index.php?rest_route=%2Fwp%2Fv2%2Fproduct_brand&post=11867"},{"taxonomy":"product_cat","embeddable":true,"href":"https:\/\/cursos.talentup.cl\/index.php?rest_route=%2Fwp%2Fv2%2Fproduct_cat&post=11867"},{"taxonomy":"product_tag","embeddable":true,"href":"https:\/\/cursos.talentup.cl\/index.php?rest_route=%2Fwp%2Fv2%2Fproduct_tag&post=11867"}],"curies":[{"name":"wp","href":"https:\/\/api.w.org\/{rel}","templated":true}]}}