{"id":11917,"date":"2023-01-10T04:39:43","date_gmt":"2023-01-10T07:39:43","guid":{"rendered":"https:\/\/cursos.talentup.cl\/?post_type=product&#038;p=11917"},"modified":"2024-02-07T23:37:09","modified_gmt":"2024-02-08T02:37:09","slug":"relaciones-de-pareja-exitosas-claves","status":"publish","type":"product","link":"https:\/\/cursos.talentup.cl\/?product=relaciones-de-pareja-exitosas-claves","title":{"rendered":"RELACIONES DE PAREJA EXITOSAS (CLAVES)"},"content":{"rendered":"<p>\u00bfHas sentido que tu pareja se decepciona cuando se presenta una situaci\u00f3n relacionada con el dinero?      <\/p>\n<p>\u00bfTu relaci\u00f3n se encuentra en crisis por temas que son \u201cintocables\u201d y no permiten que avance al siguiente nivel?<\/p>\n<p>Con el programa RELACIONES DE PAREJA EXITOSAS, aprende las CLAVES para que fortalezcas tu relaci\u00f3n.<\/p>\n<p>Encuentra las herramientas claves para resolver problemas estrat\u00e9gicos, crea Acuerdos cumplibles con tu pareja y revive la llama del amor que en alg\u00fan momento los uni\u00f3.<\/p>\n<p>\u00bfQU\u00c9 VAS A LOGRAR?<\/p>\n<p>Identificar\u00e1s y Mejorar\u00e1s las Creencias, que causaron deterioro a la Relaci\u00f3n.<\/p>\n<p>Revivir\u00e1s la llama que te llevo a tomar la decisi\u00f3n de estar con tu pareja, con las din\u00e1micas y los ejercicios.<\/p>\n<p>Aprender\u00e1s c\u00f3mo tener una comunicaci\u00f3n que no provoque m\u00e1s problemas y sea sumamente asertiva.<\/p>\n<p>Fortalecer\u00e1s tu relaci\u00f3n por medio de acuerdos que si se cumplan.<\/p>\n<p>Reconocer\u00e1s la responsabilidad que te corresponde para que tu relaci\u00f3n funcione y dejar\u00e1s de culpar a tu pareja por los malos resultados.<\/p>\n<p>Podr\u00e1s vivir una relaci\u00f3n de pareja sin las falsas expectativas que nos marca la familia y la sociedad.<\/p>\n<p>Cortar\u00e1s con los patrones que han hecho que tus relaciones de pareja fracasen.<\/p>\n<p>Acceder\u00e1s al certificado avalado por Hotmart y Seminarios Online.<\/p>\n<p>\u00bfC\u00d3MO LO VAS A LOGRAR?<\/p>\n<p>A trav\u00e9s del siguiente contenido:<\/p>\n<p>Video 1: Bienvenida.<br \/>\nVideo 2: Indicaciones antes de Empezar.<br \/>\nVideo 3: Presupuesto Emocional.<br \/>\nVideo 4: \u00bfQu\u00e9 par tienes en Casa?.<br \/>\nVideo 5: V\u00edctimas.<br \/>\nVideo 6: Tres Tipos de Personas.<br \/>\nVideo 7: \u00bfQu\u00e9 escribi\u00f3 tu Pareja de ti?.<br \/>\nVideo 8: Personas Tipo Caf\u00e9.<br \/>\nVideo 9: Tres Objetivos de \u00e9ste m\u00f3dulo.<br \/>\nVideo 10: Conflictos.<br \/>\nVideo 11: Bomba de tiempo.<br \/>\nVideo 12: Bomba at\u00f3mica.<br \/>\nVideo 13: La llave de la infidelidad.<br \/>\nVideo 14: T\u00e9cnica infalible.<br \/>\nVideo 15: Momento de crisis.<br \/>\nVideo 16: Soluci\u00f3n de problemas.<br \/>\nVideo 17: Amor VS Enamoramiento.<br \/>\nVideo 18: Ejercicio en pareja.<br \/>\nVideo 19: Todo se repite.<br \/>\nVideo 20: Los dos reinos.<br \/>\nVideo 21: Nuestra historia.<br \/>\nVideo 22: Lo que aprendimos.<br \/>\nVideo 23: Fortalece tu relaci\u00f3n.<br \/>\nVideo 24: Clave 1.<br \/>\nVideo 25: Clave 2.<br \/>\nVideo 26: Clave 3.<br \/>\nVideo 27: Clave 4.<br \/>\nVideo 28: Cave 5.<br \/>\nVideo 29: Repaso de las claves.<br \/>\nVideo 30: Repaso Final del curso.<br \/>\nVideo 31: Agradecimiento.<\/p>\n<p>ACERCA DE LOS PRODUCTORES<\/p>\n<p>Ren\u00e9 y Raquel Ruiz.<\/p>\n<p>Ren\u00e9 es Coach de vida y negocios.<\/p>\n<p>Experto en ventas y negociaci\u00f3n, conferencista Iberoamericano y Digital y Coach Teacher. <\/p>\n<p>Raquel es entrenadora en aprendizaje acelerado.<\/p>\n<p>L\u00edder de Yoga de la Risa, Digital y Coach Teacher. <\/p>\n<p>Ambos con experiencia en crear empresas desde cero y Autores de libros. <\/p>\n<p>El convivir juntos en los negocios y la relaci\u00f3n les permiti\u00f3 crear una metodolog\u00eda tan sencilla y pr\u00e1ctica de seguir que tu tambi\u00e9n la puedes usar. <\/p>\n<p>\u00bfC\u00f3mo saben que funciona? tiene 16 a\u00f1os de casados, son pap\u00e1s de 2 ni\u00f1os, son socios de negocios, han creado 3 empresas, son libres financieramente y a\u00fan caminan tomados de la mano. <\/p>\n<p>Tienen una intimidad \u201cactiva\u201d y se divierten como si fueran novios.<\/p>\n","protected":false},"excerpt":{"rendered":"<p>\u00bfHas sentido que tu pareja se decepciona cuando se presenta una situaci\u00f3n relacionada con el dinero?      <\/p>\n<p>\u00bfTu relaci\u00f3n se encuentra en crisis por temas que son \u201cintocables\u201d y no permiten que avance al siguiente nivel?<\/p>\n<p>Con el programa RELACIONES DE PAREJA EXITOSAS, aprende las CLAVES para que fortalezcas tu relaci\u00f3n.<\/p>\n<p>Encuentra las herramientas claves para resolver problemas estrat\u00e9gicos, crea Acuerdos cumplibles con tu pareja y revive la llama del amor que en alg\u00fan momento los uni\u00f3.<\/p>\n","protected":false},"featured_media":3504,"template":"","meta":{"_joinchat":[]},"product_brand":[],"product_cat":[320,344],"product_tag":[],"class_list":{"0":"post-11917","1":"product","2":"type-product","3":"status-publish","4":"has-post-thumbnail","6":"product_cat-desarrollo-personal","7":"product_cat-todos","9":"first","10":"instock","11":"sale","12":"shipping-taxable","13":"product-type-external"},"_links":{"self":[{"href":"https:\/\/cursos.talentup.cl\/index.php?rest_route=\/wp\/v2\/product\/11917","targetHints":{"allow":["GET"]}}],"collection":[{"href":"https:\/\/cursos.talentup.cl\/index.php?rest_route=\/wp\/v2\/product"}],"about":[{"href":"https:\/\/cursos.talentup.cl\/index.php?rest_route=\/wp\/v2\/types\/product"}],"version-history":[{"count":2,"href":"https:\/\/cursos.talentup.cl\/index.php?rest_route=\/wp\/v2\/product\/11917\/revisions"}],"predecessor-version":[{"id":14221,"href":"https:\/\/cursos.talentup.cl\/index.php?rest_route=\/wp\/v2\/product\/11917\/revisions\/14221"}],"wp:featuredmedia":[{"embeddable":true,"href":"https:\/\/cursos.talentup.cl\/index.php?rest_route=\/wp\/v2\/media\/3504"}],"wp:attachment":[{"href":"https:\/\/cursos.talentup.cl\/index.php?rest_route=%2Fwp%2Fv2%2Fmedia&parent=11917"}],"wp:term":[{"taxonomy":"product_brand","embeddable":true,"href":"https:\/\/cursos.talentup.cl\/index.php?rest_route=%2Fwp%2Fv2%2Fproduct_brand&post=11917"},{"taxonomy":"product_cat","embeddable":true,"href":"https:\/\/cursos.talentup.cl\/index.php?rest_route=%2Fwp%2Fv2%2Fproduct_cat&post=11917"},{"taxonomy":"product_tag","embeddable":true,"href":"https:\/\/cursos.talentup.cl\/index.php?rest_route=%2Fwp%2Fv2%2Fproduct_tag&post=11917"}],"curies":[{"name":"wp","href":"https:\/\/api.w.org\/{rel}","templated":true}]}}