{"id":11920,"date":"2023-01-10T04:39:43","date_gmt":"2023-01-10T07:39:43","guid":{"rendered":"https:\/\/cursos.talentup.cl\/?post_type=product&#038;p=11920"},"modified":"2024-02-07T23:37:09","modified_gmt":"2024-02-08T02:37:09","slug":"supera-los-miedos-con-meditacion-y-hoponopono","status":"publish","type":"product","link":"https:\/\/cursos.talentup.cl\/?product=supera-los-miedos-con-meditacion-y-hoponopono","title":{"rendered":"SUPERA LOS MIEDOS CON MEDITACI\u00d3N Y HOPONOPONO"},"content":{"rendered":"<p>Muchas personas en el mundo sufren de temores recurrentes que afectan su calidad de vida. Tu podr\u00edas ser uno de ellos.  <\/p>\n<p>Con el M\u00e1sterClass, SUPERA LOS MIEDOS CON MEDITACI\u00d3N Y HOPONOPONO, aprende estrategias para eliminar los ataques de p\u00e1nico y tus niveles de ansiedad.<\/p>\n<p>Mereces tener una vida en calma, aprendiendo t\u00e9cnicas milenarias para quitarle peso a esas situaciones negativas.                                                                                                                            <\/p>\n<p>\u00bfQU\u00c9 VAS A LOGRAR?<\/p>\n<p>Lograr\u00e1s eliminar la ansiedad, los ataques de p\u00e1nico, disminuir los miedos y las inseguridades.<\/p>\n<p>Aprender\u00e1s a reprogramar tu psiquis, a trav\u00e9s de la meditaci\u00f3n guiada.<\/p>\n<p>Aprender\u00e1s a descubrir, comprender y definir cada memoria de dolor, cada situaci\u00f3n negativa; como tratarla, sanar y superar.<\/p>\n<p>Aprender\u00e1s a utilizar la t\u00e9cnica ancestral del Hoponopono, la cual se basa en un proceso de arrepentimiento, perd\u00f3n y transmutaci\u00f3n que permite realizar una limpieza mental de los pensamientos y sentimientos negativos para eliminar los bloqueos y recuperar la paz interior. <\/p>\n<p>Aprender\u00e1s a tomar el control de tu realidad, a tomar conciencia de que somos responsables de las emociones que experimentamos frente a los problemas y situaciones que vivimos; a pedir perd\u00f3n cuando algo no vaya bien en lugar de culparnos y juzgarnos. <\/p>\n<p>Limpiar\u00e1s las memorias insanas y los desequilibrios a trav\u00e9s, de la confesi\u00f3n y la disculpa a uno mismo, obteniendo una sensaci\u00f3n de liberaci\u00f3n de las preocupaciones.<\/p>\n<p>Acceder\u00e1s al certificado avalado por Hotmart y Seminarios Online.<\/p>\n<p>\u00bfC\u00d3MO LO VAS A LOGRAR?<\/p>\n<p>La estructura para transformar tu realidad es la siguiente: <\/p>\n<p>Entrenamiento de 21 d\u00edas, recuerda que cada d\u00eda tienes una meditaci\u00f3n guiada.<\/p>\n<p>Introducci\u00f3n y explicaci\u00f3n del programa<br \/>\nD\u00eda 1. Conociendo el Hoponopono &#8211; Reprogramaci\u00f3n.<br \/>\nD\u00eda 2. \u201cLo siento\u201d<br \/>\nD\u00eda 3. \u201cPerd\u00f3name\u201d &#8211; Respiraci\u00f3n desde el ser.<br \/>\nD\u00eda 4. \u201cTe amo por ser quien eres\u201d &#8211; Aceptaci\u00f3n<br \/>\nD\u00eda 5. \u201cGracias por estar ah\u00ed para mi\u201d<br \/>\nD\u00eda 6. Oraci\u00f3n al Hoponopono.<br \/>\nD\u00eda 7. Realizaci\u00f3n de los pensamientos.<br \/>\nD\u00eda 8. Corrigiendo los pensamientos negativos.<br \/>\nD\u00eda 9. Confiar en todo momento.<br \/>\nD\u00eda 10. Sentir gratitud.<br \/>\nD\u00eda 11. Te amo, lo siento, te pido perd\u00f3n, gracias.<br \/>\nD\u00eda 12. H\u00e1gase tu voluntad.<br \/>\nD\u00eda 13. Acepta todo como es.<br \/>\nD\u00eda 14. Hacer todo con amor.<br \/>\nD\u00eda 15. Escucha tu voz interior.<br \/>\nD\u00eda 16. Conecta con tu ni\u00f1o interior.<br \/>\nD\u00eda 17. Asumo la completa responsabilidad sobre mi vida.<br \/>\nD\u00eda 18. Sin expectativas.<br \/>\nD\u00eda 19. Siempre est\u00e1s frente a ti mismo.<br \/>\nD\u00eda 20. Lo que veo en ti, est\u00e1 en mi.<br \/>\nD\u00eda 21. Somos uno. <\/p>\n<p>Bonus 1.<\/p>\n<p>Estado presente, estado deseado.<br \/>\nRespiraci\u00f3n de Wim Hof. <\/p>\n<p>Bonus 2. Mini video curso: La b\u00fasqueda de tu mejor versi\u00f3n.<\/p>\n<p>Herramienta 1. Rueda de las zonas vitales.<br \/>\nHerramienta 2. Cuadro de metas.<br \/>\nHerramienta 3. Palabras de poder.<\/p>\n<p>ACERCA DEL PRODUCTOR<\/p>\n<p>Desarrollado por JAMES CLAVIJO, Una persona normal, sin distinciones, pero con un gran prop\u00f3sito de vida, el cual es, ayudar a las personas a superar estados emocionales negativos, contribuyendo a que se encuentran con la felicidad y las ganas de vivir plenamente. <\/p>\n<p>Hace algunos a\u00f1os, estuvo en situaci\u00f3n de calle, sin familia a la cual recurrir, a la deriva, v\u00edctima de la ansiedad, de ataques de p\u00e1nico constantes, que solo le hac\u00edan tomar malas, pero muy malas decisiones; sinti\u00f3 el hambre, el desprecio de la sociedad, hasta llegar al punto de querer poner fin a su existencia. <\/p>\n<p>Gracias a la divinidad, al universo, a la vida, pudo encontrar luz al final del camino, encontr\u00f3 el norte que hab\u00eda perdido, volvi\u00f3 a sonre\u00edr y a sentir nuevamente ganas de vivir; \u00a1pero! esa vez fue diferente, hab\u00eda regresado con una fortaleza y una mentalidad de acero. <\/p>\n<p>Se perdi\u00f3 en los libros, en el conocimiento; form\u00f3 una familia, cre\u00f3 su propio negocio y lo m\u00e1s importante, encontr\u00f3 un prop\u00f3sito por el cual vivir.<\/p>\n","protected":false},"excerpt":{"rendered":"<p>Muchas personas en el mundo sufren de temores recurrentes que afectan su calidad de vida. Tu podr\u00edas ser uno de ellos.  <\/p>\n<p>Con el M\u00e1sterClass, SUPERA LOS MIEDOS CON MEDITACI\u00d3N Y HOPONOPONO, aprende estrategias para eliminar los ataques de p\u00e1nico y tus niveles de ansiedad.<\/p>\n<p>Mereces tener una vida en calma, aprendiendo t\u00e9cnicas milenarias para quitarle peso a esas situaciones negativas.            <\/p>\n","protected":false},"featured_media":3507,"template":"","meta":{"_joinchat":[]},"product_brand":[],"product_cat":[320,344],"product_tag":[],"class_list":{"0":"post-11920","1":"product","2":"type-product","3":"status-publish","4":"has-post-thumbnail","6":"product_cat-desarrollo-personal","7":"product_cat-todos","9":"first","10":"instock","11":"sale","12":"shipping-taxable","13":"product-type-external"},"_links":{"self":[{"href":"https:\/\/cursos.talentup.cl\/index.php?rest_route=\/wp\/v2\/product\/11920","targetHints":{"allow":["GET"]}}],"collection":[{"href":"https:\/\/cursos.talentup.cl\/index.php?rest_route=\/wp\/v2\/product"}],"about":[{"href":"https:\/\/cursos.talentup.cl\/index.php?rest_route=\/wp\/v2\/types\/product"}],"version-history":[{"count":2,"href":"https:\/\/cursos.talentup.cl\/index.php?rest_route=\/wp\/v2\/product\/11920\/revisions"}],"predecessor-version":[{"id":14224,"href":"https:\/\/cursos.talentup.cl\/index.php?rest_route=\/wp\/v2\/product\/11920\/revisions\/14224"}],"wp:featuredmedia":[{"embeddable":true,"href":"https:\/\/cursos.talentup.cl\/index.php?rest_route=\/wp\/v2\/media\/3507"}],"wp:attachment":[{"href":"https:\/\/cursos.talentup.cl\/index.php?rest_route=%2Fwp%2Fv2%2Fmedia&parent=11920"}],"wp:term":[{"taxonomy":"product_brand","embeddable":true,"href":"https:\/\/cursos.talentup.cl\/index.php?rest_route=%2Fwp%2Fv2%2Fproduct_brand&post=11920"},{"taxonomy":"product_cat","embeddable":true,"href":"https:\/\/cursos.talentup.cl\/index.php?rest_route=%2Fwp%2Fv2%2Fproduct_cat&post=11920"},{"taxonomy":"product_tag","embeddable":true,"href":"https:\/\/cursos.talentup.cl\/index.php?rest_route=%2Fwp%2Fv2%2Fproduct_tag&post=11920"}],"curies":[{"name":"wp","href":"https:\/\/api.w.org\/{rel}","templated":true}]}}