{"id":11973,"date":"2023-01-10T04:39:48","date_gmt":"2023-01-10T07:39:48","guid":{"rendered":"https:\/\/cursos.talentup.cl\/?post_type=product&#038;p=11973"},"modified":"2024-02-07T23:37:11","modified_gmt":"2024-02-08T02:37:11","slug":"capitaliza-tu-pasion-para-adolescentes","status":"publish","type":"product","link":"https:\/\/cursos.talentup.cl\/?product=capitaliza-tu-pasion-para-adolescentes","title":{"rendered":"CAPITALIZA TU PASI\u00d3N PARA ADOLESCENTES"},"content":{"rendered":"<p>\u00bfSab\u00edas que el 95% de la poblaci\u00f3n mundial no est\u00e1 feliz con su trabajo?<\/p>\n<p>El problema radica en una sola cosa, no est\u00e1n haciendo lo que les gusta.<\/p>\n<p>Con este MasterClass CAPITALIZA TU PASI\u00d3N, un curso dirigido a adolescentes, encuentras todo lo que necesitas para conectarte con aquello que te mueve y c\u00f3mo monetizarlo.<\/p>\n<p>\u00bfQU\u00c9 VAS A LOGRAR?<\/p>\n<p>Sentirte m\u00e1s pleno y feliz, al redescubrir tu verdadera pasi\u00f3n.<br \/>\nRedefinir tus creencias limitantes, descubrir tus habilidades y desarrollar estrategias para generar ingresos.<br \/>\nImpactar otras vidas con tus pasiones y ense\u00f1arles a otros c\u00f3mo hacerlo.<br \/>\nSentirte feliz contigo mismo y transmitir ese sentimiento a las dem\u00e1s personas.<br \/>\nRedefinir tu pasado para evitar cometer errores a futuro.<br \/>\nSoltar las creencias limitantes que impiden el cumplimiento de tus metas.<br \/>\nDescubrir las heridas de infancia que traes atadas a tu presente.<br \/>\nDesarrollar una estrategia que te genere ingresos con tu pasi\u00f3n.<br \/>\nAcceder al certificado avalado por Hotmart y SeminariosOnline.<\/p>\n<p>\u00bfC\u00d3MO LO VAS A LOGRAR?<\/p>\n<p>Con una estructura sencilla, f\u00e1cil y contundente donde podr\u00e1s DESCUBRIR TU PASI\u00d3N y una estrategia efectiva para MONETIZAR ESO QUE AMAS HACER.<\/p>\n<p>Son 7 estrategias y un bono adicional de 2 videos donde te brindo las herramientas que necesitas para ir sanando falsas creencias que te detienen para hacer tu pasi\u00f3n y tener mejores resultados con las siguientes tem\u00e1ticas:<\/p>\n<p>C\u00f3mo sanar tu pasado, para poder hacer lo que te gusta.<br \/>\nC\u00f3mo identificar las heridas de tu infancia. C\u00f3mo se origina y su comportamiento\/s\u00edntomas.<br \/>\nC\u00f3mo descubrir tus habilidades desarrollar nuevas.<br \/>\nC\u00f3mo descubrir tu pasi\u00f3n y prop\u00f3sito en la vida.<br \/>\nMentalidad adecuada para brindar tu pasi\u00f3n.<br \/>\nC\u00f3mo monetizar tu pasi\u00f3n, (estrategia b\u00e1sica) C\u00f3mo tener tu primer socio.<br \/>\nEl paso a paso para monetizar; estrategias que me han funcionado (recomendaciones).<\/p>\n<p>Y UN BONUS ESPECIAL: 2 clases fundamentales para tu desarrollo personal y poder entregar tu pasi\u00f3n con una mentalidad correcta.<\/p>\n<p>Entendimiento de la mente inconsciente y consciente.<br \/>\nC\u00f3mo saltar a un estado deseado.<\/p>\n<p>ACERCA DEL PRODUCTOR:<\/p>\n<p>ADRIAN JOSE OROPEZA CORONA, Creador de contenido digital, editor de videos, escritor y estudios de P.N.L; (Programa de Coaching reconocido Mauricio Benoist). Apasionado por el arte de la comunicaci\u00f3n.<\/p>\n<p>Amante del aprendizaje continuo, ense\u00f1ar lo que sabe y conectar a las personas con sus pasiones.<\/p>\n","protected":false},"excerpt":{"rendered":"<p>\u00bfSab\u00edas que el 95% de la poblaci\u00f3n mundial no est\u00e1 feliz con su trabajo?<\/p>\n<p>El problema radica en una sola cosa, no est\u00e1n haciendo lo que les gusta.<\/p>\n<p>Con este MasterClass CAPITALIZA TU PASI\u00d3N, un curso dirigido a adolescentes, encuentras todo lo que necesitas para conectarte con aquello que te mueve y c\u00f3mo monetizarlo.<\/p>\n","protected":false},"featured_media":3529,"template":"","meta":{"_joinchat":[]},"product_brand":[],"product_cat":[320,344],"product_tag":[],"class_list":{"0":"post-11973","1":"product","2":"type-product","3":"status-publish","4":"has-post-thumbnail","6":"product_cat-desarrollo-personal","7":"product_cat-todos","9":"first","10":"instock","11":"sale","12":"shipping-taxable","13":"product-type-external"},"_links":{"self":[{"href":"https:\/\/cursos.talentup.cl\/index.php?rest_route=\/wp\/v2\/product\/11973","targetHints":{"allow":["GET"]}}],"collection":[{"href":"https:\/\/cursos.talentup.cl\/index.php?rest_route=\/wp\/v2\/product"}],"about":[{"href":"https:\/\/cursos.talentup.cl\/index.php?rest_route=\/wp\/v2\/types\/product"}],"version-history":[{"count":2,"href":"https:\/\/cursos.talentup.cl\/index.php?rest_route=\/wp\/v2\/product\/11973\/revisions"}],"predecessor-version":[{"id":14247,"href":"https:\/\/cursos.talentup.cl\/index.php?rest_route=\/wp\/v2\/product\/11973\/revisions\/14247"}],"wp:featuredmedia":[{"embeddable":true,"href":"https:\/\/cursos.talentup.cl\/index.php?rest_route=\/wp\/v2\/media\/3529"}],"wp:attachment":[{"href":"https:\/\/cursos.talentup.cl\/index.php?rest_route=%2Fwp%2Fv2%2Fmedia&parent=11973"}],"wp:term":[{"taxonomy":"product_brand","embeddable":true,"href":"https:\/\/cursos.talentup.cl\/index.php?rest_route=%2Fwp%2Fv2%2Fproduct_brand&post=11973"},{"taxonomy":"product_cat","embeddable":true,"href":"https:\/\/cursos.talentup.cl\/index.php?rest_route=%2Fwp%2Fv2%2Fproduct_cat&post=11973"},{"taxonomy":"product_tag","embeddable":true,"href":"https:\/\/cursos.talentup.cl\/index.php?rest_route=%2Fwp%2Fv2%2Fproduct_tag&post=11973"}],"curies":[{"name":"wp","href":"https:\/\/api.w.org\/{rel}","templated":true}]}}