{"id":12085,"date":"2023-01-10T04:40:00","date_gmt":"2023-01-10T07:40:00","guid":{"rendered":"https:\/\/cursos.talentup.cl\/?post_type=product&#038;p=12085"},"modified":"2024-02-07T23:37:21","modified_gmt":"2024-02-08T02:37:21","slug":"matematicas-para-ingresar-al-bachillerato","status":"publish","type":"product","link":"https:\/\/cursos.talentup.cl\/?product=matematicas-para-ingresar-al-bachillerato","title":{"rendered":"MATEM\u00c1TICAS PARA INGRESAR AL BACHILLERATO"},"content":{"rendered":"<p>\u00bfTe gustar\u00eda que tu hijo tuviese buenos fundamentos en matem\u00e1ticas para cuando entre al bachillerato?<\/p>\n<p>Con la MasterClass MATEM\u00c1TICAS PARA INGRESAR AL BACHILLERATO, su hijo aprender\u00e1 los contenidos de matem\u00e1ticas necesarios para comenzar su educaci\u00f3n secundaria, que le permitir\u00e1n tener un buen desempe\u00f1o en este tema y en otros de niveles mas complejos.<\/p>\n<p>\u00bfQU\u00c9 VAS A LOGRAR?<\/p>\n<p>Comprender los temas fundamentales de matem\u00e1ticas. <\/p>\n<p>Resolver con mayor velocidad operaciones y ecuaciones.<\/p>\n<p>Mejorar\u00e1 su capacidad de resoluci\u00f3n de problemas.<\/p>\n<p>Aprender t\u00e9cnicas y estrategias que optimizaran sus resultados.<\/p>\n<p>Fortalecer\u00e1 su autoestima crey\u00e9ndose que es capaz de aprender lo que se proponga.<\/p>\n<p>Acceder\u00e1s al certificado avalado por Hotmart y Seminarios Online.<\/p>\n<p>\u00bfC\u00d3MO LO VAS A LOGRAR?<\/p>\n<p>A trav\u00e9s del siguiente contenido, estructurado paso a paso:<\/p>\n<p>M\u00f3dulo 1 &#8211; Introducci\u00f3n<\/p>\n<p>Presentaci\u00f3n del curso y del docente.<br \/>\nPor qu\u00e9 es importante que aprendas matem\u00e1ticas.<\/p>\n<p>M\u00f3dulo 2 &#8211; Multiplicaciones y divisiones<\/p>\n<p>Aprende las tablas de multiplicar en en 5 minutos.<br \/>\nMultiplicaciones de n\u00fameros naturales por 1 y 2 cifras.<br \/>\nMultiplicaciones con n\u00fameros naturales por 2 y 3 cifras y su verificaci\u00f3n.<br \/>\nDivisiones con n\u00fameros naturales de 1 cifra.<br \/>\nDivisiones con n\u00fameros naturales de 2 cifras.<\/p>\n<p>M\u00f3dulo 3 &#8211; Operaciones b\u00e1sicas en Z<\/p>\n<p>Introducci\u00f3n a n\u00fameros enteros.<br \/>\nSumas y Restas con 2 n\u00fameros enteros.<br \/>\nSumas y Restas con varios n\u00fameros enteros.<br \/>\nSumas y Restas con llaves, corchetes y par\u00e9ntesis.<br \/>\nMultiplicaciones y divisiones con dos n\u00fameros enteros.<br \/>\nMultiplicaciones y divisiones con varios n\u00fameros enteros.<br \/>\nAprendiendo a resolver potencias.<br \/>\nPropiedades de las potencias.<br \/>\nAprendiendo a resolver ra\u00edces.<\/p>\n<p>M\u00f3dulo 4 &#8211; Operaciones combinadas<\/p>\n<p>Operaciones combinadas sencillas.<br \/>\nOperaciones combinadas (agregando potencias y ra\u00edces).<br \/>\nOperaciones combinadas (con par\u00e9ntesis).<br \/>\nOperaciones combinadas (m\u00e1s largas y completas).<\/p>\n<p>M\u00f3dulo 5 &#8211; Ecuaciones<\/p>\n<p>Ecuaciones con la inc\u00f3gnita sumando o restando.<br \/>\nEcuaciones con la inc\u00f3gnita multiplicando o dividiendo.<br \/>\nEcuaciones con la inc\u00f3gnita en una ra\u00edz o en una potencia.<br \/>\nEcuaciones con 2 t\u00e9rminos en alguno de sus miembros.<br \/>\nComo verificar que una ecuaci\u00f3n est\u00e9 bien resuelta.<br \/>\nEcuaciones con 2 o m\u00e1s t\u00e9rminos.<br \/>\nEcuaciones aplicando la propiedad distributiva.<br \/>\nEcuaciones de primer grado para razonar.<\/p>\n<p>M\u00f3dulo 6 &#8211; Interpretaci\u00f3n de ecuaciones<\/p>\n<p>Situaciones problem\u00e1ticas con ecuaciones.<br \/>\nComo expresar s\u00edmbolos en palabras.<br \/>\nTraducci\u00f3n de lenguaje coloquial al simb\u00f3lico.<\/p>\n<p>M\u00f3dulo 7 &#8211; Material adicional y bonos <\/p>\n<p>T\u00e9cnicas y estrategias para estudiar y tener un mejor cerebro.<br \/>\nEstilos de aprendizaje (para verlo junto a tus padres).<br \/>\nC\u00f3mo razonar y resolver situaciones problem\u00e1ticas.<br \/>\nArchivo editable con actividades para reforzar lo aprendido.<br \/>\nCertificado de finalizaci\u00f3n.<\/p>\n<p>Video respuestas a preguntas frecuentes<\/p>\n<p>Explicaci\u00f3n alternativa para resolver sumas y restas con n\u00ba enteros utilizando como referencia al dinero.<br \/>\nTablas de multiplicar del 2 al 5 (con las manos).<br \/>\nM\u00e1s de 20 videos animados con la resoluci\u00f3n de actividades propuestas en las clases.<\/p>\n<p>ACERCA DEL PRODUCTOR<\/p>\n<p>Desarrollado por C\u00c9SAR OCHOA, profesor de matem\u00e1ticas en escuelas p\u00fablicas y privadas desde hace m\u00e1s de 8 a\u00f1os. <\/p>\n<p>Fundador de Academia Piaget en R\u00edo Gallegos &#8211; Argentina, la cual se dedica hace m\u00e1s de 5 a\u00f1os de forma online y presencial a ense\u00f1ar de otra manera a pensar las matem\u00e1ticas. <\/p>\n<p>Presidente de la Fundaci\u00f3n Piaget quienes trabajan con otras instituciones educativas que buscan mejorar sus estrategias de ense\u00f1anza. Capacitado en neurociencias y neurodid\u00e1ctica y con la misi\u00f3n de aportar para la mejora y actualizaci\u00f3n del sistema educativo actual.<\/p>\n","protected":false},"excerpt":{"rendered":"<p>\u00bfTe gustar\u00eda que tu hijo tuviese buenos fundamentos en matem\u00e1ticas para cuando entre al bachillerato?<\/p>\n<p>Con la MasterClass MATEM\u00c1TICAS PARA INGRESAR AL BACHILLERATO, su hijo aprender\u00e1 los contenidos de matem\u00e1ticas necesarios para comenzar su educaci\u00f3n secundaria, que le permitir\u00e1n tener un buen desempe\u00f1o en este tema y en otros de niveles mas complejos.<\/p>\n","protected":false},"featured_media":3584,"template":"","meta":{"_joinchat":[]},"product_brand":[],"product_cat":[323,344],"product_tag":[],"class_list":{"0":"post-12085","1":"product","2":"type-product","3":"status-publish","4":"has-post-thumbnail","6":"product_cat-educacion","7":"product_cat-todos","9":"first","10":"instock","11":"sale","12":"shipping-taxable","13":"product-type-external"},"_links":{"self":[{"href":"https:\/\/cursos.talentup.cl\/index.php?rest_route=\/wp\/v2\/product\/12085","targetHints":{"allow":["GET"]}}],"collection":[{"href":"https:\/\/cursos.talentup.cl\/index.php?rest_route=\/wp\/v2\/product"}],"about":[{"href":"https:\/\/cursos.talentup.cl\/index.php?rest_route=\/wp\/v2\/types\/product"}],"version-history":[{"count":2,"href":"https:\/\/cursos.talentup.cl\/index.php?rest_route=\/wp\/v2\/product\/12085\/revisions"}],"predecessor-version":[{"id":14301,"href":"https:\/\/cursos.talentup.cl\/index.php?rest_route=\/wp\/v2\/product\/12085\/revisions\/14301"}],"wp:featuredmedia":[{"embeddable":true,"href":"https:\/\/cursos.talentup.cl\/index.php?rest_route=\/wp\/v2\/media\/3584"}],"wp:attachment":[{"href":"https:\/\/cursos.talentup.cl\/index.php?rest_route=%2Fwp%2Fv2%2Fmedia&parent=12085"}],"wp:term":[{"taxonomy":"product_brand","embeddable":true,"href":"https:\/\/cursos.talentup.cl\/index.php?rest_route=%2Fwp%2Fv2%2Fproduct_brand&post=12085"},{"taxonomy":"product_cat","embeddable":true,"href":"https:\/\/cursos.talentup.cl\/index.php?rest_route=%2Fwp%2Fv2%2Fproduct_cat&post=12085"},{"taxonomy":"product_tag","embeddable":true,"href":"https:\/\/cursos.talentup.cl\/index.php?rest_route=%2Fwp%2Fv2%2Fproduct_tag&post=12085"}],"curies":[{"name":"wp","href":"https:\/\/api.w.org\/{rel}","templated":true}]}}