{"id":12088,"date":"2023-01-10T04:40:00","date_gmt":"2023-01-10T07:40:00","guid":{"rendered":"https:\/\/cursos.talentup.cl\/?post_type=product&#038;p=12088"},"modified":"2024-02-07T23:37:21","modified_gmt":"2024-02-08T02:37:21","slug":"informatica-para-adultos","status":"publish","type":"product","link":"https:\/\/cursos.talentup.cl\/?product=informatica-para-adultos","title":{"rendered":"INFORM\u00c1TICA PARA ADULTOS"},"content":{"rendered":"<p>\u00bfTe gustar\u00eda ense\u00f1arle a tu abuelo a manejar el computador pero no tienes tiempo?<\/p>\n<p>Obs\u00e9quiale el masterclass INFORMATICA PARA ABUELOS, con el que nuestros adultos mayores podr\u00e1n revisar lecciones una y otra vez y aprender f\u00e1cilmente a manejar el computador para adaptarse al mundo digital.<\/p>\n<p>\u00bfQU\u00c9 VAS A LOGRAR?<\/p>\n<p>Lograr\u00e1s poder editar el escritorio (pantalla de inicio) y que quede 100% a tu gusto como por ejemplo son los colores.<\/p>\n<p>Aprender\u00e1s sobre los comandos (atajos) que puedes usar para ser m\u00e1s r\u00e1pidos a la hora de utilizar la computadora.<\/p>\n<p>Administraras cuentas y poner contrase\u00f1a en su computadora.<\/p>\n<p>Utilizar\u00e1s los servicios m\u00e1s usados de Microsoft como lo son Power Point, Word, Excel.<\/p>\n<p>Aprender\u00e1s como abrir un correo electr\u00f3nico y como mandar un correo.<\/p>\n<p>Aprender\u00e1s como utilizar WhatsApp web.<\/p>\n<p>Conocer\u00e1s sobre seguridad en la Web.<\/p>\n<p>Aprender\u00e1s como buscar entretenimiento en internet.<\/p>\n<p>Conocer\u00e1s sobre los servicios de Google como lo son Google Forms, Google Drive.<\/p>\n<p>Acceder\u00e1s al certificado avalado por Hotmart y Seminarios Online.<\/p>\n<p>\u00bfC\u00d3MO LO VAS A LOGRAR?<\/p>\n<p>A trav\u00e9s del siguiente contenido, estructurado paso a paso:<\/p>\n<p>M\u00d3DULO 1 Bienvenida<\/p>\n<p>Bienvenida.<br \/>\nComo descargar los PDF.<\/p>\n<p>M\u00d3DULO 2 Funcionamiento de la computadora<\/p>\n<p>Bienvenida al m\u00f3dulo 2.<br \/>\nPartes de la computadora.<br \/>\nComandos (Atajos) en el teclado.<br \/>\nIdentificaci\u00f3n del escritorio (pantalla de inicio) en Windows.<br \/>\nPersonalice su escritorio (pantalla de inicio).<br \/>\nPapelera y poner contrase\u00f1a en su equipo. <\/p>\n<p>M\u00d3DULO 3 Microsoft<\/p>\n<p>Bienvenida al m\u00f3dulo 3.<br \/>\nFuncionamientos b\u00e1sicos de Word.<br \/>\nWord segunda parte.<br \/>\nPower Point.<br \/>\nExcel.<\/p>\n<p>M\u00d3DULO 4 Navegaci\u00f3n en web<\/p>\n<p>Bienvenida al m\u00f3dulo 4.<br \/>\nGoogle Drive.<br \/>\nGoogle Forms (crear encuestas).<br \/>\nComo mando un correo.<br \/>\nEntretenimiento web.<br \/>\nWhatsApp web.<br \/>\nSeguridad a la hora de navegar en la web.<br \/>\nVideo Respuestas a preguntas frecuentes. <\/p>\n<p>ACERCA DE LA PRODUCTORA<\/p>\n<p>Desarrollado por la licenciada CLAUDIA MARINA MATA SIBAJA, profesora de secundaria graduada con honores, de nacionalidad costarricense quien actualmente estudia una Maestr\u00eda en Neuropsicolog\u00eda cl\u00ednica y Neuroeducaci\u00f3n.<\/p>\n<p>Tambi\u00e9n es una persona que lleva constantemente cursos formales en su pa\u00eds sobre tecnolog\u00eda aplicada a la educaci\u00f3n, con una gran pasi\u00f3n por ense\u00f1ar distintos temas.<\/p>\n","protected":false},"excerpt":{"rendered":"<p>\u00bfTe gustar\u00eda ense\u00f1arle a tu abuelo a manejar el computador pero no tienes tiempo?<\/p>\n<p>Obs\u00e9quiale el masterclass INFORMATICA PARA ABUELOS, con el que nuestros adultos mayores podr\u00e1n revisar lecciones una y otra vez y aprender f\u00e1cilmente a manejar el computador para adaptarse al mundo digital.<\/p>\n","protected":false},"featured_media":3587,"template":"","meta":{"_joinchat":[]},"product_brand":[],"product_cat":[323,344],"product_tag":[],"class_list":{"0":"post-12088","1":"product","2":"type-product","3":"status-publish","4":"has-post-thumbnail","6":"product_cat-educacion","7":"product_cat-todos","9":"first","10":"instock","11":"sale","12":"shipping-taxable","13":"product-type-external"},"_links":{"self":[{"href":"https:\/\/cursos.talentup.cl\/index.php?rest_route=\/wp\/v2\/product\/12088","targetHints":{"allow":["GET"]}}],"collection":[{"href":"https:\/\/cursos.talentup.cl\/index.php?rest_route=\/wp\/v2\/product"}],"about":[{"href":"https:\/\/cursos.talentup.cl\/index.php?rest_route=\/wp\/v2\/types\/product"}],"version-history":[{"count":2,"href":"https:\/\/cursos.talentup.cl\/index.php?rest_route=\/wp\/v2\/product\/12088\/revisions"}],"predecessor-version":[{"id":14304,"href":"https:\/\/cursos.talentup.cl\/index.php?rest_route=\/wp\/v2\/product\/12088\/revisions\/14304"}],"wp:featuredmedia":[{"embeddable":true,"href":"https:\/\/cursos.talentup.cl\/index.php?rest_route=\/wp\/v2\/media\/3587"}],"wp:attachment":[{"href":"https:\/\/cursos.talentup.cl\/index.php?rest_route=%2Fwp%2Fv2%2Fmedia&parent=12088"}],"wp:term":[{"taxonomy":"product_brand","embeddable":true,"href":"https:\/\/cursos.talentup.cl\/index.php?rest_route=%2Fwp%2Fv2%2Fproduct_brand&post=12088"},{"taxonomy":"product_cat","embeddable":true,"href":"https:\/\/cursos.talentup.cl\/index.php?rest_route=%2Fwp%2Fv2%2Fproduct_cat&post=12088"},{"taxonomy":"product_tag","embeddable":true,"href":"https:\/\/cursos.talentup.cl\/index.php?rest_route=%2Fwp%2Fv2%2Fproduct_tag&post=12088"}],"curies":[{"name":"wp","href":"https:\/\/api.w.org\/{rel}","templated":true}]}}