{"id":12204,"date":"2023-01-10T04:40:12","date_gmt":"2023-01-10T07:40:12","guid":{"rendered":"https:\/\/cursos.talentup.cl\/?post_type=product&#038;p=12204"},"modified":"2024-02-07T23:37:28","modified_gmt":"2024-02-08T02:37:28","slug":"produccion-digital-rap-trap-y-hip-hop","status":"publish","type":"product","link":"https:\/\/cursos.talentup.cl\/?product=produccion-digital-rap-trap-y-hip-hop","title":{"rendered":"PRODUCCI\u00d3N DIGITAL RAP, TRAP Y HIP HOP"},"content":{"rendered":"<p>La producci\u00f3n musical ha evolucionado radicalmente.<\/p>\n<p>Convi\u00e9rtete en un crack con el MasterClass PRODUCCI\u00d3N DIGITAL RAP TRAP Y HIP HOP.<\/p>\n<p>Arma tus propios instrumentales desde cero con tu propio sello. <\/p>\n<p>Cada d\u00eda hay m\u00e1s artistas en busca de estos sonidos para sus canciones. Ac\u00e1 hay una oportunidad de negocio.<\/p>\n<p>\u00bfQU\u00c9 VAS A LOGRAR?<\/p>\n<p>Encontrar todo lo que un artista necesita saber para que pueda armar sus propios instrumentales desde cero, de una forma f\u00e1cil, r\u00e1pida y profesional.<\/p>\n<p>Manejar un programa de edici\u00f3n de sonido enfocado especialmente en la creaci\u00f3n de beats.<\/p>\n<p>Manejar el lenguaje y los conceptos b\u00e1sicos de la m\u00fasica y del mundo de la producci\u00f3n musical.<\/p>\n<p>Analizar canciones que son un hit para basarse en su estructura e implementarla dentro de los instrumentales.<\/p>\n<p>Dise\u00f1ar bater\u00edas y seleccionar los sonidos correspondientes para cada estilo dentro del HIP HOP TRAP, HARDCORE, MODERNO, entre otros.<\/p>\n<p>Aprender el proceso creativo de un productor que est\u00e1 dentro de la industria, viendo su proceso de 0 a 100, desde que comienza hasta que termina de crear el instrumental.<\/p>\n<p>Edita, crea los beats, las bater\u00edas y los sonidos m\u00e1s brutales para el RAP TRAP Y HIP HOP.<\/p>\n<p>Aplicar diferentes ambientes y texturas a tus beats para poder contextualizar, darle un adecuado contraste y as\u00ed puedan diferenciarse del resto de productores.<\/p>\n<p>\u00bfC\u00d3MO LO VAS A LOGRAR?<\/p>\n<p>Con una estructura f\u00e1cil, sencilla y contundente, donde iremos directamente \u00abal grano\u201d, con 10 lecciones introductorias al programa de edici\u00f3n de sonido junto con la creaci\u00f3n de las estructuras b\u00e1sicas para crear un instrumental.<\/p>\n<p>Adem\u00e1s, 20 videos (uno nuevo cada semana) que abarca la creaci\u00f3n de instrumentales del g\u00e9nero de trap y rap, explicados paso a paso desde cero, de una forma natural y transparente, mostrando todas las etapas del proceso creativo, desde que el productor se sienta con la mente en blanco, hasta que termina con el instrumental completo.<\/p>\n<p>Parte 1 &#8211; Bienvenida al programa y recomendaciones especiales.<br \/>\nParte 2 &#8211; Presentaci\u00f3n y explicaci\u00f3n de Fl Studio.<br \/>\nParte 3 &#8211; Explicaci\u00f3n de conceptos claves.<br \/>\nParte 4 -Creaci\u00f3n de Bater\u00eda Hip Hop Classic.<br \/>\nParte 5 &#8211; Creaci\u00f3n de Bater\u00eda Hip Hop \u00abVariaci\u00f3n en el clap\u00bb.<br \/>\nParte 6 &#8211; Creaci\u00f3n de Bater\u00eda Hip Hop Moderno.<br \/>\nParte 7 &#8211; Creaci\u00f3n de Bater\u00eda Hip Hop Hardcore.<br \/>\nParte 8 &#8211; Creaci\u00f3n de Bater\u00eda Boombap.<br \/>\nParte 9 -Creaci\u00f3n Bater\u00eda de Trap.<br \/>\nParte 10 &#8211; An\u00e1lisis de canci\u00f3n TRUENO || BZRP Freestyle Sessions #6.<br \/>\nParte 11- Creaci\u00f3n de Instrumental de Trap n\u00ba1.<br \/>\nParte 12- Mezcla de Instrumental de Trap n\u00ba1.<br \/>\nParte 13- Creaci\u00f3n y Mezcla de Instrumental de Rap n\u00ba2 .<br \/>\nParte 14 &#8211; Creaci\u00f3n de trap rom\u00e1ntico.<br \/>\nParte 15 &#8211; Videos que se vienen.<br \/>\nParte 16 &#8211; Creaci\u00f3n de beat 3.<br \/>\nParte 17 &#8211; Mezcla de beat trap.<br \/>\nCreaci\u00f3n de beat trap.<br \/>\nParte 18 &#8211; Mezcla de beat.<br \/>\nParte 19 &#8211; Beat de trap.<\/p>\n<p>BONUS ESPECIAL:<\/p>\n<p>LICENCIA DE USO: (Gratuita) de todos los instrumentales que se creen dentro del programa para que puedas utilizarlos en tus producciones y futuras canciones.<\/p>\n<p>PACK CON LAS LIBRER\u00cdAS PERSONALES DEL PRODUCTOR: Cuenta con m\u00e1s de 40 kits de sonido equivalentes a 35 Gb para que utilices en tus producciones (Librer\u00edas valuadas en m\u00e1s de $500)<\/p>\n<p>ACERCA DEL PRODUCTOR:<\/p>\n<p>Desarrollado por DARIO REBUSQUE. Beatmaker y Productor musical, estudiante de Ingenier\u00eda en Sonido en la universidad de 3 de Febrero (Buenos Aires, Arg).<\/p>\n<p>Actualmente dedicado a la creaci\u00f3n y venta de instrumentales de Rap, trap y hip hop y a la comercializaci\u00f3n de packs de sonidos personalizados para dem\u00e1s productores.<\/p>\n","protected":false},"excerpt":{"rendered":"<p>La producci\u00f3n musical ha evolucionado radicalmente.<\/p>\n<p>Convi\u00e9rtete en un crack con el MasterClass PRODUCCI\u00d3N DIGITAL RAP TRAP Y HIP HOP.<\/p>\n<p>Arma tus propios instrumentales desde cero con tu propio sello. <\/p>\n<p>Cada d\u00eda hay m\u00e1s artistas en busca de estos sonidos para sus canciones. Ac\u00e1 hay una oportunidad de negocio.<\/p>\n","protected":false},"featured_media":4697,"template":"","meta":{"_joinchat":[]},"product_brand":[],"product_cat":[325,344],"product_tag":[],"class_list":{"0":"post-12204","1":"product","2":"type-product","3":"status-publish","4":"has-post-thumbnail","6":"product_cat-entretenimiento-y-hobbies","7":"product_cat-todos","9":"first","10":"instock","11":"sale","12":"shipping-taxable","13":"product-type-external"},"_links":{"self":[{"href":"https:\/\/cursos.talentup.cl\/index.php?rest_route=\/wp\/v2\/product\/12204","targetHints":{"allow":["GET"]}}],"collection":[{"href":"https:\/\/cursos.talentup.cl\/index.php?rest_route=\/wp\/v2\/product"}],"about":[{"href":"https:\/\/cursos.talentup.cl\/index.php?rest_route=\/wp\/v2\/types\/product"}],"version-history":[{"count":2,"href":"https:\/\/cursos.talentup.cl\/index.php?rest_route=\/wp\/v2\/product\/12204\/revisions"}],"predecessor-version":[{"id":14357,"href":"https:\/\/cursos.talentup.cl\/index.php?rest_route=\/wp\/v2\/product\/12204\/revisions\/14357"}],"wp:featuredmedia":[{"embeddable":true,"href":"https:\/\/cursos.talentup.cl\/index.php?rest_route=\/wp\/v2\/media\/4697"}],"wp:attachment":[{"href":"https:\/\/cursos.talentup.cl\/index.php?rest_route=%2Fwp%2Fv2%2Fmedia&parent=12204"}],"wp:term":[{"taxonomy":"product_brand","embeddable":true,"href":"https:\/\/cursos.talentup.cl\/index.php?rest_route=%2Fwp%2Fv2%2Fproduct_brand&post=12204"},{"taxonomy":"product_cat","embeddable":true,"href":"https:\/\/cursos.talentup.cl\/index.php?rest_route=%2Fwp%2Fv2%2Fproduct_cat&post=12204"},{"taxonomy":"product_tag","embeddable":true,"href":"https:\/\/cursos.talentup.cl\/index.php?rest_route=%2Fwp%2Fv2%2Fproduct_tag&post=12204"}],"curies":[{"name":"wp","href":"https:\/\/api.w.org\/{rel}","templated":true}]}}