{"id":12230,"date":"2023-01-10T04:40:13","date_gmt":"2023-01-10T07:40:13","guid":{"rendered":"https:\/\/cursos.talentup.cl\/?post_type=product&#038;p=12230"},"modified":"2024-02-07T23:37:31","modified_gmt":"2024-02-08T02:37:31","slug":"candy-bar","status":"publish","type":"product","link":"https:\/\/cursos.talentup.cl\/?product=candy-bar","title":{"rendered":"CANDY BAR"},"content":{"rendered":"<p>\u00bfQU\u00c9 VAS A LOGRAR?<\/p>\n<p>Candy Bar, Candy Buffet, Sweet table o Candy table, se le conoce a la mesa montada y decorada con golosinas, galletas, dulces variados, tartas, cupcakes, muffins y chocolates entre otras. Por lo general es personalizada y enfocada en una tem\u00e1tica o estilo, de acuerdo a la personalidad de una fiesta (cumplea\u00f1os, comuniones, bodas o aniversarios).<\/p>\n<p>Este producto est\u00e1 dise\u00f1ado para todo tipo de personas, as\u00ed no cuente con experiencia en organizaci\u00f3n de un Candy Bar y hasta para los m\u00e1s avanzados, as\u00ed obtendr\u00e1s ideas para sus t\u00e9cnicas. A quienes les gusta salir de la monoton\u00eda y lograr un \u00a1WOW! al homenajeado y los invitados. Est\u00e1 enfocado a personas creativas que aman ir m\u00e1s all\u00e1 de una decoraci\u00f3n simple.<\/p>\n<p>Si sue\u00f1as con crear o dise\u00f1ar eventos, marcar tendencias, dar valor agregado o si es tu primera vez en este mundo, con este producto puedes lograr:<\/p>\n<p>Generar dinero con la organizaci\u00f3n de Candy Bar o ense\u00f1arles a otros para que lo hagan.<br \/>\nHacer un Candy Bar con elementos que muchos tenemos en casa.<br \/>\nTener una buena distribuci\u00f3n de los dulces para crear armon\u00eda y presupuestos usados en cada mesa.<br \/>\nActivar tu creatividad para crear dise\u00f1os incre\u00edbles en fiestas, reuniones y eventos.<br \/>\nConoce las bases de c\u00f3mo se compone un Candy Bar y empezar tu propio emprendimiento.<br \/>\nTe convertir\u00e1s en un amante de los detalles, agregando valor a cada servicio que hagas haci\u00e9ndote diferenciar de los dem\u00e1s.<br \/>\nSer\u00e1s capaz de dise\u00f1ar y personalizar todos tus eventos del tema que necesites realizar<\/p>\n<p>Desarrollado por KELLY DIAZ quien comenz\u00f3 en el mundo de Candy inicialmente en reuniones familiares; organizando mesas de dulces para que se vieran armoniosas e impactantes. Kelly, adem\u00e1s es actriz y combina esta profesi\u00f3n actoral con su destreza creativa haciendo uso de su imaginaci\u00f3n desbordante para crear todo tipo de escenarios en una mesa de dulces. <\/p>\n<p>Se inspir\u00f3 en mujeres y tendencias globales con resultados contundentes en el tema de Candy Bar para distintos eventos. Estas ideas fueron reestructuradas para crear desde su esencia, como organizar los distintos elementos. Inspirada en el arte y la imaginaci\u00f3n les dio a las presentaciones de las mesas un toque especial con un colorido variado y aterrizado a todo tipo de personas, lo cual se ve reflejado en la satisfacci\u00f3n de sus clientes; generando una experiencia \u00fanica en sus vidas traducida en confianza.<\/p>\n<p>\u00bfC\u00d3MO LO VAS A LOGRAR?<\/p>\n<p>Este programa online te\u00f3rico practico consta de 5 m\u00f3dulos m\u00e1s un m\u00f3dulo de Bonos, con una explicaci\u00f3n a detalle de c\u00f3mo nace el Candy Bar y con qu\u00e9 prop\u00f3sito se hace, teniendo en cuenta la armon\u00eda y el contraste de colores en cada ocasi\u00f3n. Desde montajes y kits personalizados hasta marketing digital. Adicional, tendr\u00e1s un Candy Bar creado exclusivamente para ti en este curso.<\/p>\n<p>Esta MasterClass est\u00e1 desarrollada con los siguientes m\u00f3dulos:<\/p>\n<p>\u2022\tM\u00f3dulo 1: Principios b\u00e1sicos del Candy Bar.<br \/>\n\u2022\tM\u00f3dulo 2: Distribuci\u00f3n del Candy Bar.<br \/>\n\u2022\tM\u00f3dulo 3: Costos de operaci\u00f3n para tu Candy Bar<br \/>\n\u2022\tM\u00f3dulo 4: C\u00f3mo tratar con tu cliente con una experiencia inolvidable<br \/>\n\u2022\tM\u00f3dulo 5: Bonos<br \/>\n\u2022\tModulo 6: \u201cNo sirve de nada saber decorar si no sabes vender\u201d <\/p>\n<p>Privacidad<br \/>\nTu informaci\u00f3n est\u00e1 100% segura<br \/>\nCompra segura<br \/>\nAmbiente seguro y autenticado<br \/>\nEntrega por email<br \/>\nAcceso al producto entregado por email<br \/>\nContenido aprobado<br \/>\n100% revisado y aprobado<\/p>\n<p>??<\/p>\n","protected":false},"excerpt":{"rendered":"<p>Candy Bar, Candy Buffet, Sweet table o Candy table, se le conoce a la mesa montada y decorada con golosinas, galletas, dulces variados, tartas, cupcakes, muffins y chocolates entre otras. Por lo general es personalizada y enfocada en una tem\u00e1tica o estilo, de acuerdo a la personalidad de una fiesta (cumplea\u00f1os, comuniones, bodas o aniversarios).<\/p>\n","protected":false},"featured_media":4722,"template":"","meta":{"_joinchat":[]},"product_brand":[],"product_cat":[325,344],"product_tag":[],"class_list":{"0":"post-12230","1":"product","2":"type-product","3":"status-publish","4":"has-post-thumbnail","6":"product_cat-entretenimiento-y-hobbies","7":"product_cat-todos","9":"first","10":"instock","11":"sale","12":"shipping-taxable","13":"product-type-external"},"_links":{"self":[{"href":"https:\/\/cursos.talentup.cl\/index.php?rest_route=\/wp\/v2\/product\/12230","targetHints":{"allow":["GET"]}}],"collection":[{"href":"https:\/\/cursos.talentup.cl\/index.php?rest_route=\/wp\/v2\/product"}],"about":[{"href":"https:\/\/cursos.talentup.cl\/index.php?rest_route=\/wp\/v2\/types\/product"}],"version-history":[{"count":2,"href":"https:\/\/cursos.talentup.cl\/index.php?rest_route=\/wp\/v2\/product\/12230\/revisions"}],"predecessor-version":[{"id":14383,"href":"https:\/\/cursos.talentup.cl\/index.php?rest_route=\/wp\/v2\/product\/12230\/revisions\/14383"}],"wp:featuredmedia":[{"embeddable":true,"href":"https:\/\/cursos.talentup.cl\/index.php?rest_route=\/wp\/v2\/media\/4722"}],"wp:attachment":[{"href":"https:\/\/cursos.talentup.cl\/index.php?rest_route=%2Fwp%2Fv2%2Fmedia&parent=12230"}],"wp:term":[{"taxonomy":"product_brand","embeddable":true,"href":"https:\/\/cursos.talentup.cl\/index.php?rest_route=%2Fwp%2Fv2%2Fproduct_brand&post=12230"},{"taxonomy":"product_cat","embeddable":true,"href":"https:\/\/cursos.talentup.cl\/index.php?rest_route=%2Fwp%2Fv2%2Fproduct_cat&post=12230"},{"taxonomy":"product_tag","embeddable":true,"href":"https:\/\/cursos.talentup.cl\/index.php?rest_route=%2Fwp%2Fv2%2Fproduct_tag&post=12230"}],"curies":[{"name":"wp","href":"https:\/\/api.w.org\/{rel}","templated":true}]}}