{"id":12266,"date":"2023-01-10T04:40:18","date_gmt":"2023-01-10T07:40:18","guid":{"rendered":"https:\/\/cursos.talentup.cl\/?post_type=product&#038;p=12266"},"modified":"2024-02-07T23:37:31","modified_gmt":"2024-02-08T02:37:31","slug":"produccion-de-cine","status":"publish","type":"product","link":"https:\/\/cursos.talentup.cl\/?product=produccion-de-cine","title":{"rendered":"PRODUCCI\u00d3N DE CINE"},"content":{"rendered":"<p>\u00bfQu\u00e9 vas a lograr?<\/p>\n<p>Muchas personas aspiran a convertirse en productor de cine y por lo general necesitan estudiar largos periodos de tiempo para lograrlo. Con una metodolog\u00eda Te\u00f3rico-pr\u00e1ctica, este programa virtual de producci\u00f3n de cine te ayudar\u00e1 a desarrollar paso a paso los mismos conocimientos precisos de producci\u00f3n audiovisual profesional de un verdadero productor de cine. <\/p>\n<p>Aprende y Emplea procesos con est\u00e1ndares generales del Cine. Adem\u00e1s aprende t\u00e9cnicas y estrategias digitales para su realizaci\u00f3n, distribuci\u00f3n y promoci\u00f3n hasta tener listo, por ejemplo un cortometraje, serie, pel\u00edcula y\/o largometraje. Adicionalmente, la promoci\u00f3n e impulso para lograr que un gran n\u00famero de personas lo vean.<\/p>\n<p>\u00bfC\u00f3mo lo vas a lograr?<\/p>\n<p>Consta de 7 m\u00f3dulos de aprendizaje, los cuales parten de una conceptualizaci\u00f3n te\u00f3rica de la cinematograf\u00eda, hasta alcanzar la etapa de postproducci\u00f3n y marketing de un producto audiovisual de ficci\u00f3n con lecciones complementarias:<\/p>\n<p>Introducci\u00f3n a la cinematograf\u00eda y su impacto en la industria audiovisual y cinematogr\u00e1fica.<br \/>\nDesarrollo de un guion funcional con bases argumentales y narrativas s\u00f3lidas.<br \/>\nPreproducci\u00f3n para la planificaci\u00f3n de la grabaci\u00f3n audiovisual<br \/>\nProducci\u00f3n y Grabaci\u00f3n en campo con t\u00e9cnicas profesionales.<br \/>\nEdici\u00f3n y Postproducci\u00f3n de un producto terminado profesional y est\u00e9tico.<br \/>\nPromoci\u00f3n, Difusi\u00f3n y Marketing del producto terminado.<br \/>\nBonus Plugins: Elementos complementarios de los anteriores m\u00f3dulos<\/p>\n","protected":false},"excerpt":{"rendered":"<p>Muchas personas aspiran a convertirse en productor de cine y por lo general necesitan estudiar largos periodos de tiempo para lograrlo. Con una metodolog\u00eda Te\u00f3rico-pr\u00e1ctica, este programa virtual de producci\u00f3n de cine te ayudar\u00e1 a desarrollar paso a paso los mismos conocimientos precisos de producci\u00f3n audiovisual profesional de un verdadero productor de cine. <\/p>\n","protected":false},"featured_media":4728,"template":"","meta":{"_joinchat":[]},"product_brand":[],"product_cat":[325,344],"product_tag":[],"class_list":{"0":"post-12266","1":"product","2":"type-product","3":"status-publish","4":"has-post-thumbnail","6":"product_cat-entretenimiento-y-hobbies","7":"product_cat-todos","9":"first","10":"instock","11":"sale","12":"shipping-taxable","13":"product-type-external"},"_links":{"self":[{"href":"https:\/\/cursos.talentup.cl\/index.php?rest_route=\/wp\/v2\/product\/12266","targetHints":{"allow":["GET"]}}],"collection":[{"href":"https:\/\/cursos.talentup.cl\/index.php?rest_route=\/wp\/v2\/product"}],"about":[{"href":"https:\/\/cursos.talentup.cl\/index.php?rest_route=\/wp\/v2\/types\/product"}],"version-history":[{"count":2,"href":"https:\/\/cursos.talentup.cl\/index.php?rest_route=\/wp\/v2\/product\/12266\/revisions"}],"predecessor-version":[{"id":14389,"href":"https:\/\/cursos.talentup.cl\/index.php?rest_route=\/wp\/v2\/product\/12266\/revisions\/14389"}],"wp:featuredmedia":[{"embeddable":true,"href":"https:\/\/cursos.talentup.cl\/index.php?rest_route=\/wp\/v2\/media\/4728"}],"wp:attachment":[{"href":"https:\/\/cursos.talentup.cl\/index.php?rest_route=%2Fwp%2Fv2%2Fmedia&parent=12266"}],"wp:term":[{"taxonomy":"product_brand","embeddable":true,"href":"https:\/\/cursos.talentup.cl\/index.php?rest_route=%2Fwp%2Fv2%2Fproduct_brand&post=12266"},{"taxonomy":"product_cat","embeddable":true,"href":"https:\/\/cursos.talentup.cl\/index.php?rest_route=%2Fwp%2Fv2%2Fproduct_cat&post=12266"},{"taxonomy":"product_tag","embeddable":true,"href":"https:\/\/cursos.talentup.cl\/index.php?rest_route=%2Fwp%2Fv2%2Fproduct_tag&post=12266"}],"curies":[{"name":"wp","href":"https:\/\/api.w.org\/{rel}","templated":true}]}}