{"id":12329,"date":"2023-01-10T04:40:24","date_gmt":"2023-01-10T07:40:24","guid":{"rendered":"https:\/\/cursos.talentup.cl\/?post_type=product&#038;p=12329"},"modified":"2024-02-07T23:37:37","modified_gmt":"2024-02-08T02:37:37","slug":"conexion-espiritual-con-angeles","status":"publish","type":"product","link":"https:\/\/cursos.talentup.cl\/?product=conexion-espiritual-con-angeles","title":{"rendered":"CONEXI\u00d3N ESPIRITUAL CON \u00c1NGELES"},"content":{"rendered":"<p>\u201cCon\u00e9ctate con la fuerza del cielo. Hablar de \u00e1ngeles no es hablar de religi\u00f3n, es hablar de conexi\u00f3n\u201d<\/p>\n<p>\u00bfSab\u00edas que existen muchos \u00e1ngeles en diferentes momentos de tu vida? <\/p>\n<p>Algunas experiencias no las puedes explicar desde la raz\u00f3n y la l\u00f3gica porque no sabes c\u00f3mo sucedieron, solo sabes que se dieron. A esas experiencias indescriptibles y que a la vez generan tanta paz, confianza y respaldo son llamadas por Tatiana Mac\u00edas, la productora de este curso \u201cayuda y asistencia de los \u00e1ngeles\u201d. <\/p>\n<p>En esta MasterClass vas a conectarte con el amor incondicional y la ayuda espiritual. Los \u00e1ngeles son seres de luz maravillosos que te asisten cuando permites que se manifiesten en tu vida. Vas a darte cuenta que no necesitas ver con tus ojos f\u00edsicos para poder entender cuantas cosas maravillosas te suceden con su ayuda.<\/p>\n<p>\u00bfQU\u00c9 VAS A LOGRAR?<\/p>\n<p>Encontrar que la informaci\u00f3n y la soluci\u00f3n siempre est\u00e1n presentes para todo lo que sucede en tu vida.<br \/>\nComprender que tus decisiones y elecciones se basan en tu sistema de creencias.<br \/>\nEnfocarte en otra vibraci\u00f3n y ampliar tu nivel de percepci\u00f3n que permiten sintonizarte con nuevas posibilidades que te generan bienestar y respaldo.<br \/>\nComprender que siempre has estado acompa\u00f1ado. Que lo indescriptible tuvo un respaldo desde lo invisible.<br \/>\nPermitirte estar acompa\u00f1ado, haciendo que tu manera de vivir cambie al darte cuenta que la vida no es solo sobrevivir y vivir en funci\u00f3n de resultados.<br \/>\nAprender y transformar esas vivencias en fortaleza espiritual.<br \/>\nPoder saber: \u00bfQu\u00e9 quieres que sea distinto en tu vida? \u00bfQuieres m\u00e1s de eso que te da confianza, apoyo, respaldo, compa\u00f1\u00eda y hasta seguridad?<\/p>\n<p>\u00bfC\u00d3MO LO VAS LOGRAR?<\/p>\n<p>Esta MasterClass consta de 13 lecciones con m\u00e1s de 8 horas de informaci\u00f3n, donde podr\u00e1s aprender, meditar y hacer ejercicios que te permitan volver a sentir la presencia de tus \u00e1ngeles en tu vida, entendiendo que ellos siempre han estado para ti. Ahora, es tu momento de afianzar esa relaci\u00f3n. <\/p>\n<p>Estos son los contenidos tem\u00e1ticos:<\/p>\n<p>Introducci\u00f3n: Los \u00e1ngeles est\u00e1n contigo.<\/p>\n<p>Encuentros ang\u00e9licos y qui\u00e9nes son los \u00e1ngeles.<\/p>\n<p>Qui\u00e9nes est\u00e1n contigo y el \u00e1ngel de la guarda.<\/p>\n<p>Dos energ\u00edas creadoras y los centros energ\u00e9ticos.<\/p>\n<p>Sentidos sutiles.<\/p>\n<p>Como pedir y como se manifiestan los \u00e1ngeles.<\/p>\n<p>Arc\u00e1ngeles I.<\/p>\n<p>Arc\u00e1ngeles II.<\/p>\n<p>Arc\u00e1ngeles III.<\/p>\n<p>Detox angelical.<\/p>\n<p>Sanaci\u00f3n angelical I.<\/p>\n<p>Sanaci\u00f3n angelical II.<\/p>\n<p>Cristales y piedras.<\/p>\n<p>Armonizaci\u00f3n de los espacios.<\/p>\n<p>ACERCA DE LA PRODUCTORA<\/p>\n<p>Desarrollado por TATIANA MACIAS MORA, Coach de vida y espiritual. Certificada como coach ontol\u00f3gica, instructora del Firewalking, con un diplomado en PNL, sanadora cu\u00e1ntica y angeologa. <\/p>\n<p>Tambi\u00e9n profesional en Finanzas y negocios internacionales. Ha trabajado en Colombia en dos emisoras online donde conduc\u00eda programas de crecimiento personal y espiritual. As\u00ed mismo, facilitadora de talleres de sanaci\u00f3n y coach personal y de equipos.<\/p>\n","protected":false},"excerpt":{"rendered":"<p>\u201cCon\u00e9ctate con la fuerza del cielo. Hablar de \u00e1ngeles no es hablar de religi\u00f3n, es hablar de conexi\u00f3n\u201d<\/p>\n<p>\u00bfSab\u00edas que existen muchos \u00e1ngeles en diferentes momentos de tu vida? <\/p>\n<p>Algunas experiencias no las puedes explicar desde la raz\u00f3n y la l\u00f3gica porque no sabes c\u00f3mo sucedieron, solo sabes que se dieron. A esas experiencias indescriptibles y que a la vez generan tanta paz, confianza y respaldo son llamadas por Tatiana Mac\u00edas, la productora de este curso \u201cayuda y asistencia de los \u00e1ngeles\u201d. <\/p>\n<p>En esta MasterClass vas a conectarte con el amor incondicional y la ayuda espiritual. Los \u00e1ngeles son seres de luz maravillosos que te asisten cuando permites que se manifiesten en tu vida. Vas a darte cuenta que no necesitas ver con tus ojos f\u00edsicos para poder entender cuantas cosas maravillosas te suceden con su ayuda.<\/p>\n","protected":false},"featured_media":6749,"template":"","meta":{"_joinchat":[]},"product_brand":[],"product_cat":[326,344],"product_tag":[],"class_list":{"0":"post-12329","1":"product","2":"type-product","3":"status-publish","4":"has-post-thumbnail","6":"product_cat-espiritualidad","7":"product_cat-todos","9":"first","10":"instock","11":"sale","12":"shipping-taxable","13":"product-type-external"},"_links":{"self":[{"href":"https:\/\/cursos.talentup.cl\/index.php?rest_route=\/wp\/v2\/product\/12329","targetHints":{"allow":["GET"]}}],"collection":[{"href":"https:\/\/cursos.talentup.cl\/index.php?rest_route=\/wp\/v2\/product"}],"about":[{"href":"https:\/\/cursos.talentup.cl\/index.php?rest_route=\/wp\/v2\/types\/product"}],"version-history":[{"count":2,"href":"https:\/\/cursos.talentup.cl\/index.php?rest_route=\/wp\/v2\/product\/12329\/revisions"}],"predecessor-version":[{"id":14427,"href":"https:\/\/cursos.talentup.cl\/index.php?rest_route=\/wp\/v2\/product\/12329\/revisions\/14427"}],"wp:featuredmedia":[{"embeddable":true,"href":"https:\/\/cursos.talentup.cl\/index.php?rest_route=\/wp\/v2\/media\/6749"}],"wp:attachment":[{"href":"https:\/\/cursos.talentup.cl\/index.php?rest_route=%2Fwp%2Fv2%2Fmedia&parent=12329"}],"wp:term":[{"taxonomy":"product_brand","embeddable":true,"href":"https:\/\/cursos.talentup.cl\/index.php?rest_route=%2Fwp%2Fv2%2Fproduct_brand&post=12329"},{"taxonomy":"product_cat","embeddable":true,"href":"https:\/\/cursos.talentup.cl\/index.php?rest_route=%2Fwp%2Fv2%2Fproduct_cat&post=12329"},{"taxonomy":"product_tag","embeddable":true,"href":"https:\/\/cursos.talentup.cl\/index.php?rest_route=%2Fwp%2Fv2%2Fproduct_tag&post=12329"}],"curies":[{"name":"wp","href":"https:\/\/api.w.org\/{rel}","templated":true}]}}