{"id":12396,"date":"2023-01-10T04:40:31","date_gmt":"2023-01-10T07:40:31","guid":{"rendered":"https:\/\/cursos.talentup.cl\/?post_type=product&#038;p=12396"},"modified":"2024-02-07T23:37:41","modified_gmt":"2024-02-08T02:37:41","slug":"ninja-10k-trading","status":"publish","type":"product","link":"https:\/\/cursos.talentup.cl\/?product=ninja-10k-trading","title":{"rendered":"NINJA 10K \u2013 TRADING"},"content":{"rendered":"<p>\u00bfSab\u00edas que el Standard &#038; Poor&#8217;s 500 es el \u00edndice burs\u00e1til m\u00e1s importante del mundo? <\/p>\n<p>Con el programa \u201cNINJA 10K \u2013 TRADING DE FUTUROS, aprende todo lo que necesita un Trader para poder operar \u201cfuturos\u201d de manera rentable y consistente.<\/p>\n<p>Domina las estrategias, los movimientos, los indicadores y la psicolog\u00eda de un Trader profesional para generar altos resultados.<\/p>\n<p>\u00bfQU\u00c9 VAS A LOGRAR?<\/p>\n<p>Aprender\u00e1s todas las etapas desde cero que debe realizar un trader para profesionalizarse en los futuros del S&#038;P500, espec\u00edficamente en su versi\u00f3n electr\u00f3nica E-Mini S&#038;P500.<\/p>\n<p>Aprender\u00e1s a invertir en la bolsa de valores.<\/p>\n<p>Conocer\u00e1s sobre los mercados financieros.<\/p>\n<p>Aprender\u00e1s los procesos de un trader rentable.<\/p>\n<p>Sabr\u00e1s los pilares del trading.<\/p>\n<p>Aprender\u00e1s sobre la instalaci\u00f3n de NT8.<\/p>\n<p>Conocer\u00e1s NT8.<\/p>\n<p>Aprender\u00e1s los patrones de reversa.<\/p>\n<p>Acceder al certificado avalado por Hotmart y Seminarios Online.<\/p>\n<p>\u00bfC\u00d3MO LO VAS A LOGRAR?<\/p>\n<p>Contenido Del Curso:<\/p>\n<p>M\u00f3dulo 1 \u2013 Introducci\u00f3n <\/p>\n<p>Lecci\u00f3n No.1 &#8211; Presentaci\u00f3n y Bienvenida al programa<br \/>\nLecci\u00f3n No.2 \u2013 Comunidad y canal Telegram<br \/>\nLecci\u00f3n No.3 &#8211; Introducci\u00f3n a los mercados financieros<br \/>\nLecci\u00f3n No.4 &#8211; Procesos de un trader Rentable<br \/>\nLecci\u00f3n No.5 &#8211; Pilares del trading<\/p>\n<p>M\u00f3dulo 2 \u2013 Nuestra Herramienta de trabajo NinjaTrader 8<\/p>\n<p>Lecci\u00f3n No.6 \u2013 Instalando NT8<br \/>\nLecci\u00f3n No.7 \u2013 Conociendo NT8<br \/>\nLecci\u00f3n No.8 \u2013 Captura de pantalla NT8<\/p>\n<p>M\u00f3dulo 3 \u2013 Curr\u00edculo<\/p>\n<p>Lecci\u00f3n No.9 &#8211; Movimientos b\u00e1sicos P1<br \/>\nLecci\u00f3n No.10 \u2013Movimientos b\u00e1sicos P2<br \/>\nLecci\u00f3n No.11 &#8211; Patrones de reversa<br \/>\nLecci\u00f3n No.12 \u2013 Indicador Canal Keltner<br \/>\nLecci\u00f3n No.13 &#8211; Indicador MAC BBs<br \/>\nLecci\u00f3n No.14- Cambio de impulso<br \/>\nLecci\u00f3n No.15 \u2013 Repaso P1<br \/>\nLecci\u00f3n No.16 &#8211; Repaso P2<br \/>\nLecci\u00f3n No.17- Trade 1<br \/>\nLecci\u00f3n No.18- Trade 2<br \/>\nLecci\u00f3n No.19- Trade 3<\/p>\n<p>M\u00f3dulo 4 \u2013 Gesti\u00f3n t\u00e9cnica <\/p>\n<p>Lecci\u00f3n No.20- En que consiste la gesti\u00f3n t\u00e9cnica<br \/>\nRenovaci\u00f3n de contratos.<br \/>\nRenovar cuenta DEMO.<br \/>\nLecci\u00f3n No.21- Configurando el ATM<br \/>\nLecci\u00f3n No.22- Market Replay<\/p>\n<p>M\u00f3dulo 5 \u2013 Gesti\u00f3n Ejecutiva<\/p>\n<p>Lecci\u00f3n No.23- Backtesting<br \/>\nLecci\u00f3n No.24- Esperanza matem\u00e1tica<br \/>\nLecci\u00f3n No.25- Psicotrading P1<br \/>\nLecci\u00f3n No.26 -Psicotrading P2<br \/>\nLecci\u00f3n No.27 -Psicotrading P3<br \/>\nLecci\u00f3n No.28 -Psicotrading P4<br \/>\nLecci\u00f3n No.29 -Psicotrading P5<br \/>\nLecci\u00f3n No.30 -Psicotrading P6<br \/>\nLecci\u00f3n No.31 -Psicotrading P7<br \/>\nLecci\u00f3n No.32 -Psicotrading P8<br \/>\nLecci\u00f3n No.33 -Psicotrading P9<br \/>\nLecci\u00f3n No.34 -Psicotrading P10<br \/>\nLecci\u00f3n No.35 -Psicotrading P11<\/p>\n<p>Material complementario <\/p>\n<p>Lecci\u00f3n 36 &#8211; Plataforma gratuita &#8211; Descarga, Instalaci\u00f3n y configuraci\u00f3n.<br \/>\nLecci\u00f3n 37 &#8211; Plataforma gratuita &#8211; Herramienta Dibujo.<br \/>\nLecci\u00f3n 38 &#8211; Plataforma gratuita &#8211; Espacios de trabajo.<br \/>\nLecci\u00f3n 39 &#8211; Plataforma gratuita &#8211; Toma de ordenes.<br \/>\nLecci\u00f3n 40 &#8211; Plataforma gratuita &#8211; Microfuturos graficas.<br \/>\nLecci\u00f3n 41 &#8211; Plataforma gratuita &#8211; Renovaci\u00f3n de contratos.<br \/>\nLecci\u00f3n 42 &#8211; Plataforma gratuita &#8211; Renovar cuenta DEMO.<br \/>\nTodo sobre las pruebas de Fondeo para conseguir capital.<\/p>\n<p>BONO<\/p>\n<p>Espacio de trabajo para NinjaTrader 8<\/p>\n<p>NINJATRADER 8 | PLATAFORMA<\/p>\n<p>ATM NinjaTrader 8.<br \/>\nCentro de control de cuentas.<br \/>\nGrafica de velas.<br \/>\nIndicadores en NinjaTrader 8.<br \/>\nWorkspace Centro de control NinjaTrader 8.<\/p>\n<p>ACERCA DEL PRODUCTOR<\/p>\n<p>Desarrollado por WILSON AMADO MEJIA Master Trader, Fundador de la academia Amados Trading.<\/p>\n<p>Con m\u00e1s de 5 a\u00f1os de experiencia operando los mercados financieros, especializado en el mercado de futuros SP&#038;500. <\/p>\n<p>Con certificaci\u00f3n en Psicotrading y Coaching PNL.<\/p>\n","protected":false},"excerpt":{"rendered":"<p>\u00bfSab\u00edas que el Standard &#038; Poor&#8217;s 500 es el \u00edndice burs\u00e1til m\u00e1s importante del mundo? <\/p>\n<p>Con el programa \u201cNINJA 10K \u2013 TRADING DE FUTUROS, aprende todo lo que necesita un Trader para poder operar \u201cfuturos\u201d de manera rentable y consistente.<\/p>\n<p>Domina las estrategias, los movimientos, los indicadores y la psicolog\u00eda de un Trader profesional para generar altos resultados.<\/p>\n","protected":false},"featured_media":3799,"template":"","meta":{"_joinchat":[]},"product_brand":[],"product_cat":[327,344],"product_tag":[],"class_list":{"0":"post-12396","1":"product","2":"type-product","3":"status-publish","4":"has-post-thumbnail","6":"product_cat-finanzas-e-inversion","7":"product_cat-todos","9":"first","10":"instock","11":"sale","12":"shipping-taxable","13":"product-type-external"},"_links":{"self":[{"href":"https:\/\/cursos.talentup.cl\/index.php?rest_route=\/wp\/v2\/product\/12396","targetHints":{"allow":["GET"]}}],"collection":[{"href":"https:\/\/cursos.talentup.cl\/index.php?rest_route=\/wp\/v2\/product"}],"about":[{"href":"https:\/\/cursos.talentup.cl\/index.php?rest_route=\/wp\/v2\/types\/product"}],"version-history":[{"count":2,"href":"https:\/\/cursos.talentup.cl\/index.php?rest_route=\/wp\/v2\/product\/12396\/revisions"}],"predecessor-version":[{"id":14465,"href":"https:\/\/cursos.talentup.cl\/index.php?rest_route=\/wp\/v2\/product\/12396\/revisions\/14465"}],"wp:featuredmedia":[{"embeddable":true,"href":"https:\/\/cursos.talentup.cl\/index.php?rest_route=\/wp\/v2\/media\/3799"}],"wp:attachment":[{"href":"https:\/\/cursos.talentup.cl\/index.php?rest_route=%2Fwp%2Fv2%2Fmedia&parent=12396"}],"wp:term":[{"taxonomy":"product_brand","embeddable":true,"href":"https:\/\/cursos.talentup.cl\/index.php?rest_route=%2Fwp%2Fv2%2Fproduct_brand&post=12396"},{"taxonomy":"product_cat","embeddable":true,"href":"https:\/\/cursos.talentup.cl\/index.php?rest_route=%2Fwp%2Fv2%2Fproduct_cat&post=12396"},{"taxonomy":"product_tag","embeddable":true,"href":"https:\/\/cursos.talentup.cl\/index.php?rest_route=%2Fwp%2Fv2%2Fproduct_tag&post=12396"}],"curies":[{"name":"wp","href":"https:\/\/api.w.org\/{rel}","templated":true}]}}