{"id":12434,"date":"2023-01-10T04:40:35","date_gmt":"2023-01-10T07:40:35","guid":{"rendered":"https:\/\/cursos.talentup.cl\/?post_type=product&#038;p=12434"},"modified":"2024-02-07T23:37:42","modified_gmt":"2024-02-08T02:37:42","slug":"trading-pro","status":"publish","type":"product","link":"https:\/\/cursos.talentup.cl\/?product=trading-pro","title":{"rendered":"TRADING PRO"},"content":{"rendered":"<p>\u00bfQU\u00c9 VAS A LOGRAR?<\/p>\n<p>Con este curso aprender\u00e1s a hacer Trading en los mercados financieros de una forma objetiva y profesional, entendiendo la oferta y la demanda y la manera como estos contrincantes dejan sus huellas en el gr\u00e1fico sin la subjetividad y contrariedad que generan los indicadores tradicionales que tanto se mencionan en la informaci\u00f3n com\u00fan que se ofrece en internet, en otras palabras, aprender\u00e1s a hacer Trading con la t\u00e9cnica conocida como PRICE ACTION. <\/p>\n<p>Aprender\u00e1s esta t\u00e9cnica en un mercado en particular (el mercado de divisas), sin embargo, en un futuro podr\u00e1s llevar todos los conceptos aprendidos a otro tipo de mercados. Este curso se especializa en aplicar los conceptos de Price Action en el Mercado del D\u00f3lar. La experiencia de tantos a\u00f1os nos ha permitido filtrar los activos financieros a operar para tener una \u00f3ptica m\u00e1s precisa y objetiva del mercado que consiga bajo la observaci\u00f3n conjunta de todos los pares que cruzan con el d\u00f3lar, analizar el mercado como un todo y no solamente un activo de forma independiente, al observar todo un mercado y entonces poder determinar cuan fuerte o d\u00e9bil se encuentra el d\u00f3lar en un momento dado, poder entonces plantear hip\u00f3tesis de entradas en las divisas principales, a saber: Euro, Libra, Australiano, Neozeland\u00e9s, Franco Suizo, D\u00f3lar Canadiense y Yen Japon\u00e9s. Esto permite OBJETIVIDAD, y la objetividad es clave en el trading para dejar de un lado o al menos disminuir las EMOCIONES que tanto frustran los deseos de muchos para convertirse en Traders. ES que tanto frustran los deseos de muchos para convertirse en Traders. <\/p>\n<p>Este curso va dirigido a todos aquellos que se inician en este fascinante mundo del trading y tambi\u00e9n a aquellos que ya cuentan con cierta experiencia y desean aprender un m\u00e9todo profesional y objetivo para ser rentables, entendiendo y operando como lo hacen las grandes instituciones.<\/p>\n<p>Desarrollado por: MARLON MART\u00cdNEZ, Ingeniero de Sistemas, con una Maestr\u00eda en Direcci\u00f3n de Negocios, Certificado en Gesti\u00f3n de Proyectos. Nacido en Cali, Colombia, amante de la tecnolog\u00eda y los emprendimientos digitales. Trader profesional desde hace 5 a\u00f1os y educador en Trading desde hace a\u00f1o y medio. He creado cursos relacionados con el trading que han sido realizados por m\u00e1s de 6000 estudiantes en m\u00e1s de 20 pa\u00edses de habla hispana. Soy un apasionado por el Trading y por compartir esta apasionante carrera con otras personas.<\/p>\n<p>\u00bfCOMO LO VAS A LOGRAR?<\/p>\n<p>El curso est\u00e1 estructurado de forma muy sencilla en 4 cap\u00edtulos que te llevar\u00e1n a adquirir todas las habilidades de mi estrategia de Trading as\u00ed:<\/p>\n<p>Especializaci\u00f3n en el Mercado del D\u00f3lar<br \/>\nOperativa Intradia y Swing<br \/>\nPrice Action (Acci\u00f3n del Precio)<br \/>\nGesti\u00f3n de Capital<\/p>\n<p>Lo mejor de todo es que el contenido siempre te lo ense\u00f1o con ejemplos en el mercado real, con operaciones en mi CUENTA REAL DE TRADING.<br \/>\nLos cuatro cap\u00edtulos son presentados en un total de 17 videos o partes as\u00ed:<\/p>\n<p>Parte No.1 Introducci\u00f3n al Curso de Trading Profesional usando Price Action<br \/>\nParte No.2 Especializaci\u00f3n en el Mercado del D\u00f3lar<br \/>\nParte No.3 Especializaci\u00f3n en el Mercado del D\u00f3lar \u2013 Continuaci\u00f3n<br \/>\nParte No.4 Introducci\u00f3n al Price Action(Acci\u00f3n del Precio)<br \/>\nParte No.5 Soportes y Resistencias<br \/>\nParte No.6 Breakouts y Pullbacks<br \/>\nParte No.7 Pr\u00e1ctica con Operaciones Reales<br \/>\nParte No.8 Claves para detectar el final de un retroceso<br \/>\nParte No.9 Retrocesos al 100%<br \/>\nParte No.10 Breakout del Retroceso<br \/>\nParte No.11 Gatillos con Velas Japonesas<br \/>\nParte No.12 Continuaci\u00f3n Se\u00f1ales de Velas<br \/>\nParte No.13 Confluencia de Se\u00f1ales y Uso de Medias M\u00f3viles<br \/>\nParte No.14 Introducci\u00f3n a la Gesti\u00f3n de Capital<br \/>\nParte No.15 Ubicaci\u00f3n del Stop Loss<br \/>\nParte No.16 Gerenciamiento de Posiciones Abiertas<br \/>\nParte No.17 Comentarios y Tips finales<\/p>\n","protected":false},"excerpt":{"rendered":"<p>\u00bfQU\u00c9 VAS A LOGRAR?<\/p>\n<p>Con este curso aprender\u00e1s a hacer Trading en los mercados financieros de una forma objetiva y profesional, entendiendo la oferta y la demanda y la manera como estos contrincantes dejan sus huellas en el gr\u00e1fico sin la subjetividad y contrariedad que generan los indicadores tradicionales que tanto se mencionan en la informaci\u00f3n com\u00fan que se ofrece en internet, en otras palabras, aprender\u00e1s a hacer Trading con la t\u00e9cnica conocida como PRICE ACTION. <\/p>\n<p>Aprender\u00e1s esta t\u00e9cnica en un mercado en particular (el mercado de divisas), sin embargo, en un futuro podr\u00e1s llevar todos los conceptos aprendidos a otro tipo de mercados. Este curso se especializa en aplicar los conceptos de Price Action en el Mercado del D\u00f3lar. La experiencia de tantos a\u00f1os nos ha permitido filtrar los activos financieros a operar para tener una \u00f3ptica m\u00e1s precisa y objetiva del mercado que consiga bajo la observaci\u00f3n conjunta de todos los pares que cruzan con el d\u00f3lar, analizar el mercado como un todo y no solamente un activo de forma independiente, al observar todo un mercado y entonces poder determinar cuan fuerte o d\u00e9bil se encuentra el d\u00f3lar en un momento dado, poder entonces plantear hip\u00f3tesis de entradas en las divisas principales, a saber: Euro, Libra, Australiano, Neozeland\u00e9s, Franco Suizo, D\u00f3lar Canadiense y Yen Japon\u00e9s. Esto permite OBJETIVIDAD, y la objetividad es clave en el trading para dejar de un lado o al menos disminuir las EMOCIONES que tanto frustran los deseos de muchos para convertirse en Traders. ES que tanto frustran los deseos de muchos para convertirse en Traders. <\/p>\n<p>Este curso va dirigido a todos aquellos que se inician en este fascinante mundo del trading y tambi\u00e9n a aquellos que ya cuentan con cierta experiencia y desean aprender un m\u00e9todo profesional y objetivo para ser rentables, entendiendo y operando como lo hacen las grandes instituciones.<\/p>\n<p>Desarrollado por: MARLON MART\u00cdNEZ, Ingeniero de Sistemas, con una Maestr\u00eda en Direcci\u00f3n de Negocios, Certificado en Gesti\u00f3n de Proyectos. Nacido en Cali, Colombia, amante de la tecnolog\u00eda y los emprendimientos digitales. Trader profesional desde hace 5 a\u00f1os y educador en Trading desde hace a\u00f1o y medio. He creado cursos relacionados con el trading que han sido realizados por m\u00e1s de 6000 estudiantes en m\u00e1s de 20 pa\u00edses de habla hispana. Soy un apasionado por el Trading y por compartir esta apasionante carrera con otras personas.<\/p>\n","protected":false},"featured_media":3807,"template":"","meta":{"_joinchat":[]},"product_brand":[],"product_cat":[327,344],"product_tag":[],"class_list":{"0":"post-12434","1":"product","2":"type-product","3":"status-publish","4":"has-post-thumbnail","6":"product_cat-finanzas-e-inversion","7":"product_cat-todos","9":"first","10":"instock","11":"sale","12":"shipping-taxable","13":"product-type-external"},"_links":{"self":[{"href":"https:\/\/cursos.talentup.cl\/index.php?rest_route=\/wp\/v2\/product\/12434","targetHints":{"allow":["GET"]}}],"collection":[{"href":"https:\/\/cursos.talentup.cl\/index.php?rest_route=\/wp\/v2\/product"}],"about":[{"href":"https:\/\/cursos.talentup.cl\/index.php?rest_route=\/wp\/v2\/types\/product"}],"version-history":[{"count":2,"href":"https:\/\/cursos.talentup.cl\/index.php?rest_route=\/wp\/v2\/product\/12434\/revisions"}],"predecessor-version":[{"id":14473,"href":"https:\/\/cursos.talentup.cl\/index.php?rest_route=\/wp\/v2\/product\/12434\/revisions\/14473"}],"wp:featuredmedia":[{"embeddable":true,"href":"https:\/\/cursos.talentup.cl\/index.php?rest_route=\/wp\/v2\/media\/3807"}],"wp:attachment":[{"href":"https:\/\/cursos.talentup.cl\/index.php?rest_route=%2Fwp%2Fv2%2Fmedia&parent=12434"}],"wp:term":[{"taxonomy":"product_brand","embeddable":true,"href":"https:\/\/cursos.talentup.cl\/index.php?rest_route=%2Fwp%2Fv2%2Fproduct_brand&post=12434"},{"taxonomy":"product_cat","embeddable":true,"href":"https:\/\/cursos.talentup.cl\/index.php?rest_route=%2Fwp%2Fv2%2Fproduct_cat&post=12434"},{"taxonomy":"product_tag","embeddable":true,"href":"https:\/\/cursos.talentup.cl\/index.php?rest_route=%2Fwp%2Fv2%2Fproduct_tag&post=12434"}],"curies":[{"name":"wp","href":"https:\/\/api.w.org\/{rel}","templated":true}]}}