{"id":12514,"date":"2023-01-10T04:40:43","date_gmt":"2023-01-10T07:40:43","guid":{"rendered":"https:\/\/cursos.talentup.cl\/?post_type=product&#038;p=12514"},"modified":"2024-02-07T23:37:47","modified_gmt":"2024-02-08T02:37:47","slug":"reparacion-y-mantenimiento-de-aire-acondicionado-automotriz","status":"publish","type":"product","link":"https:\/\/cursos.talentup.cl\/?product=reparacion-y-mantenimiento-de-aire-acondicionado-automotriz","title":{"rendered":"REPARACI\u00d3N Y MANTENIMIENTO DE AIRE ACONDICIONADO AUTOMOTRIZ"},"content":{"rendered":"<p>\u00bfSab\u00edas que el aire acondicionado dejo de ser un confort y paso a ser algo imprescindible en el veh\u00edculo, especialmente en \u00e9pocas de calor?<\/p>\n<p>Con el MasterClass REPARACI\u00d3N Y MANTENIMIENTO DE AIRE ACONDICIONADO AUTOMOTRIZ. Aprender\u00e1s a darle un buen mantenimiento a tu propio auto ahorrando mucho tiempo y dinero, y tendr\u00e1s la posibilidad de emprender en este maravilloso mundo automotriz.<\/p>\n<p>\u00bfQU\u00c9 VAS A LOGRAR?<\/p>\n<p>Aprender\u00e1s a darle un mantenimiento de forma correcta, limpieza general del equipo, para evitar la oxidaci\u00f3n.<\/p>\n<p>Aprender\u00e1s a conocer el funcionamiento del sistema de climatizaci\u00f3n de su veh\u00edculo.<\/p>\n<p>Aprender\u00e1s a conocer los elementos del sistema se deben controlar.<\/p>\n<p>Aprender\u00e1s a c\u00f3mo utilizarlo en forma correcta la temperatura de su auto.<\/p>\n<p>Aprender\u00e1s a poner la temperatura de salida del aire est\u00e1 entre 10 y 15\u00b0C, por lo que las rejillas siempre deben orientarse de forma que el aire se difunda por todo el autom\u00f3vil, y no directamente hacia los ocupantes.<\/p>\n<p>Aprender\u00e1s a conocer la diagnosis de sistema climatizador.<\/p>\n<p>Aprender\u00e1s a saber de manera sencilla que tipo de refrigerante necesitas comprar para tu auto.<\/p>\n<p>Aprender\u00e1s a revisar el radiador del veh\u00edculo si el aire no est\u00e1 enfriando bien.<\/p>\n<p>Acceder\u00e1s al certificado avalado por Hotmart y Seminarios Online.<\/p>\n<p>\u00bfC\u00d3MO LO VAS A LOGRAR?<\/p>\n<p>A trav\u00e9s del siguiente contenido, estructurado paso a paso:<\/p>\n<p>M\u00f3dulo 1. Bienvenido al programa<\/p>\n<p>Lecci\u00f3n 1. Introducci\u00f3n y bienvenida al programa.<br \/>\nLecci\u00f3n 2. Recomendaciones para ver el programa.<br \/>\nLecci\u00f3n 3. Que vas a aprender en nuestro programa.<br \/>\nLecci\u00f3n 4. Presentaci\u00f3n de herramientas.<br \/>\nLecci\u00f3n 5 \u00danete a nuestro canal.<\/p>\n<p>M\u00f3dulo 2. (Teor\u00eda y pr\u00e1ctica)<\/p>\n<p>Lecci\u00f3n 6 Que es el aire acondicionado automotriz.<br \/>\nLecci\u00f3n 7 Partes del aire acondicionado.<br \/>\nLecci\u00f3n 8 Tipos de ca\u00f1er\u00eda en el aire acondicionado.<br \/>\nLecci\u00f3n 9 Fallas m\u00e1s comunes en el aire acondicionado.<br \/>\nLecci\u00f3n 10 Evaluar y detectar si hay una fuga en el aire acondicionado.<br \/>\nLecci\u00f3n 11 C\u00f3mo descubrir si el compresor est\u00e1 desgastado.<br \/>\nLecci\u00f3n 12 Qu\u00e9 hacer antes de un mantenimiento del aire acondicionado.<br \/>\nLecci\u00f3n 13 C\u00f3mo hacer una carga completa de aire acondicionado.<br \/>\nLecci\u00f3n 14 Diferencia entre un man\u00f3metro digital de un mec\u00e1nico.<br \/>\nLecci\u00f3n 15 C\u00f3mo detectar ciertas anomal\u00edas en el aire acondicionado.<br \/>\nLecci\u00f3n 16 An\u00e1lisis y mantenimiento de una polea.<br \/>\nLecci\u00f3n 17 Qu\u00e9 hacer si el aire acondicionado no enfr\u00eda.<br \/>\nLecci\u00f3n 18 C\u00f3mo detectar si hay una fuga de aire en el aire acondicionado.<br \/>\nLecci\u00f3n 19 Analizando si el aire acondicionado est\u00e1 \u00f3ptimo.<br \/>\nLecci\u00f3n 20 Reparando la polea de aire acondicionado.<br \/>\nLecci\u00f3n 21 Sistema completo del aire acondicionado.<br \/>\nLecci\u00f3n 22 C\u00f3mo hacer un vaciado correcto de aire acondicionado.<\/p>\n<p>MODULO 3 Material Adicional bonos<\/p>\n<p>Lecci\u00f3n 23 BONO #1 (El funcionamiento de c\u00e1mara de combusti\u00f3n, paso a paso).<br \/>\nLecci\u00f3n 24 BONO #2 (Mantenimiento al sistema de enfriamiento PDF).<br \/>\nLecci\u00f3n 25 BONO #3 (Los mejores 7 secretos para cuidar tu aire acondicionado)<\/p>\n<p>MODULO 4 Preguntas Frecuentes<\/p>\n<p>Lecci\u00f3n 26 \u00bfPor qu\u00e9 el aire acondicionado no me est\u00e1 rindiendo?<br \/>\nLecci\u00f3n 27 \u00bfPor qu\u00e9 el mantenimiento que hago me dura poco?<br \/>\nLecci\u00f3n 28 \u00bfPor qu\u00e9 el aire acondicionado no me est\u00e1 rindiendo?<\/p>\n<p>ACERCA DEL PRODUCTOR<\/p>\n<p>Desarrollado por JES\u00daS BARRANCO emprendedor, empresario y esposo, apasionado por el mundo automotriz, desde muy peque\u00f1o le ha gustado todo sobre las 4 ruedas.<\/p>\n<p>Con m\u00e1s de 15 a\u00f1os de experiencia en el mundo automotriz ha llevado capacitaciones en diferentes pa\u00edses de Latinoam\u00e9rica, ha creado este magn\u00edfico programa de \u201cReparaci\u00f3n y mantenimiento de aire acondicionado automotriz\u201d en el cual ha plasmado todo su conocimientos y tips para brindarte a ti, ya que quieres empezar de cero o ya tienes un poco de experiencia.<\/p>\n","protected":false},"excerpt":{"rendered":"<p>\u00bfSab\u00edas que el aire acondicionado dejo de ser un confort y paso a ser algo imprescindible en el veh\u00edculo, especialmente en \u00e9pocas de calor?<\/p>\n<p>Con el MasterClass REPARACI\u00d3N Y MANTENIMIENTO DE AIRE ACONDICIONADO AUTOMOTRIZ. Aprender\u00e1s a darle un buen mantenimiento a tu propio auto ahorrando mucho tiempo y dinero, y tendr\u00e1s la posibilidad de emprender en este maravilloso mundo automotriz.<\/p>\n","protected":false},"featured_media":3864,"template":"","meta":{"_joinchat":[]},"product_brand":[],"product_cat":[331,344],"product_tag":[],"class_list":{"0":"post-12514","1":"product","2":"type-product","3":"status-publish","4":"has-post-thumbnail","6":"product_cat-mantenimiento-maquinaria","7":"product_cat-todos","9":"first","10":"instock","11":"sale","12":"shipping-taxable","13":"product-type-external"},"_links":{"self":[{"href":"https:\/\/cursos.talentup.cl\/index.php?rest_route=\/wp\/v2\/product\/12514","targetHints":{"allow":["GET"]}}],"collection":[{"href":"https:\/\/cursos.talentup.cl\/index.php?rest_route=\/wp\/v2\/product"}],"about":[{"href":"https:\/\/cursos.talentup.cl\/index.php?rest_route=\/wp\/v2\/types\/product"}],"version-history":[{"count":4,"href":"https:\/\/cursos.talentup.cl\/index.php?rest_route=\/wp\/v2\/product\/12514\/revisions"}],"predecessor-version":[{"id":16039,"href":"https:\/\/cursos.talentup.cl\/index.php?rest_route=\/wp\/v2\/product\/12514\/revisions\/16039"}],"wp:featuredmedia":[{"embeddable":true,"href":"https:\/\/cursos.talentup.cl\/index.php?rest_route=\/wp\/v2\/media\/3864"}],"wp:attachment":[{"href":"https:\/\/cursos.talentup.cl\/index.php?rest_route=%2Fwp%2Fv2%2Fmedia&parent=12514"}],"wp:term":[{"taxonomy":"product_brand","embeddable":true,"href":"https:\/\/cursos.talentup.cl\/index.php?rest_route=%2Fwp%2Fv2%2Fproduct_brand&post=12514"},{"taxonomy":"product_cat","embeddable":true,"href":"https:\/\/cursos.talentup.cl\/index.php?rest_route=%2Fwp%2Fv2%2Fproduct_cat&post=12514"},{"taxonomy":"product_tag","embeddable":true,"href":"https:\/\/cursos.talentup.cl\/index.php?rest_route=%2Fwp%2Fv2%2Fproduct_tag&post=12514"}],"curies":[{"name":"wp","href":"https:\/\/api.w.org\/{rel}","templated":true}]}}