{"id":12545,"date":"2023-01-10T04:40:46","date_gmt":"2023-01-10T07:40:46","guid":{"rendered":"https:\/\/cursos.talentup.cl\/?post_type=product&#038;p=12545"},"modified":"2024-02-07T23:37:50","modified_gmt":"2024-02-08T02:37:50","slug":"jabones-artesanales-para-emprender","status":"publish","type":"product","link":"https:\/\/cursos.talentup.cl\/?product=jabones-artesanales-para-emprender","title":{"rendered":"JABONES ARTESANALES PARA EMPRENDER"},"content":{"rendered":"<p>\u00bfQuieres elaborar jabones artesanales y no sabes por d\u00f3nde comenzar?<\/p>\n<p>Con el MASTER CLASS JABONES ARTESANALES PARA EMPRENDER, elaborar\u00e1s y formular\u00e1s tu primer jab\u00f3n por el m\u00e9todo de saponificaci\u00f3n en fr\u00edo y el m\u00e9todo con glicerina, para la realizaci\u00f3n de diferentes dise\u00f1os de jabones.<\/p>\n<p>Aprender\u00e1s desde cero c\u00f3mo puedes llevar a cabo este negocio y generar\u00e1s ingresos desde la comunidad de tu casa.<\/p>\n<p>\u00bfQU\u00c9 VAS A LOGRAR?<\/p>\n<p>Ganar\u00e1s dinero emprendiendo tu propio negocio.<\/p>\n<p>Crear\u00e1s jabones artesanales de calidad.<\/p>\n<p>Desarrollar\u00e1s tu propia marca de jabones.<\/p>\n<p>Vender\u00e1s por medio de redes sociales.<\/p>\n<p>Generar\u00e1s una marca ecol\u00f3gica de productos naturales.<\/p>\n<p>Crear\u00e1s tus propias p\u00e1ginas para venta de tu producto.<\/p>\n<p>Conocer\u00e1s los errores que debes evitar en la creaci\u00f3n de tus jabones.<\/p>\n<p>Aprender\u00e1s dos t\u00e9cnicas diferentes: glicerina y saponificado en fr\u00edo.<\/p>\n<p>Lograr\u00e1s desde la primera clase elaborar tu primer jab\u00f3n artesanal.<\/p>\n<p>Aprender\u00e1s acerca de los ingredientes ecol\u00f3gicos que se usan en la elaboraci\u00f3n de los jabones artesanales.<\/p>\n<p>Identificar\u00e1s los tipos de empaque ecol\u00f3gicos que puede usar para darle identidad y personalidad a tu marca.<\/p>\n<p>Acceder\u00e1s al certificado avalado por Hotmart y Seminarios Online.<\/p>\n<p>\u00bfCOMO LO VAS A LOGRAR?<\/p>\n<p>A trav\u00e9s del siguiente contenido estructurado paso a paso: <\/p>\n<p>M\u00f3dulo 1 &#8211; Jabones Artesanales Para Emprender<\/p>\n<p>Video 1: Bienvenida.<br \/>\nVideo 2: Telegram.<br \/>\nVideo 3: Ventajas de los jabones artesanales.<br \/>\nVideo 4: Ingredientes.<br \/>\nVideo 5: Aceites esenciales.<br \/>\nVideo 6: C\u00f3mo poner precios.<br \/>\nVideo 7: Modelo de negocio.<br \/>\nVideo 8: C\u00f3mo vender en redes sociales.<br \/>\nVideo 9: Packaging.<br \/>\nVideo 10: Errores a evitar.<br \/>\nVideo 11: Jab\u00f3n terap\u00e9utico.<br \/>\nVideo 12: Jab\u00f3n piel con acn\u00e9.<br \/>\nVideo 13: Jab\u00f3n exfoliante.<br \/>\nVideo 14: Jab\u00f3n hidratante.<br \/>\nVideo 15: Saponificado fr\u00edo.<br \/>\nVideo 16: Jab\u00f3n marmoleado de rosas.<br \/>\nVideo 17: Jab\u00f3n en capas capuchino.<br \/>\nVideo 18: Jab\u00f3n encapsulado.<br \/>\nVideo 19: Jab\u00f3n piel grasa.<br \/>\nVideo 20: Jab\u00f3n t\u00e9cnica confeti.<br \/>\nVideo 21: Despedida.<\/p>\n<p>M\u00f3dulo 2 &#8211; Material adicional (BONOS)<\/p>\n<p>Bono 1: PDF Curso de velas.<br \/>\nBono 2: DOC Listado exclusivo de proveedores.<br \/>\nBono 3: XLS Formulas.<br \/>\nBono 4: XLS Costos.<br \/>\nBono 5: PDF Gu\u00eda de aceites esenciales.<br \/>\nBono 6: PDF Recetas.<\/p>\n<p>M\u00f3dulo 3 &#8211; Video respuestas<\/p>\n<p>\u00bfPor qu\u00e9 mis jabones sudan?<br \/>\n\u00bfQu\u00e9 colorantes se deben usar?<br \/>\n\u00bfD\u00f3nde puedo comprar mis materiales?<br \/>\n\u00bfPor qu\u00e9 debo esperar 30 d\u00edas para usar mis jabones saponificados?<\/p>\n<p>ACERCA DE LA PRODUCTORA<\/p>\n<p>Desarrollado por JAZMIN CH\u00c1VEZ, mexicana, mujer emprendedora y con deseos de ense\u00f1ar a otros.<\/p>\n<p>Apasionada con la creatividad y el emprendimiento, profesional de \u00e1reas qu\u00edmicas especialista en creaci\u00f3n de marcas naturales y ecol\u00f3gicas, con m\u00e1s de 5 a\u00f1os de experiencia en el sector.<\/p>\n<p>Ha trabajado en empresas cosm\u00e9ticas de su pa\u00eds, elaborando desde productos de limpieza para el hogar, as\u00ed como productos cosm\u00e9ticos, a su vez es creadora de su propia marca independiente de jabones artesanales.<\/p>\n","protected":false},"excerpt":{"rendered":"<p>\u00bfQuieres elaborar jabones artesanales y no sabes por d\u00f3nde comenzar?<\/p>\n<p>Con el MASTER CLASS JABONES ARTESANALES PARA EMPRENDER, elaborar\u00e1s y formular\u00e1s tu primer jab\u00f3n por el m\u00e9todo de saponificaci\u00f3n en fr\u00edo y el m\u00e9todo con glicerina, para la realizaci\u00f3n de diferentes dise\u00f1os de jabones.<\/p>\n<p>Aprender\u00e1s desde cero c\u00f3mo puedes llevar a cabo este negocio y generar\u00e1s ingresos desde la comunidad de tu casa.<\/p>\n","protected":false},"featured_media":3972,"template":"","meta":{"_joinchat":[]},"product_brand":[],"product_cat":[343,344],"product_tag":[],"class_list":{"0":"post-12545","1":"product","2":"type-product","3":"status-publish","4":"has-post-thumbnail","6":"product_cat-mas-vendidos","7":"product_cat-todos","9":"first","10":"instock","11":"sale","12":"shipping-taxable","13":"product-type-external"},"_links":{"self":[{"href":"https:\/\/cursos.talentup.cl\/index.php?rest_route=\/wp\/v2\/product\/12545","targetHints":{"allow":["GET"]}}],"collection":[{"href":"https:\/\/cursos.talentup.cl\/index.php?rest_route=\/wp\/v2\/product"}],"about":[{"href":"https:\/\/cursos.talentup.cl\/index.php?rest_route=\/wp\/v2\/types\/product"}],"version-history":[{"count":2,"href":"https:\/\/cursos.talentup.cl\/index.php?rest_route=\/wp\/v2\/product\/12545\/revisions"}],"predecessor-version":[{"id":14543,"href":"https:\/\/cursos.talentup.cl\/index.php?rest_route=\/wp\/v2\/product\/12545\/revisions\/14543"}],"wp:featuredmedia":[{"embeddable":true,"href":"https:\/\/cursos.talentup.cl\/index.php?rest_route=\/wp\/v2\/media\/3972"}],"wp:attachment":[{"href":"https:\/\/cursos.talentup.cl\/index.php?rest_route=%2Fwp%2Fv2%2Fmedia&parent=12545"}],"wp:term":[{"taxonomy":"product_brand","embeddable":true,"href":"https:\/\/cursos.talentup.cl\/index.php?rest_route=%2Fwp%2Fv2%2Fproduct_brand&post=12545"},{"taxonomy":"product_cat","embeddable":true,"href":"https:\/\/cursos.talentup.cl\/index.php?rest_route=%2Fwp%2Fv2%2Fproduct_cat&post=12545"},{"taxonomy":"product_tag","embeddable":true,"href":"https:\/\/cursos.talentup.cl\/index.php?rest_route=%2Fwp%2Fv2%2Fproduct_tag&post=12545"}],"curies":[{"name":"wp","href":"https:\/\/api.w.org\/{rel}","templated":true}]}}