{"id":12549,"date":"2023-01-10T04:40:47","date_gmt":"2023-01-10T07:40:47","guid":{"rendered":"https:\/\/cursos.talentup.cl\/?post_type=product&#038;p=12549"},"modified":"2024-02-07T23:37:50","modified_gmt":"2024-02-08T02:37:50","slug":"bullet-journal-creativo-con-lettering","status":"publish","type":"product","link":"https:\/\/cursos.talentup.cl\/?product=bullet-journal-creativo-con-lettering","title":{"rendered":"BULLET JOURNAL CREATIVO CON LETTERING"},"content":{"rendered":"<p>Est\u00e1 comprobado que las personas m\u00e1s productivas tienen una mejor planeaci\u00f3n estrat\u00e9gica.<\/p>\n<p>Con el MasterClass BULLET JOURNAL CREATIVO CON LETTERING, aprende todo sobre el m\u00e9todo que ha cambiado el estilo de vida a las mujeres en todo el mundo. <\/p>\n<p>Organiza tus metas, h\u00e1bitos, tareas y pr\u00e1cticamente toda tu vida, a tu ritmo y a tu estilo. <\/p>\n<p>Crea tu propio Bullet Journal combinado con el aprendizaje de letras impactantes gracias al poderoso arte del Lettering.<\/p>\n<p>\u00bfQU\u00c9 VAS A LOGRAR?<\/p>\n<p>Aprender\u00e1s a crear tu propia agenda, con tu estilo e identidad, basada en tus h\u00e1bitos, metas y prioridades, para estar m\u00e1s enfocada y ser productiva en todas las \u00e1reas de tu vida.<\/p>\n<p>Conseguir\u00e1s organizar tus h\u00e1bitos y metas para poder hacer seguimiento y evidenciar tu progreso.<\/p>\n<p>Lograr\u00e1s olvidarte de tener muchos pendientes en tus pensamientos con miedo a que se te olvide alguno, podr\u00e1s tener en un s\u00f3lo lugar cada una de tus actividades y sentir la satisfacci\u00f3n de seleccionar las que ya hayas cumplido.<\/p>\n<p>Aprender\u00e1s que no necesitas tener conocimientos previos o si crees que no eres creativa, no te preocupes, en el transcurso del curso vas a poder agregarle tu estilo a tu bullet journal de una forma f\u00e1cil y divertida.<\/p>\n<p>Conocer\u00e1s que este m\u00e9todo es flexible y fue creado para ayudarte y as\u00ed podr\u00e1s ir a tu ritmo.<\/p>\n<p>Aprender\u00e1s a decir adi\u00f3s a la ansiedad, frustraci\u00f3n y estr\u00e9s ocasionado por la cantidad de actividades postergadas, al enfocarte en tus prioridades de una manera ordenada, sin orden. Esto te permitir\u00e1 tener m\u00e1s tranquilidad a lo largo de tus d\u00edas.<\/p>\n<p>Podr\u00e1s llevar el seguimiento de tus metas, d\u00eda a d\u00eda hasta completar el a\u00f1o, para poder ver los resultados y progresos que no te imaginaste conseguir.<\/p>\n<p>Activar\u00e1s tu pensamiento creativo, art\u00edstico, y ver\u00e1s la diferencia de llenar una lista de actividades, a tener tu propio espacio consignado en una libreta llena de magia y de identidad, c\u00f3mo lo es tu Bullet Journal.<\/p>\n<p>Acceder\u00e1s al certificado avalado por Hotmart y Seminarios Online.<\/p>\n<p>\u00bfC\u00d3MO LO VAS A LOGRAR?<\/p>\n<p>A trav\u00e9s del siguiente contenido estructurado paso a paso:<\/p>\n<p>M\u00d3DULO 1<\/p>\n<p>Lecci\u00f3n 1: Introducci\u00f3n.<br \/>\nLecci\u00f3n 2: \u00bfQu\u00e9 es el m\u00e9todo Bullet Journal y por qu\u00e9 es importante?<br \/>\nLecci\u00f3n 3: \u00bfQu\u00e9 materiales debo tener?<br \/>\nLecci\u00f3n 4: C\u00f3mo utilizar la gu\u00eda pr\u00e1ctica.<br \/>\nLecci\u00f3n 5: C\u00f3mo medir el progreso de tus actividades.<br \/>\nLecci\u00f3n 6: C\u00f3mo ordenar tu Bullet Journal.<br \/>\nLecci\u00f3n 7: C\u00f3mo organizar tus listas de actividades.<br \/>\nLecci\u00f3n 8: Insp\u00edrate para crear colecciones de actividades.<br \/>\nLecci\u00f3n 9: C\u00f3mo crear nuevos h\u00e1bitos.<br \/>\nLecci\u00f3n 10: Insp\u00edrate para crear trackers de nuevos h\u00e1bitos.<br \/>\nLecci\u00f3n 11: C\u00f3mo seleccionar actividades y h\u00e1bitos que sean realistas, medibles y espec\u00edficos.<br \/>\nLecci\u00f3n 12: C\u00f3mo planear mis actividades en un a\u00f1o.<br \/>\nLecci\u00f3n 13: C\u00f3mo planear mis actividades mes a mes.<br \/>\nLecci\u00f3n 14: \u00bfQu\u00e9 hacer con las actividades que no pude hacer o cumplir los meses pasados?<br \/>\nLecci\u00f3n 15: C\u00f3mo mantenerte agradecida y motivada con tu Bullet Journal.<br \/>\nLecci\u00f3n 16: C\u00f3mo planear mis actividades semanalmente o diariamente.<br \/>\nLecci\u00f3n 17: C\u00f3mo evaluar el seguimiento de mis actividades semanales o diarias.<br \/>\nLecci\u00f3n 18: Recomendaciones. <\/p>\n<p>M\u00d3DULO 2 C\u00f3mo llevar tu Bullet Journal a otro nivel con lettering<\/p>\n<p>Lecci\u00f3n 1: Introducci\u00f3n.<br \/>\nLecci\u00f3n 2: Qu\u00e9 es el lettering.<br \/>\nLecci\u00f3n 3: Materiales para hacer lettering.<br \/>\nLecci\u00f3n 4: C\u00f3mo hacer tus primeros trazos de lettering paso a paso.<br \/>\nLecci\u00f3n 5: C\u00f3mo hacer el abecedario en letras min\u00fasculas con lettering PASO A PASO.<br \/>\nLecci\u00f3n 6: C\u00f3mo hacer el abecedario en letras may\u00fasculas con lettering PASO A PASO.<br \/>\nLecci\u00f3n 7: C\u00f3mo escribir palabras con lettering.<br \/>\nLecci\u00f3n 8: C\u00f3mo hacer t\u00edtulos creativos con lettering en tu Bullet Journal. <\/p>\n<p>M\u00d3DULO 3 Comienza con tu propio Bullet Journal<\/p>\n<p>Lecci\u00f3n 1: Introducci\u00f3n.<br \/>\nLecci\u00f3n 2: Escoge el contenido de tu Bullet Journal.<br \/>\nLecci\u00f3n 3: Distribuci\u00f3n de tu Bullet Journal.<br \/>\nLecci\u00f3n 4: Insp\u00edrate con el resultado final del Bullet Journal.<br \/>\nLecci\u00f3n 5: Insp\u00edrate para crear tu Bullet Journal.<\/p>\n<p>M\u00d3DULO 4 Gu\u00eda<\/p>\n<p>Lecci\u00f3n 1: Introducci\u00f3n.<br \/>\nLecci\u00f3n 2: Gu\u00eda pr\u00e1ctica en pdf.<\/p>\n<p>BONO 1: Plantillas para crear tus trackers de h\u00e1bitos.<br \/>\nBONO 2: Plantillas para crear tus colecciones.<br \/>\nBONO 3: Plantillas para crear tus Registros Semanales. <\/p>\n<p>BONUS PR\u00d3XIMAMENTE:<\/p>\n<p>Bullet Journal para empresarias.<br \/>\nBullet Journal para estudiantes.<br \/>\nBullet Journal para mam\u00e1s.<br \/>\nPlantillas para practicar y mejorar lettering.<\/p>\n<p>ACERCA DE LA PRODUCTORA<\/p>\n<p>Desarrollado por MARCELA CAJAS, una mujer apasionada por el arte y la productividad a trav\u00e9s del Bullet Journal, es estudiante de Ingenier\u00eda Electr\u00f3nica, emprendedora y artista de lettering. <\/p>\n<p>En esta ocasi\u00f3n da paso a compartir todos sus conocimientos y experiencias en un completo y pr\u00e1ctico curso virtual en el que podr\u00e1s aprender de su mano c\u00f3mo comenzar tu propio Bullet Journal, adaptarlo a tus necesidades y gustos, d\u00e1ndole tu toque personal. <\/p>\n","protected":false},"excerpt":{"rendered":"<p>Est\u00e1 comprobado que las personas m\u00e1s productivas tienen una mejor planeaci\u00f3n estrat\u00e9gica.<\/p>\n<p>Con el MasterClass BULLET JOURNAL CREATIVO CON LETTERING, aprende todo sobre el m\u00e9todo que ha cambiado el estilo de vida a las mujeres en todo el mundo. <\/p>\n<p>Organiza tus metas, h\u00e1bitos, tareas y pr\u00e1cticamente toda tu vida, a tu ritmo y a tu estilo. <\/p>\n<p>Crea tu propio Bullet Journal combinado con el aprendizaje de letras impactantes gracias al poderoso arte del Lettering.<\/p>\n","protected":false},"featured_media":3978,"template":"","meta":{"_joinchat":[]},"product_brand":[],"product_cat":[343,344],"product_tag":[],"class_list":{"0":"post-12549","1":"product","2":"type-product","3":"status-publish","4":"has-post-thumbnail","6":"product_cat-mas-vendidos","7":"product_cat-todos","9":"first","10":"instock","11":"sale","12":"shipping-taxable","13":"product-type-external"},"_links":{"self":[{"href":"https:\/\/cursos.talentup.cl\/index.php?rest_route=\/wp\/v2\/product\/12549","targetHints":{"allow":["GET"]}}],"collection":[{"href":"https:\/\/cursos.talentup.cl\/index.php?rest_route=\/wp\/v2\/product"}],"about":[{"href":"https:\/\/cursos.talentup.cl\/index.php?rest_route=\/wp\/v2\/types\/product"}],"version-history":[{"count":2,"href":"https:\/\/cursos.talentup.cl\/index.php?rest_route=\/wp\/v2\/product\/12549\/revisions"}],"predecessor-version":[{"id":14549,"href":"https:\/\/cursos.talentup.cl\/index.php?rest_route=\/wp\/v2\/product\/12549\/revisions\/14549"}],"wp:featuredmedia":[{"embeddable":true,"href":"https:\/\/cursos.talentup.cl\/index.php?rest_route=\/wp\/v2\/media\/3978"}],"wp:attachment":[{"href":"https:\/\/cursos.talentup.cl\/index.php?rest_route=%2Fwp%2Fv2%2Fmedia&parent=12549"}],"wp:term":[{"taxonomy":"product_brand","embeddable":true,"href":"https:\/\/cursos.talentup.cl\/index.php?rest_route=%2Fwp%2Fv2%2Fproduct_brand&post=12549"},{"taxonomy":"product_cat","embeddable":true,"href":"https:\/\/cursos.talentup.cl\/index.php?rest_route=%2Fwp%2Fv2%2Fproduct_cat&post=12549"},{"taxonomy":"product_tag","embeddable":true,"href":"https:\/\/cursos.talentup.cl\/index.php?rest_route=%2Fwp%2Fv2%2Fproduct_tag&post=12549"}],"curies":[{"name":"wp","href":"https:\/\/api.w.org\/{rel}","templated":true}]}}