{"id":12574,"date":"2023-01-10T04:40:51","date_gmt":"2023-01-10T07:40:51","guid":{"rendered":"https:\/\/cursos.talentup.cl\/?post_type=product&#038;p=12574"},"modified":"2024-02-07T23:37:51","modified_gmt":"2024-02-08T02:37:51","slug":"musculos-de-piedra-nutricion-fitness","status":"publish","type":"product","link":"https:\/\/cursos.talentup.cl\/?product=musculos-de-piedra-nutricion-fitness","title":{"rendered":"M\u00daSCULOS DE PIEDRA \u2013 NUTRICI\u00d3N FITNESS"},"content":{"rendered":"<p>\u201cLa nutrici\u00f3n y el balance alimenticio indicado para aumentar tu masa muscular\u201d<\/p>\n<p>Muchos quieren potencializar su nutrici\u00f3n para tener m\u00fasculos m\u00e1s grandes y firmes, a trav\u00e9s de un proceso llamado \u201cHipertrofia\u201d (Crecimiento de las c\u00e9lulas musculares).<\/p>\n<p>Si buscas sentirte saludable y realmente fuerte, con este MasterClass MUSCULOS DE PIEDRA NUTRICI\u00d3N FITNESS tendr\u00e1s el conocimiento sobre la ALIMENTACI\u00d3N que necesitas para ganar masa muscular.<\/p>\n<p>Conoce las rutinas de alimentaci\u00f3n indicada, los h\u00e1bitos, los suplementos, el entrenamiento y el balance perfecto para lograr una verdadera transformaci\u00f3n que te har\u00e1 sentir \u201csaludable y fuerte como una roca\u201d.<\/p>\n<p>\u00bfQU\u00c9 VAS A LOGRAR?<\/p>\n<p>Aprender\u00e1s c\u00f3mo alimentarte correctamente para ganar masa muscular.<\/p>\n<p>Sabr\u00e1s cu\u00e1les son los mejores suplementos para ganancia muscular.<\/p>\n<p>Comprender\u00e1s los fundamentos b\u00e1sicos y c\u00f3mo funcionan los sistemas de energ\u00eda.<\/p>\n<p>Conocer\u00e1s cu\u00e1ntos carbohidratos consumir para construir m\u00fasculo y no grasa.<\/p>\n<p>Sabr\u00e1s cu\u00e1nta prote\u00edna es necesaria para alcanzar tus objetivos en ganancia muscular.<\/p>\n<p>Entender\u00e1s qu\u00e9 es y c\u00f3mo funciona el balance cal\u00f3rico. <\/p>\n<p>Dise\u00f1ar\u00e1s tu propio plan de nutrici\u00f3n enfocado a ganancia muscular sin ganar grasa.<\/p>\n<p>Tendr\u00e1s claridad en cu\u00e1ntas calor\u00edas consumir de acuerdo con tus objetivos.<\/p>\n<p>Sabr\u00e1s qu\u00e9 comer Antes, Durante y Despu\u00e9s de hacer ejercicio.<\/p>\n<p>Aprender\u00e1s cu\u00e1les suplementos funcionan y cu\u00e1les no.<\/p>\n<p>Sabr\u00e1s qu\u00e9 factores pueden ayudarte a mejorar tu rendimiento deportivo. <\/p>\n<p>Tendr\u00e1s una correcta alimentaci\u00f3n para aumentar la masa muscular.<\/p>\n<p>Calcular\u00e1s las calor\u00edas y macronutrientes (carbohidratos, grasas, prote\u00ednas) seg\u00fan objetivos.<\/p>\n<p>Capitalizar\u00e1s este conocimiento para generar ingresos asesorando a otros.<\/p>\n<p>Acceder\u00e1s al certificado avalado por Hotmart y Seminarios Online.<\/p>\n<p>\u00bfC\u00d3MO LO VAS A LOGRAR?<\/p>\n<p> A trav\u00e9s del siguiente contenido, estructurado paso a paso:<\/p>\n<p>Video 1. Presentaci\u00f3n ponente.<br \/>\nVideo 2. Temario.<br \/>\nVideo 3. Bioenerg\u00e9tica.<br \/>\nVideo 4. Sistema de los fosfagenos.<br \/>\nVideo 5. Gluc\u00f3lisis.<br \/>\nVideo 6. Sistema oxidativo.<br \/>\nVideo 7. Oxidaci\u00f3n de grasa.<br \/>\nVideo 8. Depleci\u00f3n y reposici\u00f3n de sustratos.<br \/>\nVideo 9. Aplicaci\u00f3n de los sistemas de energ\u00eda.<br \/>\nVideo 10. Salud y factores nutricionales b\u00e1sicos.<br \/>\nVideo 11. Papel de los especialistas en nutrici\u00f3n deportiva.<br \/>\nVideo 12. Macronutrientes.<br \/>\nVideo 13. Prote\u00edna.<br \/>\nVideo 14. Carbohidratos.<br \/>\nVideo 15. Factores que influyen en la dieta.<br \/>\nVideo 16. Evaluaci\u00f3n de composici\u00f3n corporal.<br \/>\nVideo 17. F\u00f3rmulas que estiman el de grasa corporal.<br \/>\nVideo 18. Prioridades nutricionales.<br \/>\nVideo 19. Dietas para bajar de peso.<br \/>\nVideo 20. Balance cal\u00f3rico.<br \/>\nVideo 21. Estrategias para la p\u00e9rdida de peso.<br \/>\nVideo 22. Objetivos y consecuencias de la p\u00e9rdida de peso.<br \/>\nVideo 23. Requerimientos nutricionales e h\u00eddricos.<br \/>\nVideo 24. Nutrici\u00f3n antes, durante y despu\u00e9s parte 1.<br \/>\nVideo 25. Nutrici\u00f3n antes, durante y despu\u00e9s parte 2.<br \/>\nVideo 26. Nutrici\u00f3n antes, durante y despu\u00e9s parte 3.<br \/>\nVideo 27. Estrategias nutricionales para la composici\u00f3n corporal.<br \/>\nVideo 28. C\u00e1lculo de macronutrientes.<br \/>\nVideo 29. Divisi\u00f3n de macronutrientes.<br \/>\nVideo 30. Suplementos.<br \/>\nVideo 31. Clasificaci\u00f3n del Instituto Australiano del Deporte.<br \/>\nVideo 32. Suplementos que funcionan.<\/p>\n<p>ACERCA DEL PRODUCTOR<\/p>\n<p>Desarrollado por UNITED FITNESS CENTER, la empresa m\u00e1s grande de Latinoam\u00e9rica de Certificaciones presenciales y online en esta categor\u00eda.<\/p>\n<p>Han capacitado a m\u00e1s de 100,000 personas, muchos de ellos emprendedores, entrenadores o simplemente personas que quieren aprender c\u00f3mo llevar sus entrenamientos y vida fitness a otro nivel.<\/p>\n<p>M\u00e1s de 260 Certificaciones presenciales en M\u00e9xico, USA, Espa\u00f1a, Bulgaria, Costa Rica, Colombia, Guatemala, Argentina, Uruguay, Chile y Ecuador. Cuenta con un equipo multidisciplinario de especialistas en diferentes \u00e1reas del fitness, deporte y nutrici\u00f3n.<\/p>\n","protected":false},"excerpt":{"rendered":"<p>\u201cLa nutrici\u00f3n y el balance alimenticio indicado para aumentar tu masa muscular\u201d<\/p>\n<p>Muchos quieren potencializar su nutrici\u00f3n para tener m\u00fasculos m\u00e1s grandes y firmes, a trav\u00e9s de un proceso llamado \u201cHipertrofia\u201d (Crecimiento de las c\u00e9lulas musculares).<\/p>\n<p>Si buscas sentirte saludable y realmente fuerte, con este MasterClass MUSCULOS DE PIEDRA NUTRICI\u00d3N FITNESS tendr\u00e1s el conocimiento sobre la ALIMENTACI\u00d3N que necesitas para ganar masa muscular.<\/p>\n<p>Conoce las rutinas de alimentaci\u00f3n indicada, los h\u00e1bitos, los suplementos, el entrenamiento y el balance perfecto para lograr una verdadera transformaci\u00f3n que te har\u00e1 sentir \u201csaludable y fuerte como una roca\u201d.<\/p>\n","protected":false},"featured_media":3995,"template":"","meta":{"_joinchat":[]},"product_brand":[],"product_cat":[343,344],"product_tag":[],"class_list":{"0":"post-12574","1":"product","2":"type-product","3":"status-publish","4":"has-post-thumbnail","6":"product_cat-mas-vendidos","7":"product_cat-todos","9":"first","10":"instock","11":"sale","12":"shipping-taxable","13":"product-type-external"},"_links":{"self":[{"href":"https:\/\/cursos.talentup.cl\/index.php?rest_route=\/wp\/v2\/product\/12574","targetHints":{"allow":["GET"]}}],"collection":[{"href":"https:\/\/cursos.talentup.cl\/index.php?rest_route=\/wp\/v2\/product"}],"about":[{"href":"https:\/\/cursos.talentup.cl\/index.php?rest_route=\/wp\/v2\/types\/product"}],"version-history":[{"count":2,"href":"https:\/\/cursos.talentup.cl\/index.php?rest_route=\/wp\/v2\/product\/12574\/revisions"}],"predecessor-version":[{"id":14565,"href":"https:\/\/cursos.talentup.cl\/index.php?rest_route=\/wp\/v2\/product\/12574\/revisions\/14565"}],"wp:featuredmedia":[{"embeddable":true,"href":"https:\/\/cursos.talentup.cl\/index.php?rest_route=\/wp\/v2\/media\/3995"}],"wp:attachment":[{"href":"https:\/\/cursos.talentup.cl\/index.php?rest_route=%2Fwp%2Fv2%2Fmedia&parent=12574"}],"wp:term":[{"taxonomy":"product_brand","embeddable":true,"href":"https:\/\/cursos.talentup.cl\/index.php?rest_route=%2Fwp%2Fv2%2Fproduct_brand&post=12574"},{"taxonomy":"product_cat","embeddable":true,"href":"https:\/\/cursos.talentup.cl\/index.php?rest_route=%2Fwp%2Fv2%2Fproduct_cat&post=12574"},{"taxonomy":"product_tag","embeddable":true,"href":"https:\/\/cursos.talentup.cl\/index.php?rest_route=%2Fwp%2Fv2%2Fproduct_tag&post=12574"}],"curies":[{"name":"wp","href":"https:\/\/api.w.org\/{rel}","templated":true}]}}