{"id":12575,"date":"2023-01-10T04:40:51","date_gmt":"2023-01-10T07:40:51","guid":{"rendered":"https:\/\/cursos.talentup.cl\/?post_type=product&#038;p=12575"},"modified":"2024-02-07T23:37:53","modified_gmt":"2024-02-08T02:37:53","slug":"manicurista-profesional-premium","status":"publish","type":"product","link":"https:\/\/cursos.talentup.cl\/?product=manicurista-profesional-premium","title":{"rendered":"MANICURISTA PROFESIONAL\u00ae PREMIUM"},"content":{"rendered":"<p>\u00bfSab\u00edas que el MANICURE como t\u00e9cnica para el cuidado de las u\u00f1as es uno de los servicios m\u00e1s demandados por los clientes en el mundo? Ves este servicio en centros de belleza, est\u00e9tica y peluquer\u00edas y cada vez se abren m\u00e1s locales especializados en manicure y pedicure.<\/p>\n<p>Gracias a nuestra experiencia en el sector ponemos a tu disposici\u00f3n todos nuestros conocimientos para convertirte en un profesional altamente cualificado. <\/p>\n<p>Obtendr\u00e1s una formaci\u00f3n completa donde aprender\u00e1s de forma profesional las t\u00e9cnicas m\u00e1s innovadoras en u\u00f1as acr\u00edlicas. <\/p>\n<p>Este curso es una gran oportunidad de negocio para aquellas mujeres apasionadas que amen \u00e9ste maravilloso mundo de la belleza, mientras obtienen la oportunidad de hacer de esta pasi\u00f3n un negocio rentable.<\/p>\n<p>\u00bfQU\u00c9 VAS A LOGRAR?<\/p>\n<p>Los tipos de u\u00f1as que existen y los implementos para un trabajo profesional.<\/p>\n<p>Los mejores tips para montar u\u00f1as de manera r\u00e1pida y eficiente.<\/p>\n<p>Los diferentes tipos de materiales y c\u00f3mo se utilizan.<\/p>\n<p>Clases de puntas, limados y los distintos colores en acabados y dise\u00f1os.<\/p>\n<p>Uso adecuado de las herramientas para un acabado de calidad.<\/p>\n<p>Correcta limpieza y preparaci\u00f3n de una u\u00f1a natural.<\/p>\n<p>U\u00f1as esculpidas y encapsuladas.<\/p>\n<p>Dise\u00f1os, cortes y preparaci\u00f3n de las u\u00f1as desde cero y sin experiencia.<\/p>\n<p>Conoce los distintos tipos de u\u00f1as artificiales que existen.<\/p>\n<p>Crea, coloca y retira las u\u00f1as acr\u00edlicas y de gel esculpidas.<\/p>\n<p>Aprende las mejores t\u00e9cnicas sobre Nail Art de forma divertida y apasionante.<\/p>\n<p>Acceder\u00e1s al certificado avalado por Hotmart y Seminarios Online.<\/p>\n<p>\u00bfC\u00d3MO LO VAS A LOGRAR?<\/p>\n<p>A trav\u00e9s del siguiente contenido, estructurado paso a paso:<\/p>\n<p>M\u00d3DULO 1 &#8211; INTRODUCCI\u00d3N<\/p>\n<p>Introducci\u00f3n y bienvenida al curso Manicurista Premium.<\/p>\n<p>M\u00d3DULO 2 &#8211; MANICURISTA B\u00c1SICO<\/p>\n<p>Anatom\u00eda de la u\u00f1a y perlas de acr\u00edlico.<br \/>\nPresentaci\u00f3n de materiales.<br \/>\nManicure b\u00e1sica (toma cerrada).<br \/>\nPreparaci\u00f3n de la u\u00f1a natural y colocaci\u00f3n de tips en diferentes tipos de punta.<br \/>\nEncapsulado en punta almond.<br \/>\nT\u00e9cnica francesa con tip blanco en punta cuadrada.<br \/>\nBaby boomer en punta balerina con detalle de glitter.<br \/>\nColocaci\u00f3n de acr\u00edlico (la perla perfecta) en punta stiletto.<br \/>\nCorte en acr\u00edlico con bistur\u00ed en punta pipe.<br \/>\nTipos de punta.<br \/>\nDise\u00f1o 3d b\u00e1sico.<br \/>\nDecoraci\u00f3n con pedrer\u00eda.<br \/>\nAcabado efecto espejo.<br \/>\nPreparaci\u00f3n de la u\u00f1a natural.<br \/>\nColocaci\u00f3n de tips y acr\u00edlico.<br \/>\nComo aplicar la perla perfecta.<br \/>\nT\u00e9cnica baby boomer.<br \/>\nT\u00e9cnica reversa con tips.<br \/>\nCorte de navaja con encapsulado con tips.<br \/>\nColocaci\u00f3n de pedrer\u00eda y balines o caviar.<br \/>\nEncapsulado de glitter.<br \/>\nPreparaci\u00f3n de la u\u00f1a para esmaltes semi-permanentes.<br \/>\nRetiro de esmalte semi-permanente.<br \/>\nT\u00e9cnica marmoleado.<br \/>\nT\u00e9cnica bajo relieve.<br \/>\nEncapsulado.<br \/>\nT\u00e9cnica reversa con esculpido.<br \/>\nDise\u00f1o en v con pigmentos.<br \/>\nT\u00e9cnica esculpido encapsulado de gliter y flores.<br \/>\nDifuminado glitter encapsulado.<br \/>\nT\u00e9cnica de navaja en esculpido.<br \/>\nEsmaltado semi-permanente en acr\u00edlico.<br \/>\nDise\u00f1o con painting gel con pigmentos neones.<br \/>\nRetiro de acr\u00edlico.<br \/>\nT\u00e9cnica bajo relieve.<br \/>\nT\u00e9cnica dise\u00f1o con gel painting blanco.<br \/>\nDise\u00f1o en v con pigmentos.<br \/>\nDise\u00f1o painting negro efecto espejo.<br \/>\nEncapsulado en esculpido.<br \/>\nEsmaltado semipermanente en acr\u00edlico.<br \/>\nEsmaltado semipermanente en tips.<br \/>\nEsmaltado semipermanente en u\u00f1a natural.<br \/>\nMantenimiento.<br \/>\nT\u00e9cnica baby boomer.<br \/>\nT\u00e9cnica marmoleado.<br \/>\nT\u00e9cnica reversa con tips.<br \/>\nT\u00e9cnica de reversa con esculpido.<br \/>\nU\u00f1a en gel.<br \/>\nU\u00f1as en gel online.<br \/>\nDise\u00f1o en foil.<\/p>\n<p>M\u00d3DULO 3 &#8211; MANICURISTA INTERMEDIO<\/p>\n<p>C\u00f3mo utilizar el drill.<br \/>\nMarmoleado con esmalte semipermanente.<br \/>\nTipos de punta t\u00e9cnica rusa.<br \/>\nCombinaciones con glitter.<br \/>\nBlooming 1.<br \/>\nDifuminado con pincel plano.<br \/>\nMon\u00f3mero esmalte tradicional.<br \/>\nDise\u00f1o unicornio 1.<br \/>\nDise\u00f1o Halloween fantasma.<br \/>\nDise\u00f1os con stamping.<\/p>\n<p>M\u00d3DULO 4 &#8211; MANICURISTA AVANZADO<\/p>\n<p>Dise\u00f1o con hilo 1.<br \/>\n3 dise\u00f1os.<br \/>\nEfecto water drop.<br \/>\nT\u00e9cnica stiletto XXL.<br \/>\nT\u00e9cnica stiletto XXL.<\/p>\n<p>M\u00d3DULO 5 &#8211; BONO 1 &#8211; MASTERCLASS PEDICURE<\/p>\n<p>Presentaci\u00f3n de materiales y lista de utensilios.<br \/>\nLimpieza de las u\u00f1as y del pie para esmaltado tradicional.<br \/>\nEsmaltado con esmalte tradicional.<\/p>\n<p>M\u00d3DULO 6 &#8211; BONO 2 &#8211; MASTERCLASS EXTENSI\u00d3N DE PESTA\u00d1AS<\/p>\n<p>Presentaci\u00f3n de materiales.<br \/>\nExtensiones de pesta\u00f1as cl\u00e1sicas 1&#215;1.<\/p>\n<p>M\u00d3DULO 7 \u2013 BONO 3 &#8211; AUTOMAQUILLAJE<\/p>\n<p>Presentaci\u00f3n de materiales.<br \/>\nPreparaci\u00f3n de la piel.<br \/>\nMaquillaje de piel de d\u00eda (mitad de rostro).<br \/>\nMaquillaje de piel noche (mitad de rostro).<\/p>\n<p>M\u00d3DULO 8 \u2013 VIDEO RESPUESTAS<\/p>\n<p>Video respuestas.<\/p>\n<p>M\u00d3DULO 9 &#8211; \u00bfC\u00d3MO OBTENER TU CERTIFICADO?<\/p>\n<p>\u00bfC\u00f3mo obtener tu certificado?<\/p>\n<p>ACERCA DE LA PRODUCTORA<\/p>\n<p>Desarrollado por LAURA MALPARTIDA, directora de un prestigioso instituto de belleza. <\/p>\n<p>Fundadora y creadora de \u201cEl poder de las u\u00f1as\u201d y \u201cEl negocio de las u\u00f1as\u201d (formaci\u00f3n de U\u00f1as Online). <\/p>\n<p>Este MasterClass este hecho en coproducci\u00f3n con GENESIS CARRILLO jefa del \u00e1rea de \u201cManicure\u201d en su SPA, quien acept\u00f3 ser la instructora del curso \u201cManicurista Premium\u201d con una excelente capacidad comunicativa.<\/p>\n","protected":false},"excerpt":{"rendered":"<p>\u00bfSab\u00edas que el MANICURE como t\u00e9cnica para el cuidado de las u\u00f1as es uno de los servicios m\u00e1s demandados por los clientes en el mundo? Ves este servicio en centros de belleza, est\u00e9tica y peluquer\u00edas y cada vez se abren m\u00e1s locales especializados en manicure y pedicure.<\/p>\n<p>Gracias a nuestra experiencia en el sector ponemos a tu disposici\u00f3n todos nuestros conocimientos para convertirte en un profesional altamente cualificado. <\/p>\n<p>Obtendr\u00e1s una formaci\u00f3n completa donde aprender\u00e1s de forma profesional las t\u00e9cnicas m\u00e1s innovadoras en u\u00f1as acr\u00edlicas. <\/p>\n<p>Este curso es una gran oportunidad de negocio para aquellas mujeres apasionadas que amen \u00e9ste maravilloso mundo de la belleza, mientras obtienen la oportunidad de hacer de esta pasi\u00f3n un negocio rentable.<\/p>\n","protected":false},"featured_media":4002,"template":"","meta":{"_joinchat":[]},"product_brand":[],"product_cat":[343,344],"product_tag":[],"class_list":{"0":"post-12575","1":"product","2":"type-product","3":"status-publish","4":"has-post-thumbnail","6":"product_cat-mas-vendidos","7":"product_cat-todos","9":"first","10":"instock","11":"sale","12":"shipping-taxable","13":"product-type-external"},"_links":{"self":[{"href":"https:\/\/cursos.talentup.cl\/index.php?rest_route=\/wp\/v2\/product\/12575","targetHints":{"allow":["GET"]}}],"collection":[{"href":"https:\/\/cursos.talentup.cl\/index.php?rest_route=\/wp\/v2\/product"}],"about":[{"href":"https:\/\/cursos.talentup.cl\/index.php?rest_route=\/wp\/v2\/types\/product"}],"version-history":[{"count":2,"href":"https:\/\/cursos.talentup.cl\/index.php?rest_route=\/wp\/v2\/product\/12575\/revisions"}],"predecessor-version":[{"id":14572,"href":"https:\/\/cursos.talentup.cl\/index.php?rest_route=\/wp\/v2\/product\/12575\/revisions\/14572"}],"wp:featuredmedia":[{"embeddable":true,"href":"https:\/\/cursos.talentup.cl\/index.php?rest_route=\/wp\/v2\/media\/4002"}],"wp:attachment":[{"href":"https:\/\/cursos.talentup.cl\/index.php?rest_route=%2Fwp%2Fv2%2Fmedia&parent=12575"}],"wp:term":[{"taxonomy":"product_brand","embeddable":true,"href":"https:\/\/cursos.talentup.cl\/index.php?rest_route=%2Fwp%2Fv2%2Fproduct_brand&post=12575"},{"taxonomy":"product_cat","embeddable":true,"href":"https:\/\/cursos.talentup.cl\/index.php?rest_route=%2Fwp%2Fv2%2Fproduct_cat&post=12575"},{"taxonomy":"product_tag","embeddable":true,"href":"https:\/\/cursos.talentup.cl\/index.php?rest_route=%2Fwp%2Fv2%2Fproduct_tag&post=12575"}],"curies":[{"name":"wp","href":"https:\/\/api.w.org\/{rel}","templated":true}]}}