{"id":12588,"date":"2023-01-10T04:40:52","date_gmt":"2023-01-10T07:40:52","guid":{"rendered":"https:\/\/cursos.talentup.cl\/?post_type=product&#038;p=12588"},"modified":"2024-02-07T23:37:54","modified_gmt":"2024-02-08T02:37:54","slug":"secretos-de-la-caricatura","status":"publish","type":"product","link":"https:\/\/cursos.talentup.cl\/?product=secretos-de-la-caricatura","title":{"rendered":"SECRETOS DE LA CARICATURA"},"content":{"rendered":"<p>La CARICATURA es una t\u00e9cnica art\u00edstica que conecta a las personas.<\/p>\n<p>Con el MasterClass SECRETOS DE LA CARICATURA, conoce un arte divertido donde te puedes desempe\u00f1ar profesionalmente.<\/p>\n<p>Domina los materiales y aprende como dibujar asombrosos personajes resaltando sus rasgos originales.<\/p>\n<p>Transf\u00f3rmate en un caricaturista pol\u00edtico, para una revista o un peri\u00f3dico.          <\/p>\n<p>Dibuja en importantes ferias y eventos o transformarlo en un hobby.<\/p>\n<p>\u00bfQU\u00c9 VAS A LOGRAR?<\/p>\n<p>Lograr\u00e1s una visi\u00f3n diferente a la que ten\u00edas hoy con respecto a la caricatura.<\/p>\n<p>Lograr\u00e1s dibujar en 5 minutos a blanco y negro y a 10 minutos a color.<\/p>\n<p>Aprender\u00e1s desde tu taller dibujar a partir de foto.<\/p>\n<p>Aprender\u00e1s c\u00f3mo se venden las caricaturas por diversas plataformas de pago.<\/p>\n<p>Aprender\u00e1s c\u00f3mo se hace un dibujo paso a paso con los materiales que vamos a usar.<\/p>\n<p>Acceder\u00e1s al certificado avalado por Hotmart y Seminarios Online.<\/p>\n<p>\u00bfC\u00d3MO LO VAS A LOGRAR?<\/p>\n<p>A trav\u00e9s del siguiente contenido estructurado paso a paso:<\/p>\n<p>1. Video 1 Rese\u00f1a.<br \/>\n2. Video 2 Proyecto.<br \/>\n3. Video 3 Referentes.<br \/>\n4. Video 4 Materiales.<br \/>\n5. Video 5 Ubicaci\u00f3n.<br \/>\n6. Video 6 Contorno del rostro.<br \/>\n7. Video 7 Canones.<br \/>\n8. Video 8 Ejercicios b\u00e1sicos.<br \/>\n9. Video 9 Caricatura de mujer.<br \/>\n10. Video 10 Dibujo de persona en vivo.<br \/>\n11. Video 11 C\u00f3mo dibujar cuerpo entero con fondo.<br \/>\n12. Video 12 Figura humana, esqueletos.<br \/>\n13. Video 13 Caricatura de Charly Garc\u00eda.<br \/>\n14. Video 14 C\u00f3mo hacer un ojo y bocas.<br \/>\n15. Video 15 Ejemplos de caricatura.<br \/>\n16. Video 16 Clases de caricatura.<br \/>\n17. Video 17 Galer\u00eda.<br \/>\n18. Video 18 Gente dibujada.<br \/>\n19. Video 19 Paso a paso.<br \/>\n20. Video 20 T\u00e9cnicas de color.<br \/>\n21. Video 21 Taller de ni\u00f1os.<br \/>\n22. Video 22 Caricatura de Biden.<br \/>\n23. Video 23 Caricatura de familia.<br \/>\n24. Video 24 Caricatura paso a paso de futbolista canon y boceto.<br \/>\n25. Video 25 Caricatura paso a paso de futbolista marcador.<br \/>\n26. Video 26 Caricatura paso a paso de futbolista art sticks.<br \/>\n27. Video 27 Caricatura paso a paso de futbolista comienzo de aerograf\u00eda.<br \/>\n28. Video 28 Caricatura paso a paso de futbolista fondo bandera.<br \/>\n29. Video 29 Caricatura paso a paso de futbolista Parte final.<br \/>\n30. Video 30 Comic mujer.<\/p>\n<p>ACERCA DEL PRODUCTOR<\/p>\n<p>Desarrollado por RICK ZUAREZ Licenciado en Ed Art\u00edstica de CENDA, Dise\u00f1ador gr\u00e1fico, Universidad Jorge Tadeo Lozano, Ilustrador. <\/p>\n<p>Su labor profesional la desarrolla, principalmente, en la ilustraci\u00f3n de personajes como la gente del com\u00fan, la que va a la feria del libro de Bogot\u00e1 a dibujarse.<\/p>\n<p>Ha participado en 18 filbo en Bogot\u00e1, Guadalajara, gana premio con la Alcald\u00eda para representar la zona 15 de Bogot\u00e1 en Monterrey M\u00e9xico, ha sido finalista y ha participado en Humor gr\u00e1fico en Brasil, ; M\u00e9xico ciudad de las ideas.<\/p>\n<p>Ha ganado menciones de honor en Brasil, Viajo en 2013 a 3 ciudades de EE.UU a dictar taller de ilustraci\u00f3n en Miami Orlando y Nueva York.<\/p>\n<p>Trabaj\u00f3 por 1 a\u00f1o con el peri\u00f3dico EL TIEMPO en Bogot\u00e1 como Dise\u00f1ador Gr\u00e1fico en Servicios Creativos.<\/p>\n<p>Ha viajado por M\u00e9xico, Estados Unidos y Ecuador, Per\u00fa, Brasil, Paraguay, Uruguay, Bolivia, Chile, y varios pa\u00edses e islas m\u00e1s, trabajando de caricaturista e ilustrador.<\/p>\n<p>Recientemente hizo un taller con el maestro Turcios de Fisonom\u00eda y caricatura de animales, est\u00e1 escribiendo su libro para publicarlo pronto. <\/p>\n","protected":false},"excerpt":{"rendered":"<p>La CARICATURA es una t\u00e9cnica art\u00edstica que conecta a las personas.<\/p>\n<p>Con el MasterClass SECRETOS DE LA CARICATURA, conoce un arte divertido donde te puedes desempe\u00f1ar profesionalmente.<\/p>\n<p>Domina los materiales y aprende como dibujar asombrosos personajes resaltando sus rasgos originales.<\/p>\n<p>Transf\u00f3rmate en un caricaturista pol\u00edtico, para una revista o un peri\u00f3dico.          <\/p>\n<p>Dibuja en importantes ferias y eventos o transformarlo en un hobby.<\/p>\n","protected":false},"featured_media":4740,"template":"","meta":{"_joinchat":[]},"product_brand":[],"product_cat":[332,344],"product_tag":[],"class_list":{"0":"post-12588","1":"product","2":"type-product","3":"status-publish","4":"has-post-thumbnail","6":"product_cat-musica-y-artes","7":"product_cat-todos","9":"first","10":"instock","11":"sale","12":"shipping-taxable","13":"product-type-external"},"_links":{"self":[{"href":"https:\/\/cursos.talentup.cl\/index.php?rest_route=\/wp\/v2\/product\/12588","targetHints":{"allow":["GET"]}}],"collection":[{"href":"https:\/\/cursos.talentup.cl\/index.php?rest_route=\/wp\/v2\/product"}],"about":[{"href":"https:\/\/cursos.talentup.cl\/index.php?rest_route=\/wp\/v2\/types\/product"}],"version-history":[{"count":2,"href":"https:\/\/cursos.talentup.cl\/index.php?rest_route=\/wp\/v2\/product\/12588\/revisions"}],"predecessor-version":[{"id":14588,"href":"https:\/\/cursos.talentup.cl\/index.php?rest_route=\/wp\/v2\/product\/12588\/revisions\/14588"}],"wp:featuredmedia":[{"embeddable":true,"href":"https:\/\/cursos.talentup.cl\/index.php?rest_route=\/wp\/v2\/media\/4740"}],"wp:attachment":[{"href":"https:\/\/cursos.talentup.cl\/index.php?rest_route=%2Fwp%2Fv2%2Fmedia&parent=12588"}],"wp:term":[{"taxonomy":"product_brand","embeddable":true,"href":"https:\/\/cursos.talentup.cl\/index.php?rest_route=%2Fwp%2Fv2%2Fproduct_brand&post=12588"},{"taxonomy":"product_cat","embeddable":true,"href":"https:\/\/cursos.talentup.cl\/index.php?rest_route=%2Fwp%2Fv2%2Fproduct_cat&post=12588"},{"taxonomy":"product_tag","embeddable":true,"href":"https:\/\/cursos.talentup.cl\/index.php?rest_route=%2Fwp%2Fv2%2Fproduct_tag&post=12588"}],"curies":[{"name":"wp","href":"https:\/\/api.w.org\/{rel}","templated":true}]}}