{"id":12611,"date":"2023-01-10T04:40:55","date_gmt":"2023-01-10T07:40:55","guid":{"rendered":"https:\/\/cursos.talentup.cl\/?post_type=product&#038;p=12611"},"modified":"2024-02-07T23:37:55","modified_gmt":"2024-02-08T02:37:55","slug":"dibujo-hiperrealista","status":"publish","type":"product","link":"https:\/\/cursos.talentup.cl\/?product=dibujo-hiperrealista","title":{"rendered":"DIBUJO HIPERREALISTA"},"content":{"rendered":"<p>El hiperrealismo es la reproducci\u00f3n fiel, casi fotogr\u00e1fica, de la realidad.<\/p>\n<p>Con el programa DIBUJO HIPERREALISTA, Desarrolla habilidades para capturar la realidad con un dibujo art\u00edstico casi perfecto.<\/p>\n<p>Aprende como usar adecuadamente los l\u00e1pices, los colores, las sombras, los efectos y las texturas para que hagas creaciones impactantes.                                                          <\/p>\n<p>Tu tambi\u00e9n puedes convertirte en un artista y sorprenderte de lo que puedes lograr.<\/p>\n<p>\u00bfQU\u00c9 VAS A LOGRAR?<\/p>\n<p>Dejar\u00e1s boquiabiertos a todos, incluy\u00e9ndote a ti. Una t\u00e9cnica realmente impresionante.<\/p>\n<p>Ganar\u00e1s respeto y reputaci\u00f3n como artista, al realizar este tipo de dibujos.<\/p>\n<p>Te sentir\u00e1s realizado al terminar con \u00e9xito este gran desaf\u00edo. Cualquier otra t\u00e9cnica ser\u00e1 como un chiste para ti.<\/p>\n<p>Liberar\u00e1s el estr\u00e9s con el proceso de pintado, incluso los pensamientos negativos y angustias.<\/p>\n<p>Lograr\u00e1s f\u00e1cilmente monetizar y generar una gran demando con el dominio de esta t\u00e9cnica.<\/p>\n<p>Acceder\u00e1s al certificado avalado por Hotmart y Seminarios Online.<\/p>\n<p>\u00bfC\u00d3MO LO VAS A LOGRAR?<\/p>\n<p>1. Introducci\u00f3n <\/p>\n<p>1.1. Bienvenid@<br \/>\n1.2. El arte del realismo<br \/>\n1.3. Gu\u00eda \u2013 C\u00f3mo usar este curso<\/p>\n<p>2. Fundamentos<\/p>\n<p>2.1. Materiales<br \/>\n2.2. Fundamentos de color [capas, mezclas y micro detalles]<\/p>\n<p>3. Escarabajo: 1ra Parte [Boceto y capas base]<\/p>\n<p>3.1. Boceto y capa base general<br \/>\n3.2. Capas base [naranja]<br \/>\n3.3. Mezcla de capas [naranja-amarillo]<\/p>\n<p>4. Escarabajo: 2nd parte [mezcla de capas, aplicaci\u00f3n de color]<\/p>\n<p>4.1. Sombras y luces [negro y amarillo]<br \/>\n4.2. Mezclas y bases [rojo y verde]<\/p>\n<p>5. Escarabajo: 3ra parte [micro detalles]<\/p>\n<p>5.1. Detalles de textura [rojo]<br \/>\n5.2. Efecto humo [sombreado en negro]<br \/>\n5.3. Micro detalles [patas y cuerpo]<\/p>\n<p>6. Dibujo desde 0<\/p>\n<p>6.1. Dibujo desde 0<br \/>\n6.2. Dibujar rostros desde 0<\/p>\n<p>7. Extras<\/p>\n<p>7.1. Grupo WhatsApp de apoyo<br \/>\n7.2. C\u00f3mo monetizar tu arte<\/p>\n<p>ACERCA DEL PRODUCTOR<\/p>\n<p>Desarrollado por DIEGO ANDRES MORA, desde hace 3 a\u00f1os est\u00e1 relacionado activamente con el dibujo hiperrealista y con el dibujo en general.<\/p>\n<p>Entrenado con los mejores en el tema de forma presencial, lo cual le ha permitido dominar esta t\u00e9cnica, suficiente como para poder compart\u00edrtela.<\/p>\n","protected":false},"excerpt":{"rendered":"<p>El hiperrealismo es la reproducci\u00f3n fiel, casi fotogr\u00e1fica, de la realidad.<\/p>\n<p>Con el programa DIBUJO HIPERREALISTA, Desarrolla habilidades para capturar la realidad con un dibujo art\u00edstico casi perfecto.<\/p>\n<p>Aprende como usar adecuadamente los l\u00e1pices, los colores, las sombras, los efectos y las texturas para que hagas creaciones impactantes.                                                          <\/p>\n<p>Tu tambi\u00e9n puedes convertirte en un artista y sorprenderte de lo que puedes lograr.<\/p>\n","protected":false},"featured_media":4746,"template":"","meta":{"_joinchat":[]},"product_brand":[],"product_cat":[332,344],"product_tag":[],"class_list":{"0":"post-12611","1":"product","2":"type-product","3":"status-publish","4":"has-post-thumbnail","6":"product_cat-musica-y-artes","7":"product_cat-todos","9":"first","10":"instock","11":"sale","12":"shipping-taxable","13":"product-type-external"},"_links":{"self":[{"href":"https:\/\/cursos.talentup.cl\/index.php?rest_route=\/wp\/v2\/product\/12611","targetHints":{"allow":["GET"]}}],"collection":[{"href":"https:\/\/cursos.talentup.cl\/index.php?rest_route=\/wp\/v2\/product"}],"about":[{"href":"https:\/\/cursos.talentup.cl\/index.php?rest_route=\/wp\/v2\/types\/product"}],"version-history":[{"count":2,"href":"https:\/\/cursos.talentup.cl\/index.php?rest_route=\/wp\/v2\/product\/12611\/revisions"}],"predecessor-version":[{"id":14593,"href":"https:\/\/cursos.talentup.cl\/index.php?rest_route=\/wp\/v2\/product\/12611\/revisions\/14593"}],"wp:featuredmedia":[{"embeddable":true,"href":"https:\/\/cursos.talentup.cl\/index.php?rest_route=\/wp\/v2\/media\/4746"}],"wp:attachment":[{"href":"https:\/\/cursos.talentup.cl\/index.php?rest_route=%2Fwp%2Fv2%2Fmedia&parent=12611"}],"wp:term":[{"taxonomy":"product_brand","embeddable":true,"href":"https:\/\/cursos.talentup.cl\/index.php?rest_route=%2Fwp%2Fv2%2Fproduct_brand&post=12611"},{"taxonomy":"product_cat","embeddable":true,"href":"https:\/\/cursos.talentup.cl\/index.php?rest_route=%2Fwp%2Fv2%2Fproduct_cat&post=12611"},{"taxonomy":"product_tag","embeddable":true,"href":"https:\/\/cursos.talentup.cl\/index.php?rest_route=%2Fwp%2Fv2%2Fproduct_tag&post=12611"}],"curies":[{"name":"wp","href":"https:\/\/api.w.org\/{rel}","templated":true}]}}