{"id":12617,"date":"2023-01-10T04:40:55","date_gmt":"2023-01-10T07:40:55","guid":{"rendered":"https:\/\/cursos.talentup.cl\/?post_type=product&#038;p=12617"},"modified":"2024-02-07T23:37:55","modified_gmt":"2024-02-08T02:37:55","slug":"el-arte-de-crear-con-el-decoupage","status":"publish","type":"product","link":"https:\/\/cursos.talentup.cl\/?product=el-arte-de-crear-con-el-decoupage","title":{"rendered":"EL ARTE DE CREAR CON EL DECOUPAGE"},"content":{"rendered":"<p>Aprende el arte alem\u00e1n cl\u00e1sico de Decoupage aplicado a la madera mdf.<\/p>\n<p>Seguro te has preguntado sobre la t\u00e9cnica del decoupage que transforma tus art\u00edculos en irresistibles obras de arte. Es posible que incluso ya lo hayas hecho y quiz\u00e1s no est\u00e9s completamente satisfecho con el resultado, ya sea en t\u00e9rminos de acabado, t\u00e9cnicas o combinaciones de color y papel. Este programa es definitivamente para ti que encuentra interesante el decoupage y le gustar\u00eda perfeccionar su habilidad para obtener resultados impecablemente profesionales.<\/p>\n<p>El Arte del Decoupage va mucho m\u00e1s all\u00e1 de cortar y pegar papel sobre la superficie. La comprensi\u00f3n y la ejecuci\u00f3n de la creaci\u00f3n de fondos de decoupage, el uso de pinturas para mezclar y fusionar la superficie, el estampado, el estarcido, etc. son los fundamentos para hacer un excelente proyecto de decoupage. Esta Masterclass ser\u00e1 una respuesta a todas tus dudas, consultas, aprendizajes incompletos y llenar\u00e1 los vac\u00edos en tu experiencia, para que puedas sobresalir en esto.<\/p>\n<p>\u00a1Aprende a trabajar la servilleta alemana en distintas superficies aplicando t\u00e9cnicas modernas y el uso de cada material!<\/p>\n<p>\u00bfQU\u00c9 VAS A LOGRAR?<\/p>\n<p>Aprender\u00e1s los fundamentos del decoupage.<\/p>\n<p>Conocer\u00e1s la t\u00e9cnica Decoupage en superficies planas, grandes y curvas con papel estampado y servilletas.<\/p>\n<p>Aprender\u00e1s c\u00f3mo conseguir un efecto antiarrugas.<\/p>\n<p>Aprender\u00e1s c\u00f3mo preparar la base.<\/p>\n<p>Aprender\u00e1s a elegir el tipo de servilleta alemana para aplicarlo en una superficie de madera.<\/p>\n<p>Comprender\u00e1s los tipos de pegamento Decoupage de papel, barniz y proyecto de acabado.<\/p>\n<p>Podr\u00e1s hacer un corte quisquilloso.<\/p>\n<p>Sabr\u00e1s c\u00f3mo fusionar las pinturas.<\/p>\n<p>Acceder\u00e1s al certificado avalado por Hotmart y Seminarios Online.<\/p>\n<p>\u00bfC\u00d3MO LO VAS A LOGRAR?<\/p>\n<p>A trav\u00e9s del siguiente contenido, estructurado paso a paso:<\/p>\n<p>M\u00d3DULO 1 &#8211; INTRODUCCI\u00d3N<\/p>\n<p>Introducci\u00f3n.<br \/>\nSoporte.<\/p>\n<p>M\u00d3DULO 2 &#8211; T\u00c9CNICA DECOUPAGE<\/p>\n<p>Presentaci\u00f3n y descripci\u00f3n de los materiales.<br \/>\nPreparaci\u00f3n de las superficies.<br \/>\nAplicaci\u00f3n en servilleta.<\/p>\n<p>M\u00d3DULO 3 \u2013 T\u00c9CNICA DECAPADO CON VELA<\/p>\n<p>Presentaci\u00f3n y descripci\u00f3n de los materiales.<br \/>\nPreparaci\u00f3n de la superficie.<br \/>\nT\u00e9cnica de pintura y vela.<br \/>\nAplicaci\u00f3n decapado.<br \/>\nBono de regalo &#8211; T\u00e9cnica stencil.<br \/>\nTerminado.<\/p>\n<p>M\u00d3DULO 4 \u2013 T\u00c9CNICA DECAPADO A COLORES SIN VELA<\/p>\n<p>Presentaci\u00f3n y descripci\u00f3n de los materiales.<br \/>\nExplicando la diferencia entre la t\u00e9cnica vintage 1 y 2.<\/p>\n<p>M\u00d3DULO 5 \u2013 T\u00c9CNICA CEPILLADO A 2 Y 3 TONOS<\/p>\n<p>Presentaci\u00f3n y descripci\u00f3n de los materiales.<br \/>\nPreparaci\u00f3n de la superficie.<br \/>\nAplicaci\u00f3n de t\u00e9cnica de cepillado.<br \/>\nAplicaci\u00f3n de accesorios parte 1.<\/p>\n<p>M\u00d3DULO 6 \u2013 T\u00c9CNICA ESPONJEADO<\/p>\n<p>Presentaci\u00f3n y descripci\u00f3n de los materiales.<br \/>\nAplicaci\u00f3n de t\u00e9cnica esponjeado.<br \/>\nAplicaci\u00f3n de servilleta.<br \/>\nTerminado.<\/p>\n<p>M\u00d3DULO 7 \u2013 T\u00c9CNICA MANCHADO<\/p>\n<p>Presentaci\u00f3n y descripci\u00f3n de los materiales.<br \/>\nPreparaci\u00f3n de la superficie.<br \/>\nAplicaci\u00f3n decoupage.<br \/>\nTerminado.<br \/>\nAplicaci\u00f3n de accesorios parte 2.<\/p>\n<p>M\u00d3DULO 8 \u2013 MATERIAL ADICIONAL (BONOS)<\/p>\n<p>T\u00e9cnica papel estraza.<br \/>\nPrepara tu pegamento y tu sellador por ti misma.<br \/>\nLibro digital \u2013 El vendedor hipn\u00f3tico.<br \/>\nLibro digital &#8211; El libro negro de la persuasi\u00f3n.<\/p>\n<p>M\u00d3DULO 9 \u2013 VIDEO RESPUESTAS<\/p>\n<p>\u00bfEl uso de la servilleta que est\u00e1 en nuestro programa tiene que ser el mismo que debes usar t\u00fa?<br \/>\n\u00bfEn d\u00f3nde puedo conseguir las piezas de madera mdf?<br \/>\n\u00bfEn d\u00f3nde puedo conseguir los complementos de los materiales aplicados en el curso?<br \/>\n\u00bfD\u00f3nde conseguir la servilleta alemana para aplicar el decoupage?<\/p>\n<p>M\u00d3DULO 10 \u2013 \u00bfC\u00d3MO OBTENER TU CERTIFICADO?<\/p>\n<p>\u00bfC\u00f3mo obtener tu certificado?<\/p>\n<p>ACERCA DE LA PRODUCTORA<\/p>\n<p>Desarrollado por CAROLINA CAMARILLO con m\u00e1s de 10 a\u00f1os de experiencia en la t\u00e9cnica de decoupage en M\u00e9xico<\/p>\n<p>Apasionada de los negocios y las manualidades, encontr\u00f3 una oportunidad de crecimiento en donde el l\u00edmite es la imaginaci\u00f3n. Haciendo de esta t\u00e9cnica un apoyo a quienes gustan de las manualidades para tener un ingreso extra pero adem\u00e1s de sentirse productivo y creativo.<\/p>\n","protected":false},"excerpt":{"rendered":"<p>Aprende el arte alem\u00e1n cl\u00e1sico de Decoupage aplicado a la madera mdf.<\/p>\n<p>Seguro te has preguntado sobre la t\u00e9cnica del decoupage que transforma tus art\u00edculos en irresistibles obras de arte. Es posible que incluso ya lo hayas hecho y quiz\u00e1s no est\u00e9s completamente satisfecho con el resultado, ya sea en t\u00e9rminos de acabado, t\u00e9cnicas o combinaciones de color y papel. Este programa es definitivamente para ti que encuentra interesante el decoupage y le gustar\u00eda perfeccionar su habilidad para obtener resultados impecablemente profesionales.<\/p>\n<p>El Arte del Decoupage va mucho m\u00e1s all\u00e1 de cortar y pegar papel sobre la superficie. La comprensi\u00f3n y la ejecuci\u00f3n de la creaci\u00f3n de fondos de decoupage, el uso de pinturas para mezclar y fusionar la superficie, el estampado, el estarcido, etc. son los fundamentos para hacer un excelente proyecto de decoupage. Esta Masterclass ser\u00e1 una respuesta a todas tus dudas, consultas, aprendizajes incompletos y llenar\u00e1 los vac\u00edos en tu experiencia, para que puedas sobresalir en esto.<\/p>\n<p>\u00a1Aprende a trabajar la servilleta alemana en distintas superficies aplicando t\u00e9cnicas modernas y el uso de cada material!<\/p>\n","protected":false},"featured_media":4752,"template":"","meta":{"_joinchat":[]},"product_brand":[],"product_cat":[332,344],"product_tag":[],"class_list":{"0":"post-12617","1":"product","2":"type-product","3":"status-publish","4":"has-post-thumbnail","6":"product_cat-musica-y-artes","7":"product_cat-todos","9":"first","10":"instock","11":"sale","12":"shipping-taxable","13":"product-type-external"},"_links":{"self":[{"href":"https:\/\/cursos.talentup.cl\/index.php?rest_route=\/wp\/v2\/product\/12617","targetHints":{"allow":["GET"]}}],"collection":[{"href":"https:\/\/cursos.talentup.cl\/index.php?rest_route=\/wp\/v2\/product"}],"about":[{"href":"https:\/\/cursos.talentup.cl\/index.php?rest_route=\/wp\/v2\/types\/product"}],"version-history":[{"count":2,"href":"https:\/\/cursos.talentup.cl\/index.php?rest_route=\/wp\/v2\/product\/12617\/revisions"}],"predecessor-version":[{"id":14599,"href":"https:\/\/cursos.talentup.cl\/index.php?rest_route=\/wp\/v2\/product\/12617\/revisions\/14599"}],"wp:featuredmedia":[{"embeddable":true,"href":"https:\/\/cursos.talentup.cl\/index.php?rest_route=\/wp\/v2\/media\/4752"}],"wp:attachment":[{"href":"https:\/\/cursos.talentup.cl\/index.php?rest_route=%2Fwp%2Fv2%2Fmedia&parent=12617"}],"wp:term":[{"taxonomy":"product_brand","embeddable":true,"href":"https:\/\/cursos.talentup.cl\/index.php?rest_route=%2Fwp%2Fv2%2Fproduct_brand&post=12617"},{"taxonomy":"product_cat","embeddable":true,"href":"https:\/\/cursos.talentup.cl\/index.php?rest_route=%2Fwp%2Fv2%2Fproduct_cat&post=12617"},{"taxonomy":"product_tag","embeddable":true,"href":"https:\/\/cursos.talentup.cl\/index.php?rest_route=%2Fwp%2Fv2%2Fproduct_tag&post=12617"}],"curies":[{"name":"wp","href":"https:\/\/api.w.org\/{rel}","templated":true}]}}