{"id":12685,"date":"2023-01-10T04:41:02","date_gmt":"2023-01-10T07:41:02","guid":{"rendered":"https:\/\/cursos.talentup.cl\/?post_type=product&#038;p=12685"},"modified":"2024-02-07T23:38:02","modified_gmt":"2024-02-08T02:38:02","slug":"factura-con-tu-voz","status":"publish","type":"product","link":"https:\/\/cursos.talentup.cl\/?product=factura-con-tu-voz","title":{"rendered":"FACTURA CON TU VOZ"},"content":{"rendered":"<p>\u00bfEres de las personas que le teme a hablar en p\u00fablico, los micr\u00f3fonos te causan terror y ni qu\u00e9 decir de una c\u00e1mara? <\/p>\n<p>Si te gustar\u00eda aprender todas las t\u00e9cnicas de oratoria para facturar con un instrumento que posees, este MASTER CLASS FACTURA CON TU VOS, es para ti.<\/p>\n<p>Adem\u00e1s, conocer\u00e1s todas las herramientas para grabar desde la comodidad de tu casa utilizando las mejores Apps de tu dispositivo m\u00f3vil.<\/p>\n<p>\u00bfQU\u00c9 VAS A LOGRAR?<\/p>\n<p>Lograr\u00e1s sacar el m\u00e1ximo potencial de tu voz. <\/p>\n<p>Identificar\u00e1s las principales muletillas que decimos producto de los nervios de hablar en p\u00fablico, micr\u00f3fono o c\u00e1mara.<\/p>\n<p>Entender\u00e1s que la oratoria es una habilidad blanda que se requiere en esta \u00e9poca de la informaci\u00f3n. <\/p>\n<p>Conocer\u00e1s los enemigos de tu garganta. <\/p>\n<p>Aprender\u00e1s los movimientos faciales que requiere un orador que inspira. <\/p>\n<p>Entender\u00e1s las diferencias que existen entre hablar y ser un orador profesional.<\/p>\n<p>Aprender\u00e1s a pronunciar perfectamente las vocales (base de la oratoria).<\/p>\n<p>Conocer\u00e1s cu\u00e1les son los h\u00e1bitos adecuados para un orador.<\/p>\n<p>Disfrutar\u00e1s de practicar los ejercicios vocales que ha llevado a los mejores oradores a hablar perfectamente. <\/p>\n<p>Conocer\u00e1s todas las herramientas t\u00e9cnicas para grabar desde la comodidad de tu casa utilizando las mejores Apps de tu dispositivo m\u00f3vil.<\/p>\n<p>Hablar\u00e1s frente a un P\u00fablico, Micr\u00f3fono y C\u00e1mara con fluidez, adem\u00e1s lograr\u00e1s ingresar al maravilloso mundo del Voice Over (que te paguen por hablar).<\/p>\n<p>Acceder\u00e1s al certificado avalado por Hotmart y Seminarios Online.<\/p>\n<p>\u00bfC\u00d3MO LO VAS A LOGRAR?<\/p>\n<p>A trav\u00e9s del siguiente contenido estructurado paso a paso:<\/p>\n<p>VIDEO 1: Presentaci\u00f3n.<br \/>\nVIDEO 2: Modelo de ingresos del orador.<br \/>\nVIDEO 3: La oratoria.<br \/>\nVIDEO 4: Historia.<br \/>\nVIDEO 5: Metodolog\u00edas.<br \/>\nVIDEO 6: La respiraci\u00f3n.<br \/>\nVIDEO 7: La gesticulaci\u00f3n.<br \/>\nVIDEO 8: La proyecci\u00f3n de la voz.<br \/>\nVIDEO 9: Ejercicios de consonantes.<br \/>\nVIDEO 10: Soltar la lengua.<br \/>\nVIDEO 11: Principales a errores al hablar.<br \/>\nVIDEO 12: Consonantes velares.<br \/>\nVIDEO 13: Corrige la dislalia.<br \/>\nVIDEO 14: Consonantes interdentales.<br \/>\nVIDEO 15: Aspectos t\u00e9cnicos.<br \/>\nVIDEO 16: Conferencia Parte 1.<br \/>\nVIDEO 17: Conferencia Parte 2.<br \/>\nVIDEO 18: Portafolio de producto.<\/p>\n<p>ACERCA DEL PRODUCTOR<\/p>\n<p>Desarrollado por EISENHAWER RESTREPO comunicador, locutor comercial, presentador, productor y orador profesional.<\/p>\n<p>Durante 20 a\u00f1os ha trabajado como Voice Over Talent en emisoras, canales de Tv y marcas de empresa. Presentador de eventos, espect\u00e1culos y maestro de ceremonias.<\/p>\n<p>Productor de televisi\u00f3n y videos profesionales, maestro de locuci\u00f3n en universidad de la voz y docente experto en oratoria.<\/p>\n<p>Con 15 a\u00f1os de experiencia en la docencia, actualmente es mentor en dos de las mejores academias de comunicadores de la ciudad de Cali, generando resultados incre\u00edbles y cambiando la vida de miles de personas a trav\u00e9s de la oratoria. Dictamos clases de habilidades blandas: hablar en p\u00fablico, manejo de micr\u00f3fono, dicci\u00f3n, proyecci\u00f3n de la voz, etc.<\/p>\n","protected":false},"excerpt":{"rendered":"<p>\u00bfEres de las personas que le teme a hablar en p\u00fablico, los micr\u00f3fonos te causan terror y ni qu\u00e9 decir de una c\u00e1mara? <\/p>\n<p>Si te gustar\u00eda aprender todas las t\u00e9cnicas de oratoria para facturar con un instrumento que posees, este MASTER CLASS FACTURA CON TU VOS, es para ti.<\/p>\n<p>Adem\u00e1s, conocer\u00e1s todas las herramientas para grabar desde la comodidad de tu casa utilizando las mejores Apps de tu dispositivo m\u00f3vil.<\/p>\n","protected":false},"featured_media":4792,"template":"","meta":{"_joinchat":[]},"product_brand":[],"product_cat":[332,344],"product_tag":[],"class_list":{"0":"post-12685","1":"product","2":"type-product","3":"status-publish","4":"has-post-thumbnail","6":"product_cat-musica-y-artes","7":"product_cat-todos","9":"first","10":"instock","11":"sale","12":"shipping-taxable","13":"product-type-external"},"_links":{"self":[{"href":"https:\/\/cursos.talentup.cl\/index.php?rest_route=\/wp\/v2\/product\/12685","targetHints":{"allow":["GET"]}}],"collection":[{"href":"https:\/\/cursos.talentup.cl\/index.php?rest_route=\/wp\/v2\/product"}],"about":[{"href":"https:\/\/cursos.talentup.cl\/index.php?rest_route=\/wp\/v2\/types\/product"}],"version-history":[{"count":2,"href":"https:\/\/cursos.talentup.cl\/index.php?rest_route=\/wp\/v2\/product\/12685\/revisions"}],"predecessor-version":[{"id":14637,"href":"https:\/\/cursos.talentup.cl\/index.php?rest_route=\/wp\/v2\/product\/12685\/revisions\/14637"}],"wp:featuredmedia":[{"embeddable":true,"href":"https:\/\/cursos.talentup.cl\/index.php?rest_route=\/wp\/v2\/media\/4792"}],"wp:attachment":[{"href":"https:\/\/cursos.talentup.cl\/index.php?rest_route=%2Fwp%2Fv2%2Fmedia&parent=12685"}],"wp:term":[{"taxonomy":"product_brand","embeddable":true,"href":"https:\/\/cursos.talentup.cl\/index.php?rest_route=%2Fwp%2Fv2%2Fproduct_brand&post=12685"},{"taxonomy":"product_cat","embeddable":true,"href":"https:\/\/cursos.talentup.cl\/index.php?rest_route=%2Fwp%2Fv2%2Fproduct_cat&post=12685"},{"taxonomy":"product_tag","embeddable":true,"href":"https:\/\/cursos.talentup.cl\/index.php?rest_route=%2Fwp%2Fv2%2Fproduct_tag&post=12685"}],"curies":[{"name":"wp","href":"https:\/\/api.w.org\/{rel}","templated":true}]}}