{"id":12863,"date":"2023-01-10T04:41:21","date_gmt":"2023-01-10T07:41:21","guid":{"rendered":"https:\/\/cursos.talentup.cl\/?post_type=product&#038;p=12863"},"modified":"2024-02-07T23:38:15","modified_gmt":"2024-02-08T02:38:15","slug":"canchas-sinteticas-como-negocio-rentable","status":"publish","type":"product","link":"https:\/\/cursos.talentup.cl\/?product=canchas-sinteticas-como-negocio-rentable","title":{"rendered":"CANCHAS SINT\u00c9TICAS COMO NEGOCIO RENTABLE"},"content":{"rendered":"<p>\u00bfPor qu\u00e9 las canchas sint\u00e9ticas son tan buen negocio? <\/p>\n<p>Con el MasterClass CANCHAS SINTETICAS COMO NEGOCIO RENTABLE, obtendr\u00e1s la mejor hoja de ruta que te lleve hacia el \u00e9xito en tu emprendimiento.<\/p>\n<p>\u00bfQU\u00c9 VAS A LOGRAR?<\/p>\n<p>Aprender\u00e1s paso a paso todo lo que necesitas saber para tener \u00e9xito en el maravilloso negocio de los campos deportivos sint\u00e9ticos.<\/p>\n<p>Tendr\u00e1s la estructura completa, desde el plan de negocios pasando por el marketing, los requisitos t\u00e9cnicos y los requerimientos legales.<\/p>\n<p>Obtendr\u00e1s la mejor hoja de ruta que te lleve hacia el \u00e9xito en tu emprendimiento.<\/p>\n<p>Aprender\u00e1s desde absoluto cero hasta entender todo lo necesario para emprender con canchas sint\u00e9ticas.<\/p>\n<p>Acceder\u00e1s al certificado avalado por Hotmart y Seminarios Online.<\/p>\n<p>\u00bfC\u00d3MO LO VAS A LOGRAR?<\/p>\n<p>A trav\u00e9s del siguiente contenido, estructurado paso a paso:<\/p>\n<p>M\u00d3DULO 1 &#8211; VISI\u00d3N DEL NEGOCIO<\/p>\n<p>Justificaci\u00f3n.<br \/>\nPresentaci\u00f3n de Jorge Rodr\u00edguez.<br \/>\nRecomendaciones generales para tener una buena experiencia dentro de la plataforma de estudio.<br \/>\nAntes de emprender hazte estas preguntas.<br \/>\nSegunda parte de preguntas que debes hacerte antes de emprender.<br \/>\n\u00bfCu\u00e1l es la misi\u00f3n, visi\u00f3n y valores del negocio de las canchas sint\u00e9ticas?<br \/>\nContinuando con la misi\u00f3n, visi\u00f3n y valores del negocio.<br \/>\n\u00bfCu\u00e1les son los canales de divulgaci\u00f3n para el negocio de las canchas sint\u00e9ticas?<br \/>\nC\u00f3mo calcular los costos fijos y variables, fuentes de ingreso y punto de equilibrio del negocio de las canchas sint\u00e9ticas.<br \/>\nAn\u00e1lisis FODA de nuestro emprendimiento.<br \/>\nC\u00f3mo evaluar la trazabilidad en la prestaci\u00f3n del servicio.<\/p>\n<p>M\u00d3DULO 2 &#8211; PLAN DE NEGOCIOS<\/p>\n<p>Introducci\u00f3n al m\u00f3dulo n\u00famero 2.<br \/>\n\u00bfQu\u00e9 es un plan de negocios y por qu\u00e9 lo necesito?<br \/>\n\u00bfC\u00f3mo elaborar un plan de negocios para las canchas sint\u00e9ticas?<br \/>\n\u00bfC\u00f3mo posicionar mi negocio? Las 4 \u201cp\u201d del marketing.<br \/>\n\u00bfC\u00f3mo definir las 4 \u201cP\u201d del marketing para mi negocio de canchas sint\u00e9ticas?<\/p>\n<p>M\u00d3DULO 3 &#8211; COMO EMPEZAR EL NEGOCIO DE LAS CANCHAS SINT\u00c9TICAS<\/p>\n<p>Introducci\u00f3n al m\u00f3dulo n\u00famero 3.<br \/>\n\u00bfCu\u00e1les son los requisitos legales para el negocio de las canchas sint\u00e9ticas?<br \/>\n\u00bfC\u00f3mo se preparan las adecuaciones necesarias antes de empezar a operar?<br \/>\n\u00bfCu\u00e1les son las adecuaciones f\u00edsicas y el\u00e9ctricas del negocio?<br \/>\nInstalaci\u00f3n de la grama en la o las canchas.<br \/>\n\u00bfCu\u00e1les son los tipos de grama y sus caracter\u00edsticas?<br \/>\n\u00bfCu\u00e1les son las medidas recomendadas y reglamentarias de los campos?<\/p>\n<p>M\u00d3DULO 4 \u2013 MATERIAL ADICIONAL (BONOS)<\/p>\n<p>Introducci\u00f3n al m\u00f3dulo n\u00famero 4.<br \/>\nBono 1: Proveedores de insumos y materia prima.<br \/>\nBono 2: Descargable en PDF. Requisitos legales para emprender en este negocio.<br \/>\nBono 3: Descargable en pdf. Define el mercado de tu producto.<br \/>\nBono 4: Software para sistemas de reservas campos deportivos (tutorial).<br \/>\nBono 5: Clases de calzado seg\u00fan el tipo de grama de la cancha (tutorial).<br \/>\nBono 6: Grupo de apoyo para alumnos en telegram.<\/p>\n<p>M\u00d3DULO 5 &#8211; VIDEO RESPUESTAS <\/p>\n<p>Introducci\u00f3n al m\u00f3dulo n\u00famero 5.<br \/>\n\u00bfEst\u00e1 bien vender comidas en las canchas sint\u00e9ticas o es mejor vender solo bebidas?<br \/>\n\u00bfEs recomendable contratar a un contador o puedo hacer esa tarea yo mismo?<br \/>\n\u00bfCu\u00e1nto es el tiempo promedio en el cual se recupera la inversi\u00f3n en este negocio?<br \/>\n\u00bfEn d\u00f3nde es m\u00e1s efectivo hacer publicidad, en radio y tv o en redes sociales y motores de b\u00fasqueda?<br \/>\n\u00bfCu\u00e1l es el principal error que comete un emprendedor?<br \/>\n\u00bfQu\u00e9 otras actividades comerciales se pueden hacer en las canchas sint\u00e9ticas?<\/p>\n<p>M\u00d3DULO 6 &#8211; \u00bfC\u00d3MO OBTENER TU CERTIFICADO?<\/p>\n<p>\u00bfC\u00f3mo obtener tu certificado?<\/p>\n<p>ACERCA DEL PRODUCTOR<\/p>\n<p>Desarrollado por JORGE RODR\u00cdGUEZ, contador p\u00fablico, especialista en comercio exterior y emprendedor con canchas sint\u00e9ticas, quien te ense\u00f1ara desde lo m\u00e1s b\u00e1sico todo lo que necesitas saber para iniciar en el rentable negocio de las canchas sint\u00e9ticas. <\/p>\n<p>Gracias a su amplia experiencia, aprender\u00e1s al detalle todo lo que gira alrededor de este emprendimiento, desde la ubicaci\u00f3n de tu emprendimiento, pasando por el plan de negocios, la financiaci\u00f3n, las adecuaciones, el plan de marketing y el retorno de inversi\u00f3n hasta los errores que debes evitar para que tengas \u00e9xito en 18 meses o menos en el emprendimiento de los campos deportivos sint\u00e9ticos.<\/p>\n","protected":false},"excerpt":{"rendered":"<p>\u00bfPor qu\u00e9 las canchas sint\u00e9ticas son tan buen negocio? <\/p>\n<p>Con el MasterClass CANCHAS SINTETICAS COMO NEGOCIO RENTABLE, obtendr\u00e1s la mejor hoja de ruta que te lleve hacia el \u00e9xito en tu emprendimiento.<\/p>\n","protected":false},"featured_media":4894,"template":"","meta":{"_joinchat":[]},"product_brand":[],"product_cat":[333,344],"product_tag":[],"class_list":{"0":"post-12863","1":"product","2":"type-product","3":"status-publish","4":"has-post-thumbnail","6":"product_cat-negocios-y-marketing","7":"product_cat-todos","9":"first","10":"instock","11":"sale","12":"shipping-taxable","13":"product-type-external"},"_links":{"self":[{"href":"https:\/\/cursos.talentup.cl\/index.php?rest_route=\/wp\/v2\/product\/12863","targetHints":{"allow":["GET"]}}],"collection":[{"href":"https:\/\/cursos.talentup.cl\/index.php?rest_route=\/wp\/v2\/product"}],"about":[{"href":"https:\/\/cursos.talentup.cl\/index.php?rest_route=\/wp\/v2\/types\/product"}],"version-history":[{"count":2,"href":"https:\/\/cursos.talentup.cl\/index.php?rest_route=\/wp\/v2\/product\/12863\/revisions"}],"predecessor-version":[{"id":14733,"href":"https:\/\/cursos.talentup.cl\/index.php?rest_route=\/wp\/v2\/product\/12863\/revisions\/14733"}],"wp:featuredmedia":[{"embeddable":true,"href":"https:\/\/cursos.talentup.cl\/index.php?rest_route=\/wp\/v2\/media\/4894"}],"wp:attachment":[{"href":"https:\/\/cursos.talentup.cl\/index.php?rest_route=%2Fwp%2Fv2%2Fmedia&parent=12863"}],"wp:term":[{"taxonomy":"product_brand","embeddable":true,"href":"https:\/\/cursos.talentup.cl\/index.php?rest_route=%2Fwp%2Fv2%2Fproduct_brand&post=12863"},{"taxonomy":"product_cat","embeddable":true,"href":"https:\/\/cursos.talentup.cl\/index.php?rest_route=%2Fwp%2Fv2%2Fproduct_cat&post=12863"},{"taxonomy":"product_tag","embeddable":true,"href":"https:\/\/cursos.talentup.cl\/index.php?rest_route=%2Fwp%2Fv2%2Fproduct_tag&post=12863"}],"curies":[{"name":"wp","href":"https:\/\/api.w.org\/{rel}","templated":true}]}}