{"id":12957,"date":"2023-01-10T04:41:32","date_gmt":"2023-01-10T07:41:32","guid":{"rendered":"https:\/\/cursos.talentup.cl\/?post_type=product&#038;p=12957"},"modified":"2024-02-07T23:38:19","modified_gmt":"2024-02-08T02:38:19","slug":"lenceria-para-bebes-como-oportunidad-de-negocio","status":"publish","type":"product","link":"https:\/\/cursos.talentup.cl\/?product=lenceria-para-bebes-como-oportunidad-de-negocio","title":{"rendered":"LENCER\u00cdA PARA BEBES COMO OPORTUNIDAD DE NEGOCIO"},"content":{"rendered":"<p>Pensar en un beb\u00e9 es llevar la imaginaci\u00f3n a un mundo desconocido donde predomina el amor, la ternura y la protecci\u00f3n.<\/p>\n<p>Con el MasterClass LENCER\u00cdA PARA BEB\u00c9S COMO OPORTUNIDAD DE NEGOCIO, potencializar\u00e1s tus habilidades en decoraci\u00f3n, manualidades y costura.<\/p>\n<p>\u00bfQU\u00c9 VAS A LOGRAR?<\/p>\n<p>Aprender\u00e1s a hacer una hermosa almohada abrazadora.<\/p>\n<p>Aprender\u00e1s a hacer una manta de juegos.<\/p>\n<p>Aprender\u00e1s a hacer coj\u00edn lactante.<\/p>\n<p>Aprender\u00e1s a hacer bolso o pa\u00f1alera para beb\u00e9s.<\/p>\n<p>Aprender\u00e1s a hacer lencer\u00eda para la cuna del beb\u00e9.<\/p>\n<p>Aprender\u00e1s a hacer una cuna port\u00e1til.<\/p>\n<p>Aprender\u00e1s a cortar, coser y rellenar.<\/p>\n<p>Potencializar tus habilidades manuales en lencer\u00eda.<\/p>\n<p>Generar\u00e1s ingresos econ\u00f3micos con su venta.<\/p>\n<p>Acceder\u00e1s al certificado avalado por Hotmart y Seminarios Online.<\/p>\n<p>\u00bfC\u00d3MO LO VAS A LOGRAR?<\/p>\n<p>A trav\u00e9s del siguiente contenido, estructurado paso a paso:<\/p>\n<p>M\u00f3dulo 1: Presentaci\u00f3n<\/p>\n<p>M\u00f3dulo 2: Introducci\u00f3n<\/p>\n<p>M\u00f3dulo 3: Almohada abrazadora<\/p>\n<p>Video 1: Materiales y moldes.<br \/>\nVideo 2: Corte.<br \/>\nVideo 3: Costura y relleno.<\/p>\n<p>M\u00f3dulo 4: Manta de juego<\/p>\n<p>Video 1: Moldes, medidas, y telas.<br \/>\nVideo 2: Corte manta y accesorios.<br \/>\nVideo 3: Confecci\u00f3n y relleno.<\/p>\n<p>M\u00f3dulo 5: Coj\u00edn lactante<\/p>\n<p>Video 1: Moldes y medidas.<br \/>\nVideo 2: Cortes.<br \/>\nVideo 3: Confecci\u00f3n y relleno.<\/p>\n<p>M\u00f3dulo 6: Bolso o pa\u00f1alera<\/p>\n<p>Video 1: Moldes y medidas.<br \/>\nVideo 2: Corte moldes en la tela.<br \/>\nVideo 3: Costura parte 1.<br \/>\nVideo 4: Costura parte 2.<br \/>\nVideo 5: Accesorios y acabados.<\/p>\n<p>M\u00f3dulo 7: Lencer\u00eda para la cuna del beb\u00e9<\/p>\n<p>Video 1: Presentaci\u00f3n de proyecto.<br \/>\nVideo 2: Moldes y corte.<br \/>\nVideo 3: Corte y acabados.<\/p>\n<p>M\u00f3dulo 8: Cuna port\u00e1til<\/p>\n<p>Video 1: Presentaci\u00f3n de proyecto y moldes.<br \/>\nVideo 2: Costura.<br \/>\nVideo 3: Rellenos y acabados.<\/p>\n<p>M\u00f3dulo 9: Despedida<\/p>\n<p>M\u00f3dulo 10: Bonos<\/p>\n<p>PDF Proyectos.<br \/>\nPDF Tipos de tela.<\/p>\n<p>M\u00f3dulo 11: Preguntas frecuentes<\/p>\n<p>\u00bfEl relleno de la lencer\u00eda es antial\u00e9rgico?<\/p>\n<p>ACERCA DE LA PRODUCTORA<\/p>\n<p>Desarrollado por ELENA OVIEDO, colombiana, manualista por pasi\u00f3n, especialista en t\u00e9cnicas de bordado en pastwork, punto en cruz, tejido crochet, patronaje, escalado de ropa infantil y lencer\u00eda. Con m\u00e1s de 12 a\u00f1os de experiencia.<\/p>\n<p>Se ha especializado como manualista profesional en entidades como Comfamiliar Atl\u00e1ntico y Servicio Nacional de Aprendizaje (SENA).<\/p>\n<p>Actualmente emprende desde casa logrando transcender su marca, a trav\u00e9s de la recomendaci\u00f3n de amigos vecinos y familiares, pero su expectativa es llevarla m\u00e1s all\u00e1 y atravesar fronteras, dando a conocer y ense\u00f1ando su talento por esta arte.<\/p>\n<p>Por este motivo decide trabajar y capacitarse para llevar su marca y sus conocimientos a la virtualidad dando a conocer su pasi\u00f3n por las manualidades.<\/p>\n<p>Espera seguir creando cursos que le ayuden a las personas a desarrollar y potencializar sus habilidades manuales en lencer\u00eda y crezcan como personas emprendedoras, due\u00f1as de su destino y transformando sus vidas.<\/p>\n","protected":false},"excerpt":{"rendered":"<p>Pensar en un beb\u00e9 es llevar la imaginaci\u00f3n a un mundo desconocido donde predomina el amor, la ternura y la protecci\u00f3n.<\/p>\n<p>Con el MasterClass LENCER\u00cdA PARA BEB\u00c9S COMO OPORTUNIDAD DE NEGOCIO, potencializar\u00e1s tus habilidades en decoraci\u00f3n, manualidades y costura.<\/p>\n","protected":false},"featured_media":4929,"template":"","meta":{"_joinchat":[]},"product_brand":[],"product_cat":[333,344],"product_tag":[],"class_list":{"0":"post-12957","1":"product","2":"type-product","3":"status-publish","4":"has-post-thumbnail","6":"product_cat-negocios-y-marketing","7":"product_cat-todos","9":"first","10":"instock","11":"sale","12":"shipping-taxable","13":"product-type-external"},"_links":{"self":[{"href":"https:\/\/cursos.talentup.cl\/index.php?rest_route=\/wp\/v2\/product\/12957","targetHints":{"allow":["GET"]}}],"collection":[{"href":"https:\/\/cursos.talentup.cl\/index.php?rest_route=\/wp\/v2\/product"}],"about":[{"href":"https:\/\/cursos.talentup.cl\/index.php?rest_route=\/wp\/v2\/types\/product"}],"version-history":[{"count":2,"href":"https:\/\/cursos.talentup.cl\/index.php?rest_route=\/wp\/v2\/product\/12957\/revisions"}],"predecessor-version":[{"id":14766,"href":"https:\/\/cursos.talentup.cl\/index.php?rest_route=\/wp\/v2\/product\/12957\/revisions\/14766"}],"wp:featuredmedia":[{"embeddable":true,"href":"https:\/\/cursos.talentup.cl\/index.php?rest_route=\/wp\/v2\/media\/4929"}],"wp:attachment":[{"href":"https:\/\/cursos.talentup.cl\/index.php?rest_route=%2Fwp%2Fv2%2Fmedia&parent=12957"}],"wp:term":[{"taxonomy":"product_brand","embeddable":true,"href":"https:\/\/cursos.talentup.cl\/index.php?rest_route=%2Fwp%2Fv2%2Fproduct_brand&post=12957"},{"taxonomy":"product_cat","embeddable":true,"href":"https:\/\/cursos.talentup.cl\/index.php?rest_route=%2Fwp%2Fv2%2Fproduct_cat&post=12957"},{"taxonomy":"product_tag","embeddable":true,"href":"https:\/\/cursos.talentup.cl\/index.php?rest_route=%2Fwp%2Fv2%2Fproduct_tag&post=12957"}],"curies":[{"name":"wp","href":"https:\/\/api.w.org\/{rel}","templated":true}]}}