{"id":12964,"date":"2023-01-10T04:41:33","date_gmt":"2023-01-10T07:41:33","guid":{"rendered":"https:\/\/cursos.talentup.cl\/?post_type=product&#038;p=12964"},"modified":"2024-02-07T23:38:19","modified_gmt":"2024-02-08T02:38:19","slug":"enfermero-emprendedor","status":"publish","type":"product","link":"https:\/\/cursos.talentup.cl\/?product=enfermero-emprendedor","title":{"rendered":"ENFERMERO EMPRENDEDOR"},"content":{"rendered":"<p>\u00bfSab\u00edas que la enfermer\u00eda no solo salva vidas, sino que tambi\u00e9n es un modelo de negocio muy rentable?<\/p>\n<p>Con el masterclass ENFERMERO EMPRENDEDOR<br \/>\npodr\u00e1s aprender todo lo que necesitas para atender emergencias m\u00e9dicas y hacer de este oficio un emprendimiento exitoso.<\/p>\n<p>\u00bfQU\u00c9 VAS A LOGRAR?<\/p>\n<p>Conocer\u00e1s los puntos anat\u00f3micos b\u00e1sicos para una adecuada atenci\u00f3n en salud.<\/p>\n<p>Obtendr\u00e1s conocimiento b\u00e1sico en par\u00e1metros vitales y evaluaci\u00f3n hemodin\u00e1mica.<\/p>\n<p>Sabr\u00e1s hacer una valoraci\u00f3n oportuna y eficiente de la escala de coma de Glasgow. <\/p>\n<p>Manejo de traumas como fracturas, luxaciones, desgarros y esguinces. <\/p>\n<p>Identificar\u00e1s los diferentes tipos de heridas en tejidos blandos, quemaduras y el adecuado control de hemorragias.<\/p>\n<p>Identificar\u00e1s eficazmente los diferentes estados del shock, sus causas y tratamientos.<\/p>\n<p>Identificar\u00e1s eficazmente los diferentes estados de la intoxicaci\u00f3n o envenenamiento y como tratarlo.<\/p>\n<p>Identificar\u00e1s eficazmente la obstrucci\u00f3n de la v\u00eda a\u00e9rea por cuerpo extra\u00f1o (OVACE) y la manera adecuada de realizar la maniobra de Heimlich.<\/p>\n<p>Tender\u00e1s conocimiento necesario para un adecuado manejo y abordaje inicial del paciente con protocolos del ABCDE y XABCDE del trauma. <\/p>\n<p>Aprender\u00e1s procesos de reanimaci\u00f3n efectiva basados en la actualizaci\u00f3n 2020 de la Asociaci\u00f3n Americana del Coraz\u00f3n (AHA).<\/p>\n<p>Tendr\u00e1s la capacidad de realizar una atenci\u00f3n b\u00e1sica en salud de personas lesionadas, curaci\u00f3n de heridas producidas por incidentes tales como ca\u00eddas, raspaduras, cortadas, etc.<\/p>\n<p>Podr\u00e1s atender situaciones traum\u00e1ticas como ca\u00eddas de alturas, accidentes laborales o de tr\u00e1nsito, accidentes dom\u00e9sticos, donde los pacientes presentes lesiones como fracturas, desgarros, esguinces o luxaciones.<\/p>\n<p>Apoyar\u00e1s en los protocolos de reanimaci\u00f3n y soporte b\u00e1sico de vida en paradas cardiacas tanto traum\u00e1ticas como patol\u00f3gicas.<\/p>\n<p>Acceder\u00e1s al certificado avalado por Hotmart y Seminarios Online.<\/p>\n<p>\u00bfC\u00d3MO LO VAS A LOGRAR?<\/p>\n<p>Todo lo anterior, a trav\u00e9s del siguiente contenido estructurado paso a paso:<\/p>\n<p>Video 1 Presentaci\u00f3n.<\/p>\n<p>Video 2 importancia del curso.<\/p>\n<p>Video 3 Modelo de negocio.<\/p>\n<p>Video 4 Historia de la organizaci\u00f3n.<\/p>\n<p>Video 5 Buenas pr\u00e1cticas de la organizaci\u00f3n.<\/p>\n<p>Video 6 gobernanza y faltas.<\/p>\n<p>Video 7 Implementos y equipos.<\/p>\n<p>Video 8 Costos equipos.<\/p>\n<p>Video 9 par\u00e1metros vitales.<\/p>\n<p>Video 10 ubicaci\u00f3n planos anal\u00f3gicos y signos vitales.<\/p>\n<p>Video 11 frecuencia respiratoria.<\/p>\n<p>Video 12 frecuencia cardiaca.<\/p>\n<p>Video 13 anatom\u00eda.<\/p>\n<p>Video 14 la c\u00e9lula.<\/p>\n<p>Video 15 llenado capilar.<\/p>\n<p>Video 16 temperatura corporal.<\/p>\n<p>Video 17 las articulaciones.<\/p>\n<p>Video 18 aparato circulatorio.<\/p>\n<p>Video 19 c\u00f3mo funciona la tensi\u00f3n arterial.<\/p>\n<p>Video 20 los m\u00fasculos.<\/p>\n<p>Video 21 esguince.<\/p>\n<p>Video 22 Columna vertebral.<\/p>\n<p>Video 23 desangrado y cuadro comparativo.<\/p>\n<p>Video 24 planos y ejes de movimiento.<\/p>\n<p>Video 25 traumas y fracturas.<\/p>\n<p>Video 26 luxaci\u00f3n.<\/p>\n<p>Video 27 heridas.<\/p>\n<p>Video 28 curaciones.<\/p>\n<p>Video 29 tratamiento de heridas.<\/p>\n<p>Video 30 hemorragias.<\/p>\n<p>Video 31 quemaduras.<\/p>\n<p>Video 32 manejo inicial paciente.<\/p>\n<p>Video 33 abordaje inicial de la emergencia.<\/p>\n<p>Video 34 evaluaci\u00f3n inicial.<\/p>\n<p>Video 35 v\u00eda a\u00e9rea.<\/p>\n<p>Video 36 ventilaci\u00f3n.<\/p>\n<p>Video 38 da\u00f1o neurol\u00f3gico.<\/p>\n<p>Video 39 exposici\u00f3n y control de hipotermia.<\/p>\n<p>Video 40 examen f\u00edsico.<\/p>\n<p>Video 41 cadena de supervivencia.<\/p>\n<p>Video 42 reanimaci\u00f3n.<\/p>\n<p>Video 43 recomendaciones.<\/p>\n<p>Video 44 tipos de shock y tratamiento.<\/p>\n<p>Video 45 BONO 1 intoxicaciones.<\/p>\n<p>Video 46 BONO 2 ovase o atragantamiento.<\/p>\n<p>ACERCA DEL PRODUCTOR<\/p>\n<p>Desarrollado por KEVIN MU\u00d1OZ; colombiano, emprendedor y con deseos de ense\u00f1ar a otros.<br \/>\nApasionado por las ciencias de la salud, t\u00e9cnico profesional en enfermer\u00eda, tecn\u00f3logo en atenci\u00f3n prehospitalaria e ingeniero biom\u00e9dico especialista en atenci\u00f3n del trauma, sistema comando de incidentes y soporte b\u00e1sico de vida con m\u00e1s de 12 a\u00f1os de experiencia en el sector.<br \/>\nHa trabajado en la operaci\u00f3n, coordinaci\u00f3n y gesti\u00f3n del riesgo de m\u00faltiples emergencias, en diferentes empresas de la salud, tanto hospitalarias como prehospitalarias y de socorro, adem\u00e1s, de manera independiente en la formaci\u00f3n y capacitaci\u00f3n en salud a brigadas institucionales escolares y empresariales.<\/p>\n","protected":false},"excerpt":{"rendered":"<p>\u00bfSab\u00edas que la enfermer\u00eda no solo salva vidas, sino que tambi\u00e9n es un modelo de negocio muy rentable?<\/p>\n<p>Con el masterclass ENFERMERO EMPRENDEDOR<br \/>\npodr\u00e1s aprender todo lo que necesitas para atender emergencias m\u00e9dicas y hacer de este oficio un emprendimiento exitoso.<\/p>\n","protected":false},"featured_media":4936,"template":"","meta":{"_joinchat":[]},"product_brand":[],"product_cat":[333,344],"product_tag":[],"class_list":{"0":"post-12964","1":"product","2":"type-product","3":"status-publish","4":"has-post-thumbnail","6":"product_cat-negocios-y-marketing","7":"product_cat-todos","9":"first","10":"instock","11":"sale","12":"shipping-taxable","13":"product-type-external"},"_links":{"self":[{"href":"https:\/\/cursos.talentup.cl\/index.php?rest_route=\/wp\/v2\/product\/12964","targetHints":{"allow":["GET"]}}],"collection":[{"href":"https:\/\/cursos.talentup.cl\/index.php?rest_route=\/wp\/v2\/product"}],"about":[{"href":"https:\/\/cursos.talentup.cl\/index.php?rest_route=\/wp\/v2\/types\/product"}],"version-history":[{"count":2,"href":"https:\/\/cursos.talentup.cl\/index.php?rest_route=\/wp\/v2\/product\/12964\/revisions"}],"predecessor-version":[{"id":14773,"href":"https:\/\/cursos.talentup.cl\/index.php?rest_route=\/wp\/v2\/product\/12964\/revisions\/14773"}],"wp:featuredmedia":[{"embeddable":true,"href":"https:\/\/cursos.talentup.cl\/index.php?rest_route=\/wp\/v2\/media\/4936"}],"wp:attachment":[{"href":"https:\/\/cursos.talentup.cl\/index.php?rest_route=%2Fwp%2Fv2%2Fmedia&parent=12964"}],"wp:term":[{"taxonomy":"product_brand","embeddable":true,"href":"https:\/\/cursos.talentup.cl\/index.php?rest_route=%2Fwp%2Fv2%2Fproduct_brand&post=12964"},{"taxonomy":"product_cat","embeddable":true,"href":"https:\/\/cursos.talentup.cl\/index.php?rest_route=%2Fwp%2Fv2%2Fproduct_cat&post=12964"},{"taxonomy":"product_tag","embeddable":true,"href":"https:\/\/cursos.talentup.cl\/index.php?rest_route=%2Fwp%2Fv2%2Fproduct_tag&post=12964"}],"curies":[{"name":"wp","href":"https:\/\/api.w.org\/{rel}","templated":true}]}}