{"id":12974,"date":"2023-01-10T04:41:33","date_gmt":"2023-01-10T07:41:33","guid":{"rendered":"https:\/\/cursos.talentup.cl\/?post_type=product&#038;p=12974"},"modified":"2024-02-07T23:38:20","modified_gmt":"2024-02-08T02:38:20","slug":"decoracion-navidena-como-negocio","status":"publish","type":"product","link":"https:\/\/cursos.talentup.cl\/?product=decoracion-navidena-como-negocio","title":{"rendered":"DECORACI\u00d3N NAVIDE\u00d1A COMO NEGOCIO"},"content":{"rendered":"<p>\u00bfSabes que la decoraci\u00f3n en \u00e9poca navide\u00f1a es una actividad muy rentable?<\/p>\n<p>Con el MasterClass DECORACI\u00d3N NAVIDE\u00d1A COMO NEGOCIO <\/p>\n<p>Aprender\u00e1s a realizar adornos navide\u00f1os esenciales para decorar cualquier espacio en navidad.<\/p>\n<p>\u00bfQU\u00c9 VAS A LOGRAR?<\/p>\n<p>Desarrollar una nueva habilidad aprendiendo a realizar art\u00edculos decorativos navide\u00f1os de diferentes tipos que te permitir\u00e1n decorar completamente cualquier espacio para ti o tus clientes.  <\/p>\n<p>Desarrollaras la habilidad de definir las decoraciones perfectas para cada, espacio y estilo deseado.<\/p>\n<p>Aprender\u00e1s la t\u00e9cnica para crear piezas decorativas navide\u00f1as.<\/p>\n<p>Tendr\u00e1s las bases para iniciar un negocio rentable de venta de arreglos navide\u00f1as para cualquier espacio o de decoraci\u00f3n de un lugar completo.<\/p>\n<p>Al final tendr\u00e1s todas las herramientas para realizar arreglos navide\u00f1os y montar toda la decoraci\u00f3n de un espacio en navidad de forma personalizada para ti o para tus clientes y esto te permitir\u00e1 desarrollar un negocio muy rentable.  <\/p>\n<p>Acceder\u00e1s al certificado avalado por Hotmart y Seminarios Online.<\/p>\n<p>\u00bfC\u00d3MO LO VAS A LOGRAR?<\/p>\n<p>A trav\u00e9s del siguiente contenido, estructurado paso a paso:<\/p>\n<p>Modulo No.1  <\/p>\n<p>Introducci\u00f3n<br \/>\nPresentaci\u00f3n del experto<br \/>\nTendencias<br \/>\n\u00bfC\u00f3mo definir los precios a cobrar? <\/p>\n<p>Modulo No. 2 <\/p>\n<p>Fantas\u00eda navide\u00f1a arreglo para piso o mesa<br \/>\nGuirnalda navide\u00f1a &#8211; arreglo para mesa o para colgar<br \/>\nBa\u00fal de la abuela &#8211; arreglo para mesa o piso<br \/>\nArreglo para espejo en guirnalda<br \/>\nArreglo navide\u00f1o con copas<br \/>\nBola porcelanicron<br \/>\n\u00c1rbol navide\u00f1o<br \/>\nTronco navide\u00f1o<br \/>\nPesebre<br \/>\nCorona<br \/>\n\u00bfC\u00f3mo montar una mesa navide\u00f1a?<br \/>\nMo\u00f1o de 3 orejas para \u00e1rbol<br \/>\nMo\u00f1o flor en cinta<br \/>\nMo\u00f1o con cinta malla<br \/>\nMo\u00f1o de 4 orejas con centro<br \/>\n\u00bfC\u00f3mo guardar los materiales?<br \/>\nTips y recomendaciones <\/p>\n<p>M\u00f3dulo No.3 (Material adicional &#8211; BONOS) <\/p>\n<p>Bono 1- arreglo de candelabros navide\u00f1os<br \/>\nBonos 2- mo\u00f1o 12 orejas <\/p>\n<p>M\u00f3dulo No.4 (Respuestas)<\/p>\n<p>Video Respuestas a preguntas frecuentes <\/p>\n<p>ACERCA DE LA PRODUCTORA<\/p>\n<p>Desarrollado por MARIELA PLAZA AGUDELO, decoradora profesional de la escuela iberoamericana de arte floral con m\u00e1s de 30 a\u00f1os de experiencia, su pasi\u00f3n es la decoraci\u00f3n de eventos y la realizaci\u00f3n de adornos en m\u00faltiples materiales, se desempe\u00f1a como decoradora en artes manuales de eventos ,tocados de novias, quincea\u00f1eras, florister\u00eda natural, decoraci\u00f3n y montaje de eventos, experta en tocados elaborados a mano en organdi suizo tela 100% algod\u00f3n; tambi\u00e9n trabaja tocados elaborados en piedras finas y alambre de oro golfi y plata.  <\/p>\n","protected":false},"excerpt":{"rendered":"<p>\u00bfSabes que la decoraci\u00f3n en \u00e9poca navide\u00f1a es una actividad muy rentable?<\/p>\n<p>Con el MasterClass DECORACI\u00d3N NAVIDE\u00d1A COMO NEGOCIO <\/p>\n<p>Aprender\u00e1s a realizar adornos navide\u00f1os esenciales para decorar cualquier espacio en navidad.<\/p>\n","protected":false},"featured_media":4946,"template":"","meta":{"_joinchat":[]},"product_brand":[],"product_cat":[333,344],"product_tag":[],"class_list":{"0":"post-12974","1":"product","2":"type-product","3":"status-publish","4":"has-post-thumbnail","6":"product_cat-negocios-y-marketing","7":"product_cat-todos","9":"first","10":"instock","11":"sale","12":"shipping-taxable","13":"product-type-external"},"_links":{"self":[{"href":"https:\/\/cursos.talentup.cl\/index.php?rest_route=\/wp\/v2\/product\/12974","targetHints":{"allow":["GET"]}}],"collection":[{"href":"https:\/\/cursos.talentup.cl\/index.php?rest_route=\/wp\/v2\/product"}],"about":[{"href":"https:\/\/cursos.talentup.cl\/index.php?rest_route=\/wp\/v2\/types\/product"}],"version-history":[{"count":2,"href":"https:\/\/cursos.talentup.cl\/index.php?rest_route=\/wp\/v2\/product\/12974\/revisions"}],"predecessor-version":[{"id":14782,"href":"https:\/\/cursos.talentup.cl\/index.php?rest_route=\/wp\/v2\/product\/12974\/revisions\/14782"}],"wp:featuredmedia":[{"embeddable":true,"href":"https:\/\/cursos.talentup.cl\/index.php?rest_route=\/wp\/v2\/media\/4946"}],"wp:attachment":[{"href":"https:\/\/cursos.talentup.cl\/index.php?rest_route=%2Fwp%2Fv2%2Fmedia&parent=12974"}],"wp:term":[{"taxonomy":"product_brand","embeddable":true,"href":"https:\/\/cursos.talentup.cl\/index.php?rest_route=%2Fwp%2Fv2%2Fproduct_brand&post=12974"},{"taxonomy":"product_cat","embeddable":true,"href":"https:\/\/cursos.talentup.cl\/index.php?rest_route=%2Fwp%2Fv2%2Fproduct_cat&post=12974"},{"taxonomy":"product_tag","embeddable":true,"href":"https:\/\/cursos.talentup.cl\/index.php?rest_route=%2Fwp%2Fv2%2Fproduct_tag&post=12974"}],"curies":[{"name":"wp","href":"https:\/\/api.w.org\/{rel}","templated":true}]}}