{"id":13029,"date":"2023-01-10T04:41:39","date_gmt":"2023-01-10T07:41:39","guid":{"rendered":"https:\/\/cursos.talentup.cl\/?post_type=product&#038;p=13029"},"modified":"2024-02-07T23:38:23","modified_gmt":"2024-02-08T02:38:23","slug":"drop-servicing","status":"publish","type":"product","link":"https:\/\/cursos.talentup.cl\/?product=drop-servicing","title":{"rendered":"DROP SERVICING"},"content":{"rendered":"<p>Quieres conocer los pasos para posicionarte c\u00f3mo la mejor opci\u00f3n en tu ciudad y construir un negocio s\u00f3lido, vendiendo servicios digitales a empresas locales que NECESITAN con urgencia personas que dominen esta habilidad?<\/p>\n<p>Con el MASTER CLASS DROP SERVICING, consigue un flujo constante de prospectos y clientes calificados con esta metodolog\u00eda comprobada.<\/p>\n<p>Aqu\u00ed aprender\u00e1s c\u00f3mo dise\u00f1ar y posicionar tu marca como la mejor opci\u00f3n para contratar m\u00faltiples servicios digitales, sin importar tu experiencia.<\/p>\n<p>\u00bfQU\u00c9 VAS A LOGRAR? <\/p>\n<p>Iniciar\u00e1s DESDE CERO una agencia de drop servicing con todos sus servicios y productos disponibles para compra inmediata (no importa que no tengas conocimiento o experiencia, yo me encargar\u00e9 de darte el paso a paso sin horas de relleno en contenido aburrido o desactualizado, te lo garantizo).<\/p>\n<p>Aprender\u00e1s la manera m\u00e1s f\u00e1cil y r\u00e1pida de conseguir tus primeros 3 clientes (avalado por el 92% de mis alumnos).<\/p>\n<p>Conocer\u00e1s todo el proceso automatizado gracias a las herramientas que yo mismo utilizo todos los d\u00edas, para que enfoques tu tiempo en nuevas estrategias de obtenci\u00f3n de clientes.<\/p>\n<p>Conocer\u00e1s el m\u00e9todo para hacer outsourcing efectivo y tercerizar el trabajo con freelancers expertos y profesionales, que te cobren solo una peque\u00f1a fracci\u00f3n de lo que tu cliente te pagar\u00e1 a ti.<\/p>\n<p>Sabr\u00e1s con precisi\u00f3n qu\u00e9 lenguaje y mensajes usar para negociar con tus clientes y lograr as\u00ed, relaciones comerciales a largo plazo.<\/p>\n<p>Acceder\u00e1s al certificado avalado por Hotmart y Seminarios Online.<\/p>\n<p>\u00bfC\u00d3MO LO VAS A LOGRAR?<\/p>\n<p>A trav\u00e9s del siguiente contenido estructurado paso a paso:<\/p>\n<p>M\u00f3dulo 1 &#8211; Introducci\u00f3n al Drop Servicing.<\/p>\n<p>1. Qu\u00e9 es el Drop Servicing y c\u00f3mo puedes ganar dinero con el.<br \/>\n2. \u00bfNecesitas invertir dinero para iniciar con el drop servicing?<br \/>\n3. Drop Servicing Vs Dropshipping.<br \/>\n4. Drop Servicing h\u00edbrido (t\u00fa haces parcialmente el trabajo).<br \/>\n5. Tipos de servicios que puedes ofrecer y cu\u00e1nto dinero puedes ganar.<\/p>\n<p>M\u00f3dulo 2 &#8211; Eligiendo tu servicio y contratando los mejores Freelancers.<\/p>\n<p>1. C\u00f3mo funcionan las plataformas de contrataci\u00f3n de Freelancers.<br \/>\n2. Contratando en Workana.<br \/>\n3. Contratando en Upwork.<br \/>\n4. Contratando en Fiverr.<br \/>\n5. El factor m\u00e1s determinante para contratar un-Freelancer.<br \/>\n6. Por qu\u00e9 elegir un nicho.<br \/>\n7. Eligiendo tu servicio y tu nicho.<br \/>\n8. Servicios donde entregas resultados Vs servicios donde entregas trabajo.<\/p>\n<p>M\u00f3dulo 3 &#8211; Creando tu tienda virtual de servicios.<\/p>\n<p>1. C\u00f3mo ordenar tu p\u00e1gina en Tu Web VIP.<br \/>\n2. Comprar tu dominio, hosting, instalar WordPress y tu plantilla.<br \/>\n3. Obtener enlaces de contacto de WhatsApp.<br \/>\n4. C\u00f3mo cobrar en l\u00ednea con Mercado pago.<\/p>\n<p>M\u00f3dulo 4 &#8211; Consiguiendo clientes f\u00e1cilmente para tu nuevo negocio.<\/p>\n<p>1. C\u00f3mo conseguir tu primer cliente (Gratis plantilla descargable para hacer auditor\u00edas a tus prospectos).<br \/>\n2. Generando clientes con Facebook.<br \/>\n3. Generando clientes con embudos de venta y publicidad pagada.<br \/>\n4. Upsell, vende m\u00e1s servicios a tu mismo cliente.<\/p>\n<p>M\u00f3dulo 5 &#8211; Entregando tu trabajo y atenci\u00f3n al cliente.<\/p>\n<p>1. C\u00f3mo entregar tu trabajo y c\u00f3mo atender a tu cliente.<br \/>\n2. Cobrando por tu servicio (Gratis plantilla descargable para hacer cotizaciones).<br \/>\n3. Pedir y pagar el trabajo al Freelancer.<br \/>\n4. Entregar el servicio a tu cliente.<br \/>\n5. C\u00f3mo escalar tu agencia con servicios de pago recurrentes.<\/p>\n<p>BONUS<\/p>\n<p>La estrategia Pomodoro para producir 3 veces m\u00e1s en el mismo tiempo.<br \/>\nC\u00f3mo certificarte con Google para dar m\u00e1s credibilidad a tus servicios.<br \/>\nC\u00f3mo certificarte con Facebook para dar m\u00e1s credibilidad a tus servicios.<\/p>\n<p>ACERCA DEL PRODUCTOR<\/p>\n<p>Desarrollado por Oscar Pe\u00f1a, ingeniero en electr\u00f3nica, ha hecho negocios por internet desde el a\u00f1o 2010 y comenz\u00f3 su negocio digital con marketing de afiliados y venta de servicios.<\/p>\n<p>\u25cf Es creador de decenas de cursos de marketing digital que abarcan temas como SEO, generaci\u00f3n de prospectos, embudos de ventas, dise\u00f1o web, dise\u00f1o gr\u00e1fico para no profesionales, creaci\u00f3n de negocio digitales, entre otros\u2026<\/p>\n<p>\u25cf En el a\u00f1o 2012 comenz\u00f3 a hacer negocios tradicionales y se involucr\u00f3 en el mundo de las PyMEs. Desde ese a\u00f1o se especializ\u00f3 en la generaci\u00f3n de clientes para empresas locales.<\/p>\n<p>\u25cf En 2017 fund\u00f3 la agencia M\u00e1s Ventas NET ofreciendo servicios como dise\u00f1o web, SEO local, publicidad en redes sociales, entre otros.<\/p>\n<p>\u25cf En 2020 alcanz\u00f3 la cifra de 10,000 estudiantes en sus plataformas de marketing digital.<\/p>\n","protected":false},"excerpt":{"rendered":"<p>Quieres conocer los pasos para posicionarte c\u00f3mo la mejor opci\u00f3n en tu ciudad y construir un negocio s\u00f3lido, vendiendo servicios digitales a empresas locales que NECESITAN con urgencia personas que dominen esta habilidad?<\/p>\n<p>Con el MASTER CLASS DROP SERVICING, consigue un flujo constante de prospectos y clientes calificados con esta metodolog\u00eda comprobada.<\/p>\n<p>Aqu\u00ed aprender\u00e1s c\u00f3mo dise\u00f1ar y posicionar tu marca como la mejor opci\u00f3n para contratar m\u00faltiples servicios digitales, sin importar tu experiencia.<\/p>\n","protected":false},"featured_media":4975,"template":"","meta":{"_joinchat":[]},"product_brand":[],"product_cat":[333,344],"product_tag":[],"class_list":{"0":"post-13029","1":"product","2":"type-product","3":"status-publish","4":"has-post-thumbnail","6":"product_cat-negocios-y-marketing","7":"product_cat-todos","9":"first","10":"instock","11":"sale","12":"shipping-taxable","13":"product-type-external"},"_links":{"self":[{"href":"https:\/\/cursos.talentup.cl\/index.php?rest_route=\/wp\/v2\/product\/13029","targetHints":{"allow":["GET"]}}],"collection":[{"href":"https:\/\/cursos.talentup.cl\/index.php?rest_route=\/wp\/v2\/product"}],"about":[{"href":"https:\/\/cursos.talentup.cl\/index.php?rest_route=\/wp\/v2\/types\/product"}],"version-history":[{"count":2,"href":"https:\/\/cursos.talentup.cl\/index.php?rest_route=\/wp\/v2\/product\/13029\/revisions"}],"predecessor-version":[{"id":14811,"href":"https:\/\/cursos.talentup.cl\/index.php?rest_route=\/wp\/v2\/product\/13029\/revisions\/14811"}],"wp:featuredmedia":[{"embeddable":true,"href":"https:\/\/cursos.talentup.cl\/index.php?rest_route=\/wp\/v2\/media\/4975"}],"wp:attachment":[{"href":"https:\/\/cursos.talentup.cl\/index.php?rest_route=%2Fwp%2Fv2%2Fmedia&parent=13029"}],"wp:term":[{"taxonomy":"product_brand","embeddable":true,"href":"https:\/\/cursos.talentup.cl\/index.php?rest_route=%2Fwp%2Fv2%2Fproduct_brand&post=13029"},{"taxonomy":"product_cat","embeddable":true,"href":"https:\/\/cursos.talentup.cl\/index.php?rest_route=%2Fwp%2Fv2%2Fproduct_cat&post=13029"},{"taxonomy":"product_tag","embeddable":true,"href":"https:\/\/cursos.talentup.cl\/index.php?rest_route=%2Fwp%2Fv2%2Fproduct_tag&post=13029"}],"curies":[{"name":"wp","href":"https:\/\/api.w.org\/{rel}","templated":true}]}}