{"id":13068,"date":"2023-01-10T04:41:44","date_gmt":"2023-01-10T07:41:44","guid":{"rendered":"https:\/\/cursos.talentup.cl\/?post_type=product&#038;p=13068"},"modified":"2024-02-07T23:38:25","modified_gmt":"2024-02-08T02:38:25","slug":"mujeres-net-power","status":"publish","type":"product","link":"https:\/\/cursos.talentup.cl\/?product=mujeres-net-power","title":{"rendered":"MUJERES NET POWER"},"content":{"rendered":"<p>Ser mujer, mam\u00e1, emprendedora y adem\u00e1s tener \u00e9xito en tu negocio ES POSIBLE.<\/p>\n<p>Con el programa NETWORKING PRO PARA MUJERES, genera los resultados que necesitas.<\/p>\n<p>Con un m\u00e9todo efectivo y comprobado, consigue prospectos calificados diarios usando Facebook, Whatsapp e Instagram mientras automatizas tu negocio.<\/p>\n<p>Con NETWORKING PRO PARA MUJERES deja de perseguir gente para que ellos te persigan a ti con t\u00e9cnicas de NEUROVENTAS, LIDERAZGO Y MARCA PERSONAL.<\/p>\n<p>\u00bfQU\u00c9 VAS A LOGRAR?<\/p>\n<p>Aprender\u00e1s dos m\u00e9todos EFECTIVOS para prospectar: el m\u00e9todo manual y el m\u00e9todo autom\u00e1tico.<\/p>\n<p>Aprender\u00e1s c\u00f3mo usar las redes sociales a tu favor y transformarte en una m\u00e1quina de la prospecci\u00f3n.<\/p>\n<p>Aprender\u00e1s c\u00f3mo dejar de perseguir gente y que ellos te sigan a ti.<\/p>\n<p>Aprender\u00e1s detalles de c\u00f3mo usar las 4 redes sociales m\u00e1s importantes.<\/p>\n<p>Desarrollar\u00e1s los h\u00e1bitos adecuados para tener un liderazgo personal y grupal.<\/p>\n<p>Aprender\u00e1s a organizar tu tiempo con el fin de priorizar tus metas y tener resultados.<\/p>\n<p>Aprender\u00e1s herramientas clave a desarrollar: neuroventas, marca personal y Storytelling.<\/p>\n<p>Acceder\u00e1s al certificado avalado por Hotmart y Seminarios Online.<\/p>\n<p>\u00bfC\u00d3MO LO VAS A LOGRAR?<\/p>\n<p>A trav\u00e9s de los siguientes videos:<\/p>\n<p>Video 1: Qui\u00e9n soy y porqu\u00e9 te puedo ayudar.<br \/>\nVideo 2: Temario de lo que vas a aprender.<br \/>\nVideo 3: Networking: El mejor modelo de negocios.<br \/>\nVideo 4: Mentalidad y liderazgo.<br \/>\nVideo 5: Planificaci\u00f3n del tiempo y matriz Eisenhauer.<br \/>\nVideo 6: Habilidades para desarrollar: Marca Personal.<br \/>\nVideo 7: Habilidades para desarrollar: Contar Historia Parte 1.<br \/>\nVideo 8: Habilidades para desarrollar: Contar Historia Parte 2.<br \/>\nVideo 9: Redes sociales en tu negocio.<br \/>\nVideo 10: Prospectar con m\u00e9todo manual.<br \/>\nVideo 11: C\u00f3mo usar Instagram para prospectar.<br \/>\nVideo 12: C\u00f3mo usar Linkedin para prospectar.<br \/>\nVideo 13: Prospectar con m\u00e9todo autom\u00e1tico.<\/p>\n<p>BONUS<\/p>\n<p>Bonus Track: Dise\u00f1os Pro con Canva para tu negocio.<br \/>\nBonus Track: Whatsapp Business: c\u00f3mo usarlo para tu negocio y como un embudo semi manual.<\/p>\n<p>ACERCA DE LA PRODUCTORA<\/p>\n<p>Desarrollado por FRANCISCA ESCOBAR, es Ingeniero Comercial, empresaria y mam\u00e1 de 4 hijos.<\/p>\n<p>Antes de emprender trabaj\u00f3 exitosamente en compa\u00f1\u00edas multinacionales como Procter &#038; Gamble y Wella Professionals. Luego, fund\u00f3 varias empresas, siendo \u201cMi Primer Regalo\u201d la m\u00e1s exitosa y por la cual tuvo diferentes apariciones en medios y la hizo finalista del premio joven emprendedora de Chile.<\/p>\n<p>En su compa\u00f1\u00eda de Networking ha logrado el rango m\u00e1s alto, inspirando y ense\u00f1ando a m\u00e1s de 1.500 emprendedoras a lograr sus metas.<\/p>\n<p>Hoy en d\u00eda, junto con su negocio de networking, es influencer en emprendimiento y negocios digitales.<\/p>\n<p>Aprender de la mano de Francisca, al tomar este curso, quedar\u00e1s con acceso libre a todas sus actualizaciones y consejos que puedan entregarse de manera gratuita.<\/p>\n<p>Francisca es una apasionada de ayudar a otras mujeres a desarrollarse profesionalmente sin descuidar sus familias y sus propias vidas.<\/p>\n","protected":false},"excerpt":{"rendered":"<p>Ser mujer, mam\u00e1, emprendedora y adem\u00e1s tener \u00e9xito en tu negocio ES POSIBLE.<\/p>\n<p>Con el programa NETWORKING PRO PARA MUJERES, genera los resultados que necesitas.<\/p>\n<p>Con un m\u00e9todo efectivo y comprobado, consigue prospectos calificados diarios usando Facebook, Whatsapp e Instagram mientras automatizas tu negocio.<\/p>\n<p>Con NETWORKING PRO PARA MUJERES deja de perseguir gente para que ellos te persigan a ti con t\u00e9cnicas de NEUROVENTAS, LIDERAZGO Y MARCA PERSONAL.<\/p>\n","protected":false},"featured_media":4986,"template":"","meta":{"_joinchat":[]},"product_brand":[],"product_cat":[333,344],"product_tag":[],"class_list":{"0":"post-13068","1":"product","2":"type-product","3":"status-publish","4":"has-post-thumbnail","6":"product_cat-negocios-y-marketing","7":"product_cat-todos","9":"first","10":"instock","11":"sale","12":"shipping-taxable","13":"product-type-external"},"_links":{"self":[{"href":"https:\/\/cursos.talentup.cl\/index.php?rest_route=\/wp\/v2\/product\/13068","targetHints":{"allow":["GET"]}}],"collection":[{"href":"https:\/\/cursos.talentup.cl\/index.php?rest_route=\/wp\/v2\/product"}],"about":[{"href":"https:\/\/cursos.talentup.cl\/index.php?rest_route=\/wp\/v2\/types\/product"}],"version-history":[{"count":2,"href":"https:\/\/cursos.talentup.cl\/index.php?rest_route=\/wp\/v2\/product\/13068\/revisions"}],"predecessor-version":[{"id":14822,"href":"https:\/\/cursos.talentup.cl\/index.php?rest_route=\/wp\/v2\/product\/13068\/revisions\/14822"}],"wp:featuredmedia":[{"embeddable":true,"href":"https:\/\/cursos.talentup.cl\/index.php?rest_route=\/wp\/v2\/media\/4986"}],"wp:attachment":[{"href":"https:\/\/cursos.talentup.cl\/index.php?rest_route=%2Fwp%2Fv2%2Fmedia&parent=13068"}],"wp:term":[{"taxonomy":"product_brand","embeddable":true,"href":"https:\/\/cursos.talentup.cl\/index.php?rest_route=%2Fwp%2Fv2%2Fproduct_brand&post=13068"},{"taxonomy":"product_cat","embeddable":true,"href":"https:\/\/cursos.talentup.cl\/index.php?rest_route=%2Fwp%2Fv2%2Fproduct_cat&post=13068"},{"taxonomy":"product_tag","embeddable":true,"href":"https:\/\/cursos.talentup.cl\/index.php?rest_route=%2Fwp%2Fv2%2Fproduct_tag&post=13068"}],"curies":[{"name":"wp","href":"https:\/\/api.w.org\/{rel}","templated":true}]}}